From mboxrd@z Thu Jan 1 00:00:00 1970 Return-Path: Received: from mails.dpdk.org (mails.dpdk.org [217.70.189.124]) by inbox.dpdk.org (Postfix) with ESMTP id BBDA04679C for ; Tue, 20 May 2025 10:09:22 +0200 (CEST) Received: from mails.dpdk.org (localhost [127.0.0.1]) by mails.dpdk.org (Postfix) with ESMTP id 96CE7402CA; Tue, 20 May 2025 10:09:22 +0200 (CEST) Received: from mail-pg1-f226.google.com (mail-pg1-f226.google.com [209.85.215.226]) by mails.dpdk.org (Postfix) with ESMTP id C0363402AE for ; Tue, 20 May 2025 10:09:20 +0200 (CEST) Received: by mail-pg1-f226.google.com with SMTP id 41be03b00d2f7-b1ff9b276c2so3214589a12.1 for ; Tue, 20 May 2025 01:09:20 -0700 (PDT) DKIM-Signature: v=1; a=rsa-sha256; c=relaxed/relaxed; d=iol.unh.edu; s=unh-iol; t=1747728560; x=1748333360; darn=dpdk.org; h=cc:to:from:subject:message-id:date:from:to:cc:subject:date :message-id:reply-to; bh=J2j+3QXaPbociaujf/kS9IJV6d7tqyFggbXg5lVJlC8=; b=RSEOJx3FFlGCCnWxHRtLQ7gjtCSVQav9LNiyLH2cGqNuUO9U4zLoUpH3fIk4liDp+b 2b+6LemyMgYh9Fz+RJy90YsdfRzbm/cOCKFQlBNsFGdimu0XiIJFwgvJ3hVaMETBGaVB 85MQUlxb2dVLzsYQe/3i5NkFEyNXuFDgYJjKc= X-Google-DKIM-Signature: v=1; a=rsa-sha256; c=relaxed/relaxed; d=1e100.net; s=20230601; t=1747728560; x=1748333360; h=cc:to:from:subject:message-id:date:x-gm-message-state:from:to:cc :subject:date:message-id:reply-to; bh=J2j+3QXaPbociaujf/kS9IJV6d7tqyFggbXg5lVJlC8=; b=THcMW2EbWPVStbKkrcgSCjjz07DNe+IRzFcQvleR69wD4dTJivc9o+zh7wy36HDhNf 5LnBIxBRmbLW8gdgvPKl2HBF87I5DIIqsV0Ze7xDk9derA4zaCIemSPLJV/PF7DctepH JRQa7GsuTzjdeh/EsAKxnq+wwplNZ8N8tvKw5SMR9MbMFy8qPQvv3E2uAFzFuV9X5N9p Pl7SI8QlWWM9clZIvNXOyIQTjaceyzwjpWwfVL775eKEKZpTEIGlznB+itmuK1qUOgGV ++Cb0P8YKa+3hyX1vWy7z6UzPwU1BCI52naHjjTYXpz3btvV966OmTXHAoNiLA1hGr/h h1Gg== X-Gm-Message-State: AOJu0YzIIykgY2e6LxCpb/14vJBYxtKUdEOxmm6SBitIJT7iIqxvchgh EgTTWu65PMbAmnsDQ1RNVEqpHMlAbl1MAulmyPXPqXrOmH2swLbdoOK8DNsfsb8OoSN5P4yaiXw c7nkNuhhD8Hdd/Arh/T6vZXyDeWQe5JlHfGxstFkSo4elm3byWdeu X-Gm-Gg: ASbGnct8wGZ+TUHy1dOLUPWt2RsTvGVYx/QoR9fpDz+lHRt5laBP7M4A3Itz2rKmxmc Vq1rWfWjk+9oS25VdG8jdDw6C0uo0/AjiWplxZK8fQ619mcxh/lx770N29Ou4qh4vEgPQXLzrb0 8smVVYTxZwi5PQbZeBRqP1rLIZZc/EVB1swdLWG5y3vnd5OkkZT2LzuDdaYqhCun+uFCuC+Z/7K NCNeebmbudIRZ9R+lYTDHOK2+m1jUPcKSk35RI1ltdiuBi1YoCflqewBcRk2yURRIP9b8iLx7qa vd19W/6l2SsNTIfz3Ft6DZko1C/ERk/ApQTD X-Google-Smtp-Source: AGHT+IHFlAyOmPp8mM+Tux4cvLJkx5cmgK1iWaBE5V35bC3GhUDlOAOajQ+y3VY+wtk10OdSHpE/mnvRGCU1 X-Received: by 2002:a05:6a20:a107:b0:215:edf7:c8f2 with SMTP id adf61e73a8af0-216218e66bfmr21584825637.16.1747728559853; Tue, 20 May 2025 01:09:19 -0700 (PDT) Received: from postal.iol.unh.edu (postal.iol.unh.edu. [2606:4100:3880:1234::84]) by smtp-relay.gmail.com with ESMTPS id 41be03b00d2f7-b26eb09ffcfsm274878a12.25.2025.05.20.01.09.19 (version=TLS1_2 cipher=ECDHE-ECDSA-AES128-GCM-SHA256 bits=128/128); Tue, 20 May 2025 01:09:19 -0700 (PDT) X-Relaying-Domain: iol.unh.edu Date: Tue, 20 May 2025 01:09:19 -0700 (PDT) Message-ID: <682c38af.050a0220.26cb08.de6cSMTPIN_ADDED_MISSING@mx.google.com> Received: from [172.21.0.5] (unknown [172.18.0.240]) by postal.iol.unh.edu (Postfix) with ESMTP id 07BF86052471; Tue, 20 May 2025 04:09:19 -0400 (EDT) Subject: |FAILURE| [GIT MASTER] 4401486b5e30d43a134f80f9802f60b5f43e74a8 From: dpdklab@iol.unh.edu To: Test Report Cc: dpdk-test-reports@iol.unh.edu, Xueming Li , Christian Ehrhardt , Kevin Traynor , Luca Boccassi Content-Type: text/plain X-BeenThere: test-report@dpdk.org X-Mailman-Version: 2.1.29 Precedence: list List-Id: automatic DPDK test reports List-Unsubscribe: , List-Archive: List-Post: List-Help: List-Subscribe: , Errors-To: test-report-bounces@dpdk.org _Testing issues_ Branch: tags/v22.11 4401486b5e30d43a134f80f9802f60b5f43e74a8 --> testing issues Upstream job id: Generic-Unit-Test-DPDK#339225 Test environment and result as below: +---------------------+----------------+ | Environment | dpdk_unit_test | +=====================+================+ | Fedora 41 | PEND | +---------------------+----------------+ | Fedora 40 (Clang) | FAIL | +---------------------+----------------+ | Ubuntu 20.04 | PASS | +---------------------+----------------+ | CentOS Stream 10 | PEND | +---------------------+----------------+ | Fedora 41 (Clang) | FAIL | +---------------------+----------------+ | Ubuntu 24.04 | PEND | +---------------------+----------------+ | Ubuntu 22.04 | PEND | +---------------------+----------------+ | CentOS Stream 9 | PEND | +---------------------+----------------+ | Fedora 40 | PEND | +---------------------+----------------+ | RHEL9 | PEND | +---------------------+----------------+ | RHEL8 | PEND | +---------------------+----------------+ | Debian 12 | PEND | +---------------------+----------------+ | Windows Server 2022 | FAIL | +---------------------+----------------+ ==== Unit test summary for Windows Server 2022 (dpdk_unit_test): ==== Failed to get the unit test results. Displaying the unit test results is not supported for some environments, such as our aarch32 testing, where meson is not used to run the tests. Download the logs available on our CI site. ==== End log output ==== Fedora 41 Kernel: Depends on container host Compiler: gcc 14.2.1 20240912 (Red Hat 14.2.1-3) Fedora 40 (Clang) Kernel: Depends on container host Compiler: clang 18.1.8 (Fedora 18.1.8-1.fc40) Ubuntu 20.04 Kernel: Depends on container host Compiler: gcc (Ubuntu 9.4.0-1ubuntu1~20.04.2) 9.4.0 CentOS Stream 10 Kernel: Depends on container host Compiler: gcc 14.2.1 20241104 (Red Hat 14.2.1-6) Fedora 41 (Clang) Kernel: Depends on container host Compiler: clang 19.1.5 (Fedora 19.1.5-1.fc41) Ubuntu 24.04 Kernel: Depends on container host Compiler: gcc (Ubuntu 13.3.0-6ubuntu2~24.04) 13.3.0 Ubuntu 22.04 Kernel: Depends on container host Compiler: gcc (Ubuntu 11.4.0-1ubuntu1~22.04) 11.4.0 CentOS Stream 9 Kernel: Depends on container host Compiler: gcc 11.5.0 20240719 (Red Hat 11.5.0-2) Fedora 40 Kernel: Depends on container host Compiler: gcc 14.2.1 20240912 (Red Hat 14.2.1-3) RHEL9 Kernel: Depends on container host Compiler: gcc 11.5.0 20240719 (Red Hat 11.5.0-2) RHEL8 Kernel: Depends on container host Compiler: gcc 8.5.0 20210514 (Red Hat 8.5.0-22) Debian 12 Kernel: Depends on container host Compiler: gcc (Debian 12.2.0-14) 12.2.0 Windows Server 2022 Kernel: 10.0.20348.2031 Compiler: clang 15.0.7, gcc 14.1.0 (MinGW), and MSVC VS 19.39.33521 To view detailed results, visit: https://lab.dpdk.org/results/dashboard/tarballs/33587/ UNH-IOL DPDK Community Lab To manage your email subscriptions, visit: https://lab.dpdk.org/results/dashboard/preferences/subscriptions/