From mboxrd@z Thu Jan 1 00:00:00 1970 Return-Path: Received: from mails.dpdk.org (mails.dpdk.org [217.70.189.124]) by inbox.dpdk.org (Postfix) with ESMTP id B5FE84679C for ; Tue, 20 May 2025 10:09:59 +0200 (CEST) Received: from mails.dpdk.org (localhost [127.0.0.1]) by mails.dpdk.org (Postfix) with ESMTP id AF149402CA; Tue, 20 May 2025 10:09:59 +0200 (CEST) Received: from mail-pg1-f225.google.com (mail-pg1-f225.google.com [209.85.215.225]) by mails.dpdk.org (Postfix) with ESMTP id 657FA402AE for ; Tue, 20 May 2025 10:09:59 +0200 (CEST) Received: by mail-pg1-f225.google.com with SMTP id 41be03b00d2f7-af548cb1f83so4805125a12.3 for ; Tue, 20 May 2025 01:09:59 -0700 (PDT) DKIM-Signature: v=1; a=rsa-sha256; c=relaxed/relaxed; d=iol.unh.edu; s=unh-iol; t=1747728598; x=1748333398; darn=dpdk.org; h=cc:to:from:subject:message-id:date:from:to:cc:subject:date :message-id:reply-to; bh=msAhXaQRsa/NfSyWPkLfr9twMDATA8rCANCRSkmcWmg=; b=VqYWCF5U8PtE3FvQzhrLBn19/6XtgW/OdAm85Mt0pozVD2Km8e6KWCxZhsYxaXcppu KG3sWbvb5ayGtCWdGmiQd7vdEV8Be+Io0VY8OOzhOHsqNRZPsm8MSYkhVSZppEqUyosN o2X/JorLfS85hA0elUK5BZkfdDhi6APjVihN4= X-Google-DKIM-Signature: v=1; a=rsa-sha256; c=relaxed/relaxed; d=1e100.net; s=20230601; t=1747728598; x=1748333398; h=cc:to:from:subject:message-id:date:x-gm-message-state:from:to:cc :subject:date:message-id:reply-to; bh=msAhXaQRsa/NfSyWPkLfr9twMDATA8rCANCRSkmcWmg=; b=rj92hMfLkT4NVc4e0/szVtVOwC9fU7aqu0YtrOxVuW/CyfSIRCLsecWrXYiixZUDLq yROv6qV6UvNOWL7JALaXO2zXBDvF3AG4LSiAuZub0FUGEQBlTT2GFh2M/Dp23on2QT12 NAWJVcL0ig92cpaCssbkp+uBvVz+jxJxrHVZxpuQHbNXBG/SfGfeid1KU0/H92fEkpCJ XBEuE/MOpbA2IHJ54dA8BR3jaiHgoo6UVg7gCx3AmEoqEXm3v141CPKZqf8lHBMYldlg xPVM62U8CSbEIhXV5PTVX1fEMSi492+tP5Xj6U2aXNjXzxWQz1vAhhh53Y60F2I5r7y9 TeiQ== X-Gm-Message-State: AOJu0YwIKIXc5W+XdslZKWLHJp/R+fpRIr1czs1XKwnuBwN2PxFjHbKf HHMf0a7iyCmO1TZZ8+GIWQhrYIC+xHzo37jKFvOgjR/ajSxfYWOGAKsuFUXkWSf/54QIoaBYOgJ OP6kjnVHt5cVNHJ03oLxNtl5DRsXFY7EXAsaP X-Gm-Gg: ASbGncvJNXgUh2XyhXOUyuGFp6qvG4te+HqdKJBFXJ1BJXJX5QnIlhVn2SjCXs22Gx1 4+WsxkVwFuGIcGSaMwo5mNx3NutdkYjOXsUCi6yxwO8DxOoB9SkI7CNq6zY9oK7A6JD9mktWhaH hyXrLl+ipuAG+REIXfim3atlZbop6ATHawsMnUVxy+FsmQhiKvMXTsfY0D+a9KhnRQreqRBNf/e TiuniOYQ6XIhp/N8C7C3ONrNGkufsynTA9Hr1FJC51opzCQBGgXEoCfw/g8BvUQ0qjtcmJLbSqf IBPvs9INqCo9oyLyjhHWiXr5+kS0Z+0iB5dNvIcuxgbhTyxddcVuZ7h4kr4= X-Google-Smtp-Source: AGHT+IFVzaSB5AjVf8DRcglD0YJyvbwsWK1NKCsKaTlJ4mUR44xcviHcjdKX6Y0W3RFMeeHVfbP41mQuYx5L X-Received: by 2002:a17:903:b8f:b0:223:5c33:56a8 with SMTP id d9443c01a7336-231de3ae54fmr253131085ad.35.1747728598587; Tue, 20 May 2025 01:09:58 -0700 (PDT) Received: from postal.iol.unh.edu (postal.iol.unh.edu. [132.177.123.84]) by smtp-relay.gmail.com with ESMTPS id d9443c01a7336-231d4ebb0c7sm4855515ad.114.2025.05.20.01.09.58 (version=TLS1_2 cipher=ECDHE-ECDSA-AES128-GCM-SHA256 bits=128/128); Tue, 20 May 2025 01:09:58 -0700 (PDT) X-Relaying-Domain: iol.unh.edu Date: Tue, 20 May 2025 01:09:58 -0700 (PDT) Message-ID: <682c38d6.170a0220.1b61c7.a313SMTPIN_ADDED_MISSING@mx.google.com> Received: from [172.21.0.5] (unknown [172.18.0.240]) by postal.iol.unh.edu (Postfix) with ESMTP id ACF096052471; Tue, 20 May 2025 04:09:57 -0400 (EDT) Subject: |FAILURE| [GIT MASTER] 4401486b5e30d43a134f80f9802f60b5f43e74a8 From: dpdklab@iol.unh.edu To: Test Report Cc: dpdk-test-reports@iol.unh.edu, Xueming Li , Christian Ehrhardt , Kevin Traynor , Luca Boccassi Content-Type: text/plain X-BeenThere: test-report@dpdk.org X-Mailman-Version: 2.1.29 Precedence: list List-Id: automatic DPDK test reports List-Unsubscribe: , List-Archive: List-Post: List-Help: List-Subscribe: , Errors-To: test-report-bounces@dpdk.org _Testing issues_ Branch: tags/v22.11 4401486b5e30d43a134f80f9802f60b5f43e74a8 --> testing issues Upstream job id: Generic-Unit-Test-DPDK#339223 Test environment and result as below: +---------------------+----------------+ | Environment | dpdk_unit_test | +=====================+================+ | Fedora 41 | PEND | +---------------------+----------------+ | Fedora 40 (Clang) | FAIL | +---------------------+----------------+ | Ubuntu 20.04 | PASS | +---------------------+----------------+ | CentOS Stream 10 | PEND | +---------------------+----------------+ | Fedora 41 (Clang) | FAIL | +---------------------+----------------+ | Ubuntu 24.04 | PEND | +---------------------+----------------+ | Ubuntu 22.04 | PEND | +---------------------+----------------+ | CentOS Stream 9 | PEND | +---------------------+----------------+ | Fedora 40 | PEND | +---------------------+----------------+ | RHEL9 | PEND | +---------------------+----------------+ | RHEL8 | PEND | +---------------------+----------------+ | Debian 12 | PEND | +---------------------+----------------+ | Windows Server 2022 | FAIL | +---------------------+----------------+ ==== Unit test summary for Windows Server 2022 (dpdk_unit_test): ==== Failed to get the unit test results. Displaying the unit test results is not supported for some environments, such as our aarch32 testing, where meson is not used to run the tests. Download the logs available on our CI site. ==== End log output ==== Fedora 41 Kernel: Depends on container host Compiler: gcc 14.2.1 20240912 (Red Hat 14.2.1-3) Fedora 40 (Clang) Kernel: Depends on container host Compiler: clang 18.1.8 (Fedora 18.1.8-1.fc40) Ubuntu 20.04 Kernel: Depends on container host Compiler: gcc (Ubuntu 9.4.0-1ubuntu1~20.04.2) 9.4.0 CentOS Stream 10 Kernel: Depends on container host Compiler: gcc 14.2.1 20241104 (Red Hat 14.2.1-6) Fedora 41 (Clang) Kernel: Depends on container host Compiler: clang 19.1.5 (Fedora 19.1.5-1.fc41) Ubuntu 24.04 Kernel: Depends on container host Compiler: gcc (Ubuntu 13.3.0-6ubuntu2~24.04) 13.3.0 Ubuntu 22.04 Kernel: Depends on container host Compiler: gcc (Ubuntu 11.4.0-1ubuntu1~22.04) 11.4.0 CentOS Stream 9 Kernel: Depends on container host Compiler: gcc 11.5.0 20240719 (Red Hat 11.5.0-2) Fedora 40 Kernel: Depends on container host Compiler: gcc 14.2.1 20240912 (Red Hat 14.2.1-3) RHEL9 Kernel: Depends on container host Compiler: gcc 11.5.0 20240719 (Red Hat 11.5.0-2) RHEL8 Kernel: Depends on container host Compiler: gcc 8.5.0 20210514 (Red Hat 8.5.0-22) Debian 12 Kernel: Depends on container host Compiler: gcc (Debian 12.2.0-14) 12.2.0 Windows Server 2022 Kernel: 10.0.20348.2031 Compiler: clang 15.0.7, gcc 14.1.0 (MinGW), and MSVC VS 19.39.33521 To view detailed results, visit: https://lab.dpdk.org/results/dashboard/tarballs/33587/ UNH-IOL DPDK Community Lab To manage your email subscriptions, visit: https://lab.dpdk.org/results/dashboard/preferences/subscriptions/