From mboxrd@z Thu Jan 1 00:00:00 1970 Return-Path: Received: from mails.dpdk.org (mails.dpdk.org [217.70.189.124]) by inbox.dpdk.org (Postfix) with ESMTP id 96AD44679C for ; Tue, 20 May 2025 10:19:16 +0200 (CEST) Received: from mails.dpdk.org (localhost [127.0.0.1]) by mails.dpdk.org (Postfix) with ESMTP id 7F282402CA; Tue, 20 May 2025 10:19:16 +0200 (CEST) Received: from mail-qv1-f100.google.com (mail-qv1-f100.google.com [209.85.219.100]) by mails.dpdk.org (Postfix) with ESMTP id 725D7402AE for ; Tue, 20 May 2025 10:19:15 +0200 (CEST) Received: by mail-qv1-f100.google.com with SMTP id 6a1803df08f44-6f8d4375aa5so14539866d6.0 for ; Tue, 20 May 2025 01:19:15 -0700 (PDT) DKIM-Signature: v=1; a=rsa-sha256; c=relaxed/relaxed; d=iol.unh.edu; s=unh-iol; t=1747729155; x=1748333955; darn=dpdk.org; h=cc:to:from:subject:message-id:date:from:to:cc:subject:date :message-id:reply-to; bh=sJk473KJlLHYPk5YTy2wFN+kyovNtIrxhv+jwYBolHE=; b=W7l+/xELqhx/qfhp3nutigklf1YHpW34o5QzdU6dc0yruntj1TVi3OEJUQrhbtYeOV h7AOyFFZmurrUI6+7UxJiSdaGuyAZ0wYJaFw7wsfC8ShtM8byO23092MSWUJVBEEqXV7 efB3yOK5hlYSAB0ZAWA//fD4po1bVtud25C2A= X-Google-DKIM-Signature: v=1; a=rsa-sha256; c=relaxed/relaxed; d=1e100.net; s=20230601; t=1747729155; x=1748333955; h=cc:to:from:subject:message-id:date:x-gm-message-state:from:to:cc :subject:date:message-id:reply-to; bh=sJk473KJlLHYPk5YTy2wFN+kyovNtIrxhv+jwYBolHE=; b=cnLmFDRgKL2F/M17nTzXpzhzk8LjUNCfd5M/oG+bsqHvKLiJwEPr7lbEMYmGMmjxuT 6VhaVutOyRqfSKInP01sBXWlzeKk9lHhl2dnF4UNmyzN3xXED6aKLBYGTH3Bzq1Q9Xh7 sLnnRNATHjXfGzICE8gWg2kQLlhESz7afIODjOzAgN1k2tND46WDiJwDPgvFs8m3E0HX o1dKNPGfeT6TXBnd75SDxoS8iNj18OYtWaXQ6RgxkB8tU+fx2pQ3pTOxn0f+Z5Xc4QGH pwSdrodX74KG3zvCRNaNaqgsTUEvDLDXAsxV69mT6qubK0g1DiJLf+6/P2eZWHLMb1jd ED3g== X-Gm-Message-State: AOJu0Yz5bckKN2N2DSVnJt0JiOMmWrOCu9rDoxdLgZESiFbnXOC7++Zk GbjEs2QRKgLS8DoqW6XPs5JUfx6Ju4Lyf+zmocy1420sE0NwdtLESBsCPeru8rCRCS4dtu54jkJ JrCEt1T44e539OKgkyDwJGuntZZ98OArdKIMrz7ZeaL2q1gLChbsx X-Gm-Gg: ASbGnctqouRXmHmE3ZOL0Ck6g0PfUfB4hDdqbmh1vuBa0NAalT+JgnoRh/lZ4AUTtRH QW22IuFGC/7bFylSDNuXffNZZaO+XGlomh+we4QSkPBQUtZ9oX2NYyE+1uLGYVtym9xbS517bu7 LeP5ksM6wTqe3cYkC9MYXQ814h9i7XPAzmKnl3L7x3z52MtvI77K/cWqbnPdJfXLxM3pxFAivnp e0HNfNwSCFltbLRbF+HNhgH1XO6GERTBHLgNy6377FimFsjVdkejrFsXbCZq8QeN4oeATCD3xmq /yy7w+IwXAoFXATL60D92S6QFN+EoDp1gub4 X-Google-Smtp-Source: AGHT+IHg7CM84DBF9Bd2ZKN+ZFuyCfuAIvKVBS4NQahtVz49o46ekkEaW+bq6fjWRLJYunrBfUcjaRhT9mBk X-Received: by 2002:ad4:5cca:0:b0:6f5:e80:ac69 with SMTP id 6a1803df08f44-6f8b0902994mr252513296d6.29.1747729154626; Tue, 20 May 2025 01:19:14 -0700 (PDT) Received: from postal.iol.unh.edu (postal.iol.unh.edu. [2606:4100:3880:1234::84]) by smtp-relay.gmail.com with ESMTPS id 6a1803df08f44-6f8b5ac35ecsm3073456d6.64.2025.05.20.01.19.14 (version=TLS1_2 cipher=ECDHE-ECDSA-AES128-GCM-SHA256 bits=128/128); Tue, 20 May 2025 01:19:14 -0700 (PDT) X-Relaying-Domain: iol.unh.edu Date: Tue, 20 May 2025 01:19:14 -0700 (PDT) Message-ID: <682c3b02.050a0220.1b7807.082dSMTPIN_ADDED_MISSING@mx.google.com> Received: from [172.21.0.5] (unknown [172.18.0.240]) by postal.iol.unh.edu (Postfix) with ESMTP id 57D926052471; Tue, 20 May 2025 04:19:14 -0400 (EDT) Subject: |FAILURE| [GIT MASTER] 4401486b5e30d43a134f80f9802f60b5f43e74a8 From: dpdklab@iol.unh.edu To: Test Report Cc: dpdk-test-reports@iol.unh.edu, Xueming Li , Christian Ehrhardt , Kevin Traynor , Luca Boccassi Content-Type: text/plain X-BeenThere: test-report@dpdk.org X-Mailman-Version: 2.1.29 Precedence: list List-Id: automatic DPDK test reports List-Unsubscribe: , List-Archive: List-Post: List-Help: List-Subscribe: , Errors-To: test-report-bounces@dpdk.org _Testing issues_ Branch: tags/v22.11 4401486b5e30d43a134f80f9802f60b5f43e74a8 --> testing issues Upstream job id: Generic-Unit-Test-DPDK#339229 Test environment and result as below: +---------------------+----------------+ | Environment | dpdk_unit_test | +=====================+================+ | Fedora 41 | FAIL | +---------------------+----------------+ | Fedora 40 (Clang) | FAIL | +---------------------+----------------+ | Ubuntu 20.04 | PASS | +---------------------+----------------+ | CentOS Stream 10 | PEND | +---------------------+----------------+ | Fedora 41 (Clang) | FAIL | +---------------------+----------------+ | Ubuntu 24.04 | PEND | +---------------------+----------------+ | Ubuntu 22.04 | FAIL | +---------------------+----------------+ | CentOS Stream 9 | PEND | +---------------------+----------------+ | Fedora 40 | PEND | +---------------------+----------------+ | RHEL9 | PEND | +---------------------+----------------+ | RHEL8 | PEND | +---------------------+----------------+ | Debian 12 | PEND | +---------------------+----------------+ | Windows Server 2022 | FAIL | +---------------------+----------------+ ==== Unit test summary for Windows Server 2022 (dpdk_unit_test): ==== Failed to get the unit test results. Displaying the unit test results is not supported for some environments, such as our aarch32 testing, where meson is not used to run the tests. Download the logs available on our CI site. ==== End log output ==== Fedora 41 Kernel: Depends on container host Compiler: gcc 14.2.1 20240912 (Red Hat 14.2.1-3) Fedora 40 (Clang) Kernel: Depends on container host Compiler: clang 18.1.8 (Fedora 18.1.8-1.fc40) Ubuntu 20.04 Kernel: Depends on container host Compiler: gcc (Ubuntu 9.4.0-1ubuntu1~20.04.2) 9.4.0 CentOS Stream 10 Kernel: Depends on container host Compiler: gcc 14.2.1 20241104 (Red Hat 14.2.1-6) Fedora 41 (Clang) Kernel: Depends on container host Compiler: clang 19.1.5 (Fedora 19.1.5-1.fc41) Ubuntu 24.04 Kernel: Depends on container host Compiler: gcc (Ubuntu 13.3.0-6ubuntu2~24.04) 13.3.0 Ubuntu 22.04 Kernel: Depends on container host Compiler: gcc (Ubuntu 11.4.0-1ubuntu1~22.04) 11.4.0 CentOS Stream 9 Kernel: Depends on container host Compiler: gcc 11.5.0 20240719 (Red Hat 11.5.0-2) Fedora 40 Kernel: Depends on container host Compiler: gcc 14.2.1 20240912 (Red Hat 14.2.1-3) RHEL9 Kernel: Depends on container host Compiler: gcc 11.5.0 20240719 (Red Hat 11.5.0-2) RHEL8 Kernel: Depends on container host Compiler: gcc 8.5.0 20210514 (Red Hat 8.5.0-22) Debian 12 Kernel: Depends on container host Compiler: gcc (Debian 12.2.0-14) 12.2.0 Windows Server 2022 Kernel: 10.0.20348.2031 Compiler: clang 15.0.7, gcc 14.1.0 (MinGW), and MSVC VS 19.39.33521 To view detailed results, visit: https://lab.dpdk.org/results/dashboard/tarballs/33587/ UNH-IOL DPDK Community Lab To manage your email subscriptions, visit: https://lab.dpdk.org/results/dashboard/preferences/subscriptions/