From mboxrd@z Thu Jan 1 00:00:00 1970 Return-Path: Received: from mails.dpdk.org (mails.dpdk.org [217.70.189.124]) by inbox.dpdk.org (Postfix) with ESMTP id DEE494679C for ; Tue, 20 May 2025 10:22:14 +0200 (CEST) Received: from mails.dpdk.org (localhost [127.0.0.1]) by mails.dpdk.org (Postfix) with ESMTP id DA6C840616; Tue, 20 May 2025 10:22:14 +0200 (CEST) Received: from mail-oo1-f99.google.com (mail-oo1-f99.google.com [209.85.161.99]) by mails.dpdk.org (Postfix) with ESMTP id 4C41E402AE for ; Tue, 20 May 2025 10:22:14 +0200 (CEST) Received: by mail-oo1-f99.google.com with SMTP id 006d021491bc7-6062e41916dso3218492eaf.1 for ; Tue, 20 May 2025 01:22:14 -0700 (PDT) DKIM-Signature: v=1; a=rsa-sha256; c=relaxed/relaxed; d=iol.unh.edu; s=unh-iol; t=1747729333; x=1748334133; darn=dpdk.org; h=cc:to:from:subject:message-id:date:from:to:cc:subject:date :message-id:reply-to; bh=fkwucZN0oyj9LCHK5GOJy9oNcRo/gcTi2D2RpSjcxek=; b=KzHucCNl9p1Rju/WW1hQKwHZGdaSiN2NytrDzg6nLdBCAXKUWAvrseFpUZ3t+NeypY JkqRSGKUsotEM09EVkxtXa/21EAMIGPAbj0VdxfWxCIFbXGm/z7gjNlshWShOxi7OOAt qGy21CbT3Pb8wn9JuDVuyap1KWlFkGPtY2BeA= X-Google-DKIM-Signature: v=1; a=rsa-sha256; c=relaxed/relaxed; d=1e100.net; s=20230601; t=1747729333; x=1748334133; h=cc:to:from:subject:message-id:date:x-gm-message-state:from:to:cc :subject:date:message-id:reply-to; bh=fkwucZN0oyj9LCHK5GOJy9oNcRo/gcTi2D2RpSjcxek=; b=ENo368vbdfi6EryRKYW1MGG6aHGtASdkpKInL6rmzKMy14H97CzHBLH2lOH5E/gHrW Rn6gWZxXxL+gS9b9CEI1EnJi4meJ6iAaqqORIE6G5VxN9yxdLOJwC1m6xuHjz5ECgoFO Rqk9yP0v/I9T5qAUrprl/xyLNxffRho8cCx48TT95k/E3KNsztHttYCv9AK/9CXR7LK/ OhHfkhTF49w6YMRfr5ZKWa8PHi6IkxZ1rlfn0I+EeEp1Y4em/APOyPbgpbVgIHQj+MK5 pdSFnWUEA6nTdQ3K8eJNpthk/mRGMGWnag+Gv60r2wnSqzYH88ZKv72OOlcOUzgcc1h2 kVaw== X-Gm-Message-State: AOJu0YwoVGq/ZOIxOwVtjYaEU05XjVYt31+2YCGwinX727NnmqBlaigo 9JKAoDlwUPdflX0ta3zVqTBJlxkzlzcwyZlIdQ+8zm4qJIjn6w4rafrmqqXxpfYVuqHmwZ3Rt7w L+WiKW9wzYXEtfNestjHCMpyOT0U3cStCmyWh8g2r9CTQgh4hPXRR X-Gm-Gg: ASbGncvbTAaGlGFLM4/fNmBoyG6Uroov/xb/1WrzvTo3shJ6XeaQ5y+DpQ1Xqq4ICn/ xqaKaOpJFLCDCI8cJuwBjjqsMX3aQ50tx4kFpuJskAVn63g7ekFeW93+SLhYoKsgYeRFdp1XcHn w7oYLqFjz/mYL0x2bCXMGmSDaj662jjuETOplOzGMpj4ZB/RIcPZz68vCWHK4B0gFG2pm4yl1yU O0VPBsLqWtBppWp/6ZnYyRQscEATuDslEa7hXfjgp3hLAGFh5Y2vZPpg7xhHfUta8RGAwk6UtAH jZXrGSjKGGL72E3CkOhQFjVyOcVmqAnOflYH X-Google-Smtp-Source: AGHT+IHOntjV0UpV9hLIh+IOFztxMA776HySMsEJyTuVaSToAuD+redXBpOpxlOP8WkfUdOZFbuK0Q/hH/SQ X-Received: by 2002:a05:6820:1384:b0:608:271a:8d7a with SMTP id 006d021491bc7-609f495e95emr8548985eaf.7.1747729333289; Tue, 20 May 2025 01:22:13 -0700 (PDT) Received: from postal.iol.unh.edu (postal.iol.unh.edu. [2606:4100:3880:1234::84]) by smtp-relay.gmail.com with ESMTPS id 006d021491bc7-609f2f808a9sm361424eaf.4.2025.05.20.01.22.13 (version=TLS1_2 cipher=ECDHE-ECDSA-AES128-GCM-SHA256 bits=128/128); Tue, 20 May 2025 01:22:13 -0700 (PDT) X-Relaying-Domain: iol.unh.edu Date: Tue, 20 May 2025 01:22:13 -0700 (PDT) Message-ID: <682c3bb5.050a0220.1645a0.2fe3SMTPIN_ADDED_MISSING@mx.google.com> Received: from [172.21.0.5] (unknown [172.18.0.240]) by postal.iol.unh.edu (Postfix) with ESMTP id C23DB6052471; Tue, 20 May 2025 04:22:12 -0400 (EDT) Subject: |FAILURE| [GIT MASTER] 4401486b5e30d43a134f80f9802f60b5f43e74a8 From: dpdklab@iol.unh.edu To: Test Report Cc: dpdk-test-reports@iol.unh.edu, Xueming Li , Christian Ehrhardt , Kevin Traynor , Luca Boccassi Content-Type: text/plain X-BeenThere: test-report@dpdk.org X-Mailman-Version: 2.1.29 Precedence: list List-Id: automatic DPDK test reports List-Unsubscribe: , List-Archive: List-Post: List-Help: List-Subscribe: , Errors-To: test-report-bounces@dpdk.org _Testing issues_ Branch: tags/v22.11 4401486b5e30d43a134f80f9802f60b5f43e74a8 --> testing issues Upstream job id: Generic-Unit-Test-DPDK#339228 Test environment and result as below: +---------------------+----------------+ | Environment | dpdk_unit_test | +=====================+================+ | Fedora 41 | FAIL | +---------------------+----------------+ | Fedora 40 (Clang) | FAIL | +---------------------+----------------+ | Ubuntu 20.04 | PASS | +---------------------+----------------+ | CentOS Stream 10 | PEND | +---------------------+----------------+ | Fedora 41 (Clang) | FAIL | +---------------------+----------------+ | Ubuntu 24.04 | PEND | +---------------------+----------------+ | Ubuntu 22.04 | FAIL | +---------------------+----------------+ | CentOS Stream 9 | PEND | +---------------------+----------------+ | Fedora 40 | PEND | +---------------------+----------------+ | RHEL9 | PEND | +---------------------+----------------+ | RHEL8 | PEND | +---------------------+----------------+ | Debian 12 | PEND | +---------------------+----------------+ | Windows Server 2022 | FAIL | +---------------------+----------------+ ==== Unit test summary for Windows Server 2022 (dpdk_unit_test): ==== Failed to get the unit test results. Displaying the unit test results is not supported for some environments, such as our aarch32 testing, where meson is not used to run the tests. Download the logs available on our CI site. ==== End log output ==== Fedora 41 Kernel: Depends on container host Compiler: gcc 14.2.1 20240912 (Red Hat 14.2.1-3) Fedora 40 (Clang) Kernel: Depends on container host Compiler: clang 18.1.8 (Fedora 18.1.8-1.fc40) Ubuntu 20.04 Kernel: Depends on container host Compiler: gcc (Ubuntu 9.4.0-1ubuntu1~20.04.2) 9.4.0 CentOS Stream 10 Kernel: Depends on container host Compiler: gcc 14.2.1 20241104 (Red Hat 14.2.1-6) Fedora 41 (Clang) Kernel: Depends on container host Compiler: clang 19.1.5 (Fedora 19.1.5-1.fc41) Ubuntu 24.04 Kernel: Depends on container host Compiler: gcc (Ubuntu 13.3.0-6ubuntu2~24.04) 13.3.0 Ubuntu 22.04 Kernel: Depends on container host Compiler: gcc (Ubuntu 11.4.0-1ubuntu1~22.04) 11.4.0 CentOS Stream 9 Kernel: Depends on container host Compiler: gcc 11.5.0 20240719 (Red Hat 11.5.0-2) Fedora 40 Kernel: Depends on container host Compiler: gcc 14.2.1 20240912 (Red Hat 14.2.1-3) RHEL9 Kernel: Depends on container host Compiler: gcc 11.5.0 20240719 (Red Hat 11.5.0-2) RHEL8 Kernel: Depends on container host Compiler: gcc 8.5.0 20210514 (Red Hat 8.5.0-22) Debian 12 Kernel: Depends on container host Compiler: gcc (Debian 12.2.0-14) 12.2.0 Windows Server 2022 Kernel: 10.0.20348.2031 Compiler: clang 15.0.7, gcc 14.1.0 (MinGW), and MSVC VS 19.39.33521 To view detailed results, visit: https://lab.dpdk.org/results/dashboard/tarballs/33587/ UNH-IOL DPDK Community Lab To manage your email subscriptions, visit: https://lab.dpdk.org/results/dashboard/preferences/subscriptions/