From mboxrd@z Thu Jan 1 00:00:00 1970 Return-Path: Received: from mails.dpdk.org (mails.dpdk.org [217.70.189.124]) by inbox.dpdk.org (Postfix) with ESMTP id 974FA4679C for ; Tue, 20 May 2025 10:28:48 +0200 (CEST) Received: from mails.dpdk.org (localhost [127.0.0.1]) by mails.dpdk.org (Postfix) with ESMTP id 712D8402CA; Tue, 20 May 2025 10:28:48 +0200 (CEST) Received: from mail-oa1-f98.google.com (mail-oa1-f98.google.com [209.85.160.98]) by mails.dpdk.org (Postfix) with ESMTP id 0DA86402AE for ; Tue, 20 May 2025 10:28:47 +0200 (CEST) Received: by mail-oa1-f98.google.com with SMTP id 586e51a60fabf-2db78ef7f69so2360455fac.1 for ; Tue, 20 May 2025 01:28:46 -0700 (PDT) DKIM-Signature: v=1; a=rsa-sha256; c=relaxed/relaxed; d=iol.unh.edu; s=unh-iol; t=1747729726; x=1748334526; darn=dpdk.org; h=cc:to:from:subject:message-id:date:from:to:cc:subject:date :message-id:reply-to; bh=p+6pfXAYFyiPCWU+JFrurdBfSbLGwhQoU6roOJasQx4=; b=YeGevVMkdsHh4jCqGuJAagUlLHbFOactoUf5Ne8gULoTk53+Tc2DXfS4WhJjZEdX10 h4ZT0+k1jSm3mNfDMFpZbK7BGd3j5w3LTAujJZMCvur4aQcavWhUlv/MMHB9Y42O+5DB 3ZIzpEtazqvi16oGiuewT8Kk340G/UjbWFKz0= X-Google-DKIM-Signature: v=1; a=rsa-sha256; c=relaxed/relaxed; d=1e100.net; s=20230601; t=1747729726; x=1748334526; h=cc:to:from:subject:message-id:date:x-gm-message-state:from:to:cc :subject:date:message-id:reply-to; bh=p+6pfXAYFyiPCWU+JFrurdBfSbLGwhQoU6roOJasQx4=; b=s5LbVVIsYaBPPyq2f6UO3CY3uxt9oj/pUmthj+AKQW4Ma/pmYmT4CP88+zoGbI8pxe pJMwSQgLCHIWOoRybBPfJWX9xd24r+wSVF44Z5HRzn3kB2kZZvZIhYkFPC3SBz8z9kM4 fvbXzMtgVXPypmrk+qtZ+5vnIrz4TIN+FHKbNIUyDk5MVHX2zauT+NgIpv/dFjXG4pY4 3t/dvkVshsWJNXfUkogqYc1ek74I0RAeQuRha4hasG+IHNXXhloygEnHXx7qnHv8k5/x 0lib0zadmTak8UcHKsrzlLUTQO0RLlfWnCFTJaNaG1KZZAVqFF2oKWkfNeBCSVbtknkp HxPg== X-Gm-Message-State: AOJu0Yz67pbZmPzs1a0R5oGRuEa8V/DE8tBaskkNoDr7nodSobXPl0po xWw7nkI7qcYe+LL5TvD2ZCya2MffXYYPAjJEnL17W2COCvBNm10wBGIxFURoMGDKW9+k1idVays k+b0nNuVi+2WF/MWO+FtSrg0p3ICYtfsBldSbZ/qSstL2zYI3CiD+ X-Gm-Gg: ASbGncugrknvqA2oPjYWnfLYnDs9opofRQp+2Jw7myZaGKF1MhiqvhP7wEM/Z+zcFjQ F1+oaLObu0h2hnz/KKYPDP99HA2+X65afvPnAgVNokvY2NrKy0w7XkMLHmvzYUauinast1ZxAba IHuMRSQuDc75g1nbBkLhROR0Z+bhUJG8dkworCPWu9GK3fBOgOefe7mbs4JZxfPC7+q0PglStAd MUT4dKm4h+UNDpIB8c2Hfvg69IwJ7qjXVF+9GVMk9ljcmrOEifepR/xd5fyM+WX2chfW9fjTIyk DlfOjLoc+4ltrb14BW32+1FswBlgd+kB/Pfn X-Google-Smtp-Source: AGHT+IGH4gnEU5X+OwIcwaVIixCrJ3A2PQTtD8y5tXWr0J4xekFsplWuJS7Nhpl6vp5hzZdhNUcx8ltF2JdB X-Received: by 2002:a05:6870:ac8f:b0:2d4:d9d6:c8c2 with SMTP id 586e51a60fabf-2e3c1f7739cmr10852991fac.34.1747729726131; Tue, 20 May 2025 01:28:46 -0700 (PDT) Received: from postal.iol.unh.edu (postal.iol.unh.edu. [2606:4100:3880:1234::84]) by smtp-relay.gmail.com with ESMTPS id 586e51a60fabf-2e3c06bb0a5sm488067fac.12.2025.05.20.01.28.46 (version=TLS1_2 cipher=ECDHE-ECDSA-AES128-GCM-SHA256 bits=128/128); Tue, 20 May 2025 01:28:46 -0700 (PDT) X-Relaying-Domain: iol.unh.edu Date: Tue, 20 May 2025 01:28:46 -0700 (PDT) Message-ID: <682c3d3e.050a0220.12ca66.a11dSMTPIN_ADDED_MISSING@mx.google.com> Received: from [172.21.0.6] (unknown [172.18.0.240]) by postal.iol.unh.edu (Postfix) with ESMTP id 8FDE36052471; Tue, 20 May 2025 04:28:45 -0400 (EDT) Subject: |FAILURE| [GIT MASTER] 4401486b5e30d43a134f80f9802f60b5f43e74a8 From: dpdklab@iol.unh.edu To: Test Report Cc: dpdk-test-reports@iol.unh.edu, Xueming Li , Christian Ehrhardt , Kevin Traynor , Luca Boccassi Content-Type: text/plain X-BeenThere: test-report@dpdk.org X-Mailman-Version: 2.1.29 Precedence: list List-Id: automatic DPDK test reports List-Unsubscribe: , List-Archive: List-Post: List-Help: List-Subscribe: , Errors-To: test-report-bounces@dpdk.org _Testing issues_ Branch: tags/v22.11 4401486b5e30d43a134f80f9802f60b5f43e74a8 --> testing issues Upstream job id: Generic-Unit-Test-DPDK#339222 Test environment and result as below: +---------------------+----------------+ | Environment | dpdk_unit_test | +=====================+================+ | Fedora 41 | FAIL | +---------------------+----------------+ | Fedora 40 (Clang) | FAIL | +---------------------+----------------+ | Ubuntu 20.04 | PASS | +---------------------+----------------+ | CentOS Stream 10 | PEND | +---------------------+----------------+ | Fedora 41 (Clang) | FAIL | +---------------------+----------------+ | Ubuntu 24.04 | PEND | +---------------------+----------------+ | Ubuntu 22.04 | FAIL | +---------------------+----------------+ | CentOS Stream 9 | PEND | +---------------------+----------------+ | Fedora 40 | FAIL | +---------------------+----------------+ | RHEL9 | PEND | +---------------------+----------------+ | RHEL8 | PEND | +---------------------+----------------+ | Debian 12 | PEND | +---------------------+----------------+ | Windows Server 2022 | FAIL | +---------------------+----------------+ ==== Unit test summary for Windows Server 2022 (dpdk_unit_test): ==== Failed to get the unit test results. Displaying the unit test results is not supported for some environments, such as our aarch32 testing, where meson is not used to run the tests. Download the logs available on our CI site. ==== End log output ==== Fedora 41 Kernel: Depends on container host Compiler: gcc 14.2.1 20240912 (Red Hat 14.2.1-3) Fedora 40 (Clang) Kernel: Depends on container host Compiler: clang 18.1.8 (Fedora 18.1.8-1.fc40) Ubuntu 20.04 Kernel: Depends on container host Compiler: gcc (Ubuntu 9.4.0-1ubuntu1~20.04.2) 9.4.0 CentOS Stream 10 Kernel: Depends on container host Compiler: gcc 14.2.1 20241104 (Red Hat 14.2.1-6) Fedora 41 (Clang) Kernel: Depends on container host Compiler: clang 19.1.5 (Fedora 19.1.5-1.fc41) Ubuntu 24.04 Kernel: Depends on container host Compiler: gcc (Ubuntu 13.3.0-6ubuntu2~24.04) 13.3.0 Ubuntu 22.04 Kernel: Depends on container host Compiler: gcc (Ubuntu 11.4.0-1ubuntu1~22.04) 11.4.0 CentOS Stream 9 Kernel: Depends on container host Compiler: gcc 11.5.0 20240719 (Red Hat 11.5.0-2) Fedora 40 Kernel: Depends on container host Compiler: gcc 14.2.1 20240912 (Red Hat 14.2.1-3) RHEL9 Kernel: Depends on container host Compiler: gcc 11.5.0 20240719 (Red Hat 11.5.0-2) RHEL8 Kernel: Depends on container host Compiler: gcc 8.5.0 20210514 (Red Hat 8.5.0-22) Debian 12 Kernel: Depends on container host Compiler: gcc (Debian 12.2.0-14) 12.2.0 Windows Server 2022 Kernel: 10.0.20348.2031 Compiler: clang 15.0.7, gcc 14.1.0 (MinGW), and MSVC VS 19.39.33521 To view detailed results, visit: https://lab.dpdk.org/results/dashboard/tarballs/33587/ UNH-IOL DPDK Community Lab To manage your email subscriptions, visit: https://lab.dpdk.org/results/dashboard/preferences/subscriptions/