From mboxrd@z Thu Jan 1 00:00:00 1970 Return-Path: Received: from mails.dpdk.org (mails.dpdk.org [217.70.189.124]) by inbox.dpdk.org (Postfix) with ESMTP id C561F4679C for ; Tue, 20 May 2025 10:42:49 +0200 (CEST) Received: from mails.dpdk.org (localhost [127.0.0.1]) by mails.dpdk.org (Postfix) with ESMTP id A8E00402CA; Tue, 20 May 2025 10:42:49 +0200 (CEST) Received: from mail-pj1-f98.google.com (mail-pj1-f98.google.com [209.85.216.98]) by mails.dpdk.org (Postfix) with ESMTP id 4B39A402AE for ; Tue, 20 May 2025 10:42:48 +0200 (CEST) Received: by mail-pj1-f98.google.com with SMTP id 98e67ed59e1d1-306b6ae4fb2so4303432a91.3 for ; Tue, 20 May 2025 01:42:48 -0700 (PDT) DKIM-Signature: v=1; a=rsa-sha256; c=relaxed/relaxed; d=iol.unh.edu; s=unh-iol; t=1747730567; x=1748335367; darn=dpdk.org; h=cc:to:from:subject:message-id:date:from:to:cc:subject:date :message-id:reply-to; bh=ErVzOP4j0AEDFqXl/E+Mo1L2B/vBg+9sVz1pEqxmotw=; b=Liu/GSIWhFkpkfFRrRszds7Z7iv2n44VJh8cd8V79WPeNumRBPA6jHisGjr0I70gXx RLp0N+koM5nFd4laleuyChBp7oIHKMzw9tyygY5Yb5zIBIP0E993OrP6vMQBBulcPLNC R+efp26sYlb/tCFZGSRWLcZYTbYQSiB27GMO0= X-Google-DKIM-Signature: v=1; a=rsa-sha256; c=relaxed/relaxed; d=1e100.net; s=20230601; t=1747730567; x=1748335367; h=cc:to:from:subject:message-id:date:x-gm-message-state:from:to:cc :subject:date:message-id:reply-to; bh=ErVzOP4j0AEDFqXl/E+Mo1L2B/vBg+9sVz1pEqxmotw=; b=ARoq1Ew/+VK/uEZkJyF0LSTbhIJzq0aIKv+zFCK70n0S8YK2TJbxiTsubGyjVLZqgW a3hUy/vdXCt6xd10DQDm/O27ugRyVBNJgKUpI2PjMc6OS0hhNPPyUf+ArAc0G4o/PpQ1 rcbEAiVW9DFxq4ckqglDhrSdh7/jrlMpJ/N7oJMo++uDNjBiH8xfwqWA0/lSJDpICknO +a6j07AtIOzzIcSZr0D18jAeTgXdoNxb/Gi+ukWMDIrP+HlrX8exJ+L7MwOg0yvLz7qo HqPTwCP99IraQjt5D2gdvkPgSeX48jLYwPH8mzYP1hUHwyDMxBVvNV7Leegkenj+0ENl t5ZQ== X-Gm-Message-State: AOJu0Yy3N8p026CqsFlFpfD79YbopgS4jFJUtyEw9qtPriFV0LT4oj7p rJ8tw/SDH+cz0chYTSpZxAX/LsrQbMpV2DYMhHeVoFKCjFyH8c9NiRg5QmQSNelQef6Ks7mn9sm N/o8Yp08xa7EgwYQbr9DfO+3DrsHL1B9tsfsS X-Gm-Gg: ASbGncu3V5//IMVu7o08MtWTmWgflJW2zGB4sSLf4t+kOEgTqqjfkCKDhXKPtJByX0F maITmQtVRLpVPVDhVPJ8MGJRth187auc9WRXTOSqBwx0sKXLPN5DYzOkyn/Sbw+n5/Q/ZOWFKX2 /5bXqU7U398De24dK9cq5+ndB4usPvzSKAvn3veioTdFOM+M4OnwQsVbHCJMNbYVSggS9iQesQo Mu6d0a3VGzz5yoFaxeZpfn2e146Z8ghhl3nz3v3N9r8/KU37dOMwStwd3NuJ5/NllAjg7O9MkGJ I0NZsMeX/REG6OnLutGWkoG1rlyMuLC98+a6rb5dBuVBVV9Ri8KWHb9yAAE= X-Google-Smtp-Source: AGHT+IFZqWR+AuuNnM7Ws2o4ocu4Zf0HWsF41eisLQ7oCtWEGep2OvyEURI4rmCxTCfEy0P0IV/0Ftjayk4B X-Received: by 2002:a17:90b:51cd:b0:30e:7ad7:ec8c with SMTP id 98e67ed59e1d1-30e7d55be50mr24646975a91.20.1747730566801; Tue, 20 May 2025 01:42:46 -0700 (PDT) Received: from postal.iol.unh.edu (postal.iol.unh.edu. [132.177.123.84]) by smtp-relay.gmail.com with ESMTPS id 41be03b00d2f7-b26eafb19b4sm577603a12.15.2025.05.20.01.42.46 (version=TLS1_2 cipher=ECDHE-ECDSA-AES128-GCM-SHA256 bits=128/128); Tue, 20 May 2025 01:42:46 -0700 (PDT) X-Relaying-Domain: iol.unh.edu Date: Tue, 20 May 2025 01:42:46 -0700 (PDT) Message-ID: <682c4086.630a0220.35b1fb.02b2SMTPIN_ADDED_MISSING@mx.google.com> Received: from [172.21.0.7] (unknown [172.18.0.240]) by postal.iol.unh.edu (Postfix) with ESMTP id DEB4C6052471; Tue, 20 May 2025 04:42:45 -0400 (EDT) Subject: |FAILURE| [GIT MASTER] 4401486b5e30d43a134f80f9802f60b5f43e74a8 From: dpdklab@iol.unh.edu To: Test Report Cc: dpdk-test-reports@iol.unh.edu, Xueming Li , Christian Ehrhardt , Kevin Traynor , Luca Boccassi Content-Type: text/plain X-BeenThere: test-report@dpdk.org X-Mailman-Version: 2.1.29 Precedence: list List-Id: automatic DPDK test reports List-Unsubscribe: , List-Archive: List-Post: List-Help: List-Subscribe: , Errors-To: test-report-bounces@dpdk.org _Testing issues_ Branch: tags/v22.11 4401486b5e30d43a134f80f9802f60b5f43e74a8 --> testing issues Upstream job id: Generic-Unit-Test-DPDK#339230 Test environment and result as below: +---------------------+----------------+ | Environment | dpdk_unit_test | +=====================+================+ | Fedora 41 | FAIL | +---------------------+----------------+ | Fedora 40 (Clang) | FAIL | +---------------------+----------------+ | Ubuntu 20.04 | PASS | +---------------------+----------------+ | CentOS Stream 10 | FAIL | +---------------------+----------------+ | Fedora 41 (Clang) | FAIL | +---------------------+----------------+ | Ubuntu 24.04 | FAIL | +---------------------+----------------+ | Ubuntu 22.04 | FAIL | +---------------------+----------------+ | CentOS Stream 9 | PEND | +---------------------+----------------+ | Fedora 40 | FAIL | +---------------------+----------------+ | RHEL9 | PEND | +---------------------+----------------+ | RHEL8 | PEND | +---------------------+----------------+ | Debian 12 | PEND | +---------------------+----------------+ | Windows Server 2022 | FAIL | +---------------------+----------------+ ==== Unit test summary for Windows Server 2022 (dpdk_unit_test): ==== Failed to get the unit test results. Displaying the unit test results is not supported for some environments, such as our aarch32 testing, where meson is not used to run the tests. Download the logs available on our CI site. ==== End log output ==== Fedora 41 Kernel: Depends on container host Compiler: gcc 14.2.1 20240912 (Red Hat 14.2.1-3) Fedora 40 (Clang) Kernel: Depends on container host Compiler: clang 18.1.8 (Fedora 18.1.8-1.fc40) Ubuntu 20.04 Kernel: Depends on container host Compiler: gcc (Ubuntu 9.4.0-1ubuntu1~20.04.2) 9.4.0 CentOS Stream 10 Kernel: Depends on container host Compiler: gcc 14.2.1 20241104 (Red Hat 14.2.1-6) Fedora 41 (Clang) Kernel: Depends on container host Compiler: clang 19.1.5 (Fedora 19.1.5-1.fc41) Ubuntu 24.04 Kernel: Depends on container host Compiler: gcc (Ubuntu 13.3.0-6ubuntu2~24.04) 13.3.0 Ubuntu 22.04 Kernel: Depends on container host Compiler: gcc (Ubuntu 11.4.0-1ubuntu1~22.04) 11.4.0 CentOS Stream 9 Kernel: Depends on container host Compiler: gcc 11.5.0 20240719 (Red Hat 11.5.0-2) Fedora 40 Kernel: Depends on container host Compiler: gcc 14.2.1 20240912 (Red Hat 14.2.1-3) RHEL9 Kernel: Depends on container host Compiler: gcc 11.5.0 20240719 (Red Hat 11.5.0-2) RHEL8 Kernel: Depends on container host Compiler: gcc 8.5.0 20210514 (Red Hat 8.5.0-22) Debian 12 Kernel: Depends on container host Compiler: gcc (Debian 12.2.0-14) 12.2.0 Windows Server 2022 Kernel: 10.0.20348.2031 Compiler: clang 15.0.7, gcc 14.1.0 (MinGW), and MSVC VS 19.39.33521 To view detailed results, visit: https://lab.dpdk.org/results/dashboard/tarballs/33587/ UNH-IOL DPDK Community Lab To manage your email subscriptions, visit: https://lab.dpdk.org/results/dashboard/preferences/subscriptions/