From mboxrd@z Thu Jan 1 00:00:00 1970 Return-Path: Received: from mails.dpdk.org (mails.dpdk.org [217.70.189.124]) by inbox.dpdk.org (Postfix) with ESMTP id 62C994679C for ; Tue, 20 May 2025 10:49:02 +0200 (CEST) Received: from mails.dpdk.org (localhost [127.0.0.1]) by mails.dpdk.org (Postfix) with ESMTP id 4A430402CA; Tue, 20 May 2025 10:49:02 +0200 (CEST) Received: from mail-pf1-f226.google.com (mail-pf1-f226.google.com [209.85.210.226]) by mails.dpdk.org (Postfix) with ESMTP id DC41F402AE for ; Tue, 20 May 2025 10:49:00 +0200 (CEST) Received: by mail-pf1-f226.google.com with SMTP id d2e1a72fcca58-742c9907967so2197973b3a.1 for ; Tue, 20 May 2025 01:49:00 -0700 (PDT) DKIM-Signature: v=1; a=rsa-sha256; c=relaxed/relaxed; d=iol.unh.edu; s=unh-iol; t=1747730940; x=1748335740; darn=dpdk.org; h=cc:to:from:subject:message-id:date:from:to:cc:subject:date :message-id:reply-to; bh=8FTi/dR92jAdFA9x3rRRsDoCPmfFTYlTdw5oaE1qHns=; b=JN0na1ZbBZdbIt1XDuDnN2Z/P+18gEpf3tkG5RYxpN11BHle2YW2WhDUT6rmk2aw4b aKe6hMVKKh9VFTqwKGhWPGxwu5uzGRlVIiDUEACiRafG5JWyVj1LbPQIgI2nG0j1QdVF AWkFdrJCNizNaEooV65irNN6JU9ptPmiT8g+k= X-Google-DKIM-Signature: v=1; a=rsa-sha256; c=relaxed/relaxed; d=1e100.net; s=20230601; t=1747730940; x=1748335740; h=cc:to:from:subject:message-id:date:x-gm-message-state:from:to:cc :subject:date:message-id:reply-to; bh=8FTi/dR92jAdFA9x3rRRsDoCPmfFTYlTdw5oaE1qHns=; b=hFF/xhgVILAIGxSjlP8VC/zfr/aXbz1ofWQwLNxapPWCFeniuqdGoE/xrYYC7xjNNQ jAi2AbGjuW13DrQSAqdx7p1Wjjekz6+fb08iJAmyaVT/DvM4AyW139otiY9X7ETCSev9 LkqIjn9mPquqp+d4So9GOPDuxTbjQ4f9afED4c0IuD7UvzOyrLwx56Zbk2LHQXDOFXnn xWtl6y/VigG/xc0oMDuAa385/YzIVVLWq5LxLeb4U7QSnkLIdrknzivduOJTemaLU52g WCTnWgCgFkSYxL8jFGZpdKj2Jh25OU5c16Z1tEhzJhtvpyNu+azGlR8iH6LFKdZajd9n 3Q5w== X-Gm-Message-State: AOJu0YyGVGV8RG4Z8E8nGU56SbPkvG8vnmg5lNJD1PRltcnimglpumLD jrVzKyTO8EAoB9U2uibdprCx03XNwJdryYI+sRJpcAVAIu1vnhEore4N36/gSPYl7pe9vUuh8bo dF695TLAm6UHms5XGm2Gh4XVnYn77ikvu4BGs X-Gm-Gg: ASbGncvG56I1aOfZ9KqtcqkgEtNeqtdVtwegD6qkW0p2iQhh4PrVxRk08GIWhIvn4TR NEPRs8/oeeLbjQXB//kUVlRuLKM06Gd1r7wfI9ifysRuaS+v3eQZ2qDF0UrdvrzbUUsBZ33EV28 aRsd7bf69wiEPnX/x2lL6u/3SW9zf98zfYVr+viOLI7RvyTrZto9yhVrue8UQWr2l0+nwv0cyc1 etrtcjAqleGNMncpNsM61npx0Zmpdwx2jcqSS3P2hbUNduvR2dTY6kU+Bj7en7kt2ThXFwS47UX Ql7JPP5mlLycNwxpjaLvJfu5DwwJs1W3yhT0FS7y2q3tLhDn+CkTdoJHNu0= X-Google-Smtp-Source: AGHT+IFtm4Nxhq2o8QCyMsD+XWrFpkfCIok5h3Mwb8+EAl7O1iTl+GBrdOYavStY3uRu+zIwJLOv7eRuuD3f X-Received: by 2002:a05:6a00:919f:b0:742:a82c:d832 with SMTP id d2e1a72fcca58-742a98e8fdamr24666010b3a.24.1747730939702; Tue, 20 May 2025 01:48:59 -0700 (PDT) Received: from postal.iol.unh.edu (postal.iol.unh.edu. [132.177.123.84]) by smtp-relay.gmail.com with ESMTPS id d2e1a72fcca58-742a984c1e4sm555275b3a.17.2025.05.20.01.48.59 (version=TLS1_2 cipher=ECDHE-ECDSA-AES128-GCM-SHA256 bits=128/128); Tue, 20 May 2025 01:48:59 -0700 (PDT) X-Relaying-Domain: iol.unh.edu Date: Tue, 20 May 2025 01:48:59 -0700 (PDT) Message-ID: <682c41fb.050a0220.10d0d9.d09aSMTPIN_ADDED_MISSING@mx.google.com> Received: from [172.21.0.5] (unknown [172.18.0.240]) by postal.iol.unh.edu (Postfix) with ESMTP id C9E546052471; Tue, 20 May 2025 04:48:58 -0400 (EDT) Subject: |FAILURE| [GIT MASTER] 4401486b5e30d43a134f80f9802f60b5f43e74a8 From: dpdklab@iol.unh.edu To: Test Report Cc: dpdk-test-reports@iol.unh.edu, Xueming Li , Christian Ehrhardt , Kevin Traynor , Luca Boccassi Content-Type: text/plain X-BeenThere: test-report@dpdk.org X-Mailman-Version: 2.1.29 Precedence: list List-Id: automatic DPDK test reports List-Unsubscribe: , List-Archive: List-Post: List-Help: List-Subscribe: , Errors-To: test-report-bounces@dpdk.org _Testing issues_ Branch: tags/v22.11 4401486b5e30d43a134f80f9802f60b5f43e74a8 --> testing issues Upstream job id: Generic-Unit-Test-DPDK#339219 Test environment and result as below: +---------------------+----------------+ | Environment | dpdk_unit_test | +=====================+================+ | Fedora 41 | FAIL | +---------------------+----------------+ | Fedora 40 (Clang) | FAIL | +---------------------+----------------+ | Ubuntu 20.04 | PASS | +---------------------+----------------+ | CentOS Stream 10 | FAIL | +---------------------+----------------+ | Fedora 41 (Clang) | FAIL | +---------------------+----------------+ | Ubuntu 24.04 | FAIL | +---------------------+----------------+ | Ubuntu 22.04 | FAIL | +---------------------+----------------+ | CentOS Stream 9 | FAIL | +---------------------+----------------+ | Fedora 40 | FAIL | +---------------------+----------------+ | RHEL9 | PEND | +---------------------+----------------+ | RHEL8 | PEND | +---------------------+----------------+ | Debian 12 | PEND | +---------------------+----------------+ | Windows Server 2022 | FAIL | +---------------------+----------------+ ==== Unit test summary for Windows Server 2022 (dpdk_unit_test): ==== Failed to get the unit test results. Displaying the unit test results is not supported for some environments, such as our aarch32 testing, where meson is not used to run the tests. Download the logs available on our CI site. ==== End log output ==== Fedora 41 Kernel: Depends on container host Compiler: gcc 14.2.1 20240912 (Red Hat 14.2.1-3) Fedora 40 (Clang) Kernel: Depends on container host Compiler: clang 18.1.8 (Fedora 18.1.8-1.fc40) Ubuntu 20.04 Kernel: Depends on container host Compiler: gcc (Ubuntu 9.4.0-1ubuntu1~20.04.2) 9.4.0 CentOS Stream 10 Kernel: Depends on container host Compiler: gcc 14.2.1 20241104 (Red Hat 14.2.1-6) Fedora 41 (Clang) Kernel: Depends on container host Compiler: clang 19.1.5 (Fedora 19.1.5-1.fc41) Ubuntu 24.04 Kernel: Depends on container host Compiler: gcc (Ubuntu 13.3.0-6ubuntu2~24.04) 13.3.0 Ubuntu 22.04 Kernel: Depends on container host Compiler: gcc (Ubuntu 11.4.0-1ubuntu1~22.04) 11.4.0 CentOS Stream 9 Kernel: Depends on container host Compiler: gcc 11.5.0 20240719 (Red Hat 11.5.0-2) Fedora 40 Kernel: Depends on container host Compiler: gcc 14.2.1 20240912 (Red Hat 14.2.1-3) RHEL9 Kernel: Depends on container host Compiler: gcc 11.5.0 20240719 (Red Hat 11.5.0-2) RHEL8 Kernel: Depends on container host Compiler: gcc 8.5.0 20210514 (Red Hat 8.5.0-22) Debian 12 Kernel: Depends on container host Compiler: gcc (Debian 12.2.0-14) 12.2.0 Windows Server 2022 Kernel: 10.0.20348.2031 Compiler: clang 15.0.7, gcc 14.1.0 (MinGW), and MSVC VS 19.39.33521 To view detailed results, visit: https://lab.dpdk.org/results/dashboard/tarballs/33587/ UNH-IOL DPDK Community Lab To manage your email subscriptions, visit: https://lab.dpdk.org/results/dashboard/preferences/subscriptions/