From mboxrd@z Thu Jan 1 00:00:00 1970 Return-Path: Received: from mails.dpdk.org (mails.dpdk.org [217.70.189.124]) by inbox.dpdk.org (Postfix) with ESMTP id A7BFC4679C for ; Tue, 20 May 2025 10:52:29 +0200 (CEST) Received: from mails.dpdk.org (localhost [127.0.0.1]) by mails.dpdk.org (Postfix) with ESMTP id A3F9D402CA; Tue, 20 May 2025 10:52:29 +0200 (CEST) Received: from mail-yb1-f226.google.com (mail-yb1-f226.google.com [209.85.219.226]) by mails.dpdk.org (Postfix) with ESMTP id 12CBB402AE for ; Tue, 20 May 2025 10:52:28 +0200 (CEST) Received: by mail-yb1-f226.google.com with SMTP id 3f1490d57ef6-e7b943bcf0cso2350143276.3 for ; Tue, 20 May 2025 01:52:28 -0700 (PDT) DKIM-Signature: v=1; a=rsa-sha256; c=relaxed/relaxed; d=iol.unh.edu; s=unh-iol; t=1747731147; x=1748335947; darn=dpdk.org; h=cc:to:from:subject:message-id:date:from:to:cc:subject:date :message-id:reply-to; bh=y4NtLNd1IGHhY7sAlNJsf5t+UEYjq25N6jCgVj1xN5s=; b=RnsTr86g95bzydZLIehw+xgdeTazyTgkuDhy2QN00SKIP5IeDvKLCAuFN+RLdPXSFb yQB7k4VKtYSltJVPDsM8d3P2AEWy9Bj5wFl34VRq+xJu1mVriV8KONtWHfpcA1beIcUH xSo7M8GI2nZwSCVlGNdgy01UvQ1D2VHckJOkQ= X-Google-DKIM-Signature: v=1; a=rsa-sha256; c=relaxed/relaxed; d=1e100.net; s=20230601; t=1747731147; x=1748335947; h=cc:to:from:subject:message-id:date:x-gm-message-state:from:to:cc :subject:date:message-id:reply-to; bh=y4NtLNd1IGHhY7sAlNJsf5t+UEYjq25N6jCgVj1xN5s=; b=eyAbGTjamRN27d+xVe7Qp9vDi8Hps3B+8qRprJb8KVrDJ7ziYkeY7ekiCoKdKiks4B bAyHHeGodYVDULA3UWq7feha2+bAuNzE+n2mejHKvhSWJAv7seM6WpB4OZixy99BfZJl 7w0iDembJTFxQz12noe6DVKQ3aps+9YnAwvth5SAPRzyurm7yIf2P5fe83yuVdVqDsR9 yfEdRQOiKMdAX/3UYQxDMD5tk/B5NQbuOdka4GCHF06QbbtC712KxcOq+sLC9OYOM1PB QzuvygdAW2Dh7gnvlaxpshSKU+MPljtd5GBer8CsN8EZVE9hBDxxPp+9UeX2yMkvVkab kpdg== X-Gm-Message-State: AOJu0Yz7riJMRGdPJmesI1ocCcAdiXML4KZ4l0DkReno4o3CkHFs1kin LZucxHZJGbI2TvvF7XPFnwvIx2arE1Hg0Yn9FOLDQ6QD+b7WcfnQwkDvqx8Yug07zsYvP2gf87x p6cW33gecg0p7r1JRBHR0BAaSRf8ec+BKPgOz X-Gm-Gg: ASbGncslzPFCfCEhc2+DBrYYu6LzK3w+jf0iDDMGwkGpxohEih1UBRoJBTJ7fe45MNz YA4/Pn/Eq5FqyvwW5BKMXjVpGkS+/mhUfacyYhea5EOu+zk8vfrkEoUXW0ZwwG3HjScP3aHuCCt NdJKgRKzPOrtTF+MmXtxarRnSMZKCE0fJtbutWuS+anCCo02TjCBIgXF6n9XEdnDpkNqjGKKr6F 8Et80AzipiC4O871zf5PJfJDv766LqK6Uwcn0X5rEJw0P7ZFDJpdXNXjyiDzzAkcBr6Zl752wlV AdUJufDdbU7bKi0hI1scROJREiTNxHOwrtT7doTqjq/o6dOMcCa2L1XtVCk= X-Google-Smtp-Source: AGHT+IETysZDeIkeuTxWm6WTcgbf/EbIL90/n7o3sT3SVBGbnPipyr1oMynPTxj+07Ua2/ZbojCqDCsDnXZv X-Received: by 2002:a05:6902:1589:b0:e7a:b057:7e76 with SMTP id 3f1490d57ef6-e7b6d447bc7mr19946784276.28.1747731147484; Tue, 20 May 2025 01:52:27 -0700 (PDT) Received: from postal.iol.unh.edu (postal.iol.unh.edu. [132.177.123.84]) by smtp-relay.gmail.com with ESMTPS id 3f1490d57ef6-e7b6ad1045bsm435296276.17.2025.05.20.01.52.27 (version=TLS1_2 cipher=ECDHE-ECDSA-AES128-GCM-SHA256 bits=128/128); Tue, 20 May 2025 01:52:27 -0700 (PDT) X-Relaying-Domain: iol.unh.edu Date: Tue, 20 May 2025 01:52:27 -0700 (PDT) Message-ID: <682c42cb.250a0220.10aa9b.89baSMTPIN_ADDED_MISSING@mx.google.com> Received: from [172.21.0.5] (unknown [172.18.0.240]) by postal.iol.unh.edu (Postfix) with ESMTP id 2A3376052471; Tue, 20 May 2025 04:52:27 -0400 (EDT) Subject: |FAILURE| [GIT MASTER] 4401486b5e30d43a134f80f9802f60b5f43e74a8 From: dpdklab@iol.unh.edu To: Test Report Cc: dpdk-test-reports@iol.unh.edu, Xueming Li , Christian Ehrhardt , Kevin Traynor , Luca Boccassi Content-Type: text/plain X-BeenThere: test-report@dpdk.org X-Mailman-Version: 2.1.29 Precedence: list List-Id: automatic DPDK test reports List-Unsubscribe: , List-Archive: List-Post: List-Help: List-Subscribe: , Errors-To: test-report-bounces@dpdk.org _Testing issues_ Branch: tags/v22.11 4401486b5e30d43a134f80f9802f60b5f43e74a8 --> testing issues Upstream job id: Generic-Unit-Test-DPDK#339227 Test environment and result as below: +---------------------+----------------+ | Environment | dpdk_unit_test | +=====================+================+ | Fedora 41 | FAIL | +---------------------+----------------+ | Fedora 40 (Clang) | FAIL | +---------------------+----------------+ | Ubuntu 20.04 | PASS | +---------------------+----------------+ | CentOS Stream 10 | FAIL | +---------------------+----------------+ | Fedora 41 (Clang) | FAIL | +---------------------+----------------+ | Ubuntu 24.04 | FAIL | +---------------------+----------------+ | Ubuntu 22.04 | FAIL | +---------------------+----------------+ | CentOS Stream 9 | FAIL | +---------------------+----------------+ | Fedora 40 | FAIL | +---------------------+----------------+ | RHEL9 | FAIL | +---------------------+----------------+ | RHEL8 | PEND | +---------------------+----------------+ | Debian 12 | PEND | +---------------------+----------------+ | Windows Server 2022 | FAIL | +---------------------+----------------+ ==== Unit test summary for Windows Server 2022 (dpdk_unit_test): ==== Failed to get the unit test results. Displaying the unit test results is not supported for some environments, such as our aarch32 testing, where meson is not used to run the tests. Download the logs available on our CI site. ==== End log output ==== Fedora 41 Kernel: Depends on container host Compiler: gcc 14.2.1 20240912 (Red Hat 14.2.1-3) Fedora 40 (Clang) Kernel: Depends on container host Compiler: clang 18.1.8 (Fedora 18.1.8-1.fc40) Ubuntu 20.04 Kernel: Depends on container host Compiler: gcc (Ubuntu 9.4.0-1ubuntu1~20.04.2) 9.4.0 CentOS Stream 10 Kernel: Depends on container host Compiler: gcc 14.2.1 20241104 (Red Hat 14.2.1-6) Fedora 41 (Clang) Kernel: Depends on container host Compiler: clang 19.1.5 (Fedora 19.1.5-1.fc41) Ubuntu 24.04 Kernel: Depends on container host Compiler: gcc (Ubuntu 13.3.0-6ubuntu2~24.04) 13.3.0 Ubuntu 22.04 Kernel: Depends on container host Compiler: gcc (Ubuntu 11.4.0-1ubuntu1~22.04) 11.4.0 CentOS Stream 9 Kernel: Depends on container host Compiler: gcc 11.5.0 20240719 (Red Hat 11.5.0-2) Fedora 40 Kernel: Depends on container host Compiler: gcc 14.2.1 20240912 (Red Hat 14.2.1-3) RHEL9 Kernel: Depends on container host Compiler: gcc 11.5.0 20240719 (Red Hat 11.5.0-2) RHEL8 Kernel: Depends on container host Compiler: gcc 8.5.0 20210514 (Red Hat 8.5.0-22) Debian 12 Kernel: Depends on container host Compiler: gcc (Debian 12.2.0-14) 12.2.0 Windows Server 2022 Kernel: 10.0.20348.2031 Compiler: clang 15.0.7, gcc 14.1.0 (MinGW), and MSVC VS 19.39.33521 To view detailed results, visit: https://lab.dpdk.org/results/dashboard/tarballs/33587/ UNH-IOL DPDK Community Lab To manage your email subscriptions, visit: https://lab.dpdk.org/results/dashboard/preferences/subscriptions/