From mboxrd@z Thu Jan 1 00:00:00 1970 Return-Path: Received: from mails.dpdk.org (mails.dpdk.org [217.70.189.124]) by inbox.dpdk.org (Postfix) with ESMTP id 1B3454679C for ; Tue, 20 May 2025 11:05:43 +0200 (CEST) Received: from mails.dpdk.org (localhost [127.0.0.1]) by mails.dpdk.org (Postfix) with ESMTP id D1DD9402CA; Tue, 20 May 2025 11:05:42 +0200 (CEST) Received: from mail-qv1-f99.google.com (mail-qv1-f99.google.com [209.85.219.99]) by mails.dpdk.org (Postfix) with ESMTP id 939D7402AE for ; Tue, 20 May 2025 11:05:41 +0200 (CEST) Received: by mail-qv1-f99.google.com with SMTP id 6a1803df08f44-6f8b9c72045so50137446d6.1 for ; Tue, 20 May 2025 02:05:41 -0700 (PDT) DKIM-Signature: v=1; a=rsa-sha256; c=relaxed/relaxed; d=iol.unh.edu; s=unh-iol; t=1747731941; x=1748336741; darn=dpdk.org; h=cc:to:from:subject:message-id:date:from:to:cc:subject:date :message-id:reply-to; bh=nvLIqfQydfjEXQu5xiZPKZJgNHz2opV6fbbCUO6mRfA=; b=fZ8DWSKzlvjqqvBXwKBXJ2AdR7O7GWaJ2Xj44bSgkwD3ppK48G+FOAGbZUl/81thwE Uw5lcmEHeox+NJAWNL7E7Mn6kt8S/1R2r8qc+T0eLxlg2OF/A/3OPTFrMFLifu0J4LTT 81XmYtSUo5JxjZcFQZnOIN1mOFU8bjbjkt4Dk= X-Google-DKIM-Signature: v=1; a=rsa-sha256; c=relaxed/relaxed; d=1e100.net; s=20230601; t=1747731941; x=1748336741; h=cc:to:from:subject:message-id:date:x-gm-message-state:from:to:cc :subject:date:message-id:reply-to; bh=nvLIqfQydfjEXQu5xiZPKZJgNHz2opV6fbbCUO6mRfA=; b=TKpAuATGHBPt1W4fxaE/TmdeA53U8VtL3aJsA4QcvugnG5PWms4Xb5QFYOgu9ylg9Z 8Xe8M+bLk9WAqMErc0Cpc8dH8PhJwyUSFWITNl7h+7JJ829XZi9cbZ1JeLWykcOPpq2v l2CAIjn2Jr2OcFYMR1oDaucHshR5am8f0AV3qkFMNYN9031xFGz4tebPhZzOgyxnlkAL tELsm0QmEPV0zKt3PsWiQmvqo1Fevi3uoetJPb8w+VOCxwN2Bn0oAXIkSSy5htHDvJ+h vWB9NWccnxsXB4gPGWrjwFDRSudIe73iT83pYZvmoEfEIIZW8Smc0qOX5QbrDNMFBy2j bR2Q== X-Gm-Message-State: AOJu0YwD6sEhh8Tgq5BkgIgD5vK8E2rWjQxRp1b1B3SOztGl/OMuKUAH 592e9HZVkZXzROJfrX/kbGxt9iBB30WPXjnlBG0Yx0wxJyuaTGS79Ii1d1W8PL3XKuGqd50NueY gUITV8l4od+rvb0syM2dFnJgN/ULb17W6g/pN X-Gm-Gg: ASbGncuIUoQdDaMI4sYEPcaU+uwp26RtxeYNC9fBFvPsfSOEJaloTjO2jsDloFuFCmq TFL7v8lx3NpsyERQjqWjVNlMqpL1kaf0YbKHxPJ1lUOomMIJWF57Ibu+GBwXHR8oZ4jdIn5uzhN U3tKfUrMOYqq1kksAy268EiBuBxk5LuLLckvUnzETXBzfr3T5kVrIY8p/k91ZE86xp9YXy8y8m6 lULimIuGiwB4RBuuW0FHS8e1uCiyNENCyIVq+2cQR1zXxoJR4VuhNIdth+xpkD5sWqkZbp6EyBc yJYF7STDOVDxJIW5/9U4nTpSuLH6YaXsR8+beYgRSLq+e5Ectvn3h6iT07U= X-Google-Smtp-Source: AGHT+IG5pgj/PKnLVgVdrH6rQ/eCqjFWBoMMXqx5zbYN5QjPi/NGvYmhUpQkkMC+G48bymHHEe52VsoqpCSz X-Received: by 2002:a05:6214:f23:b0:6f8:aa6f:438b with SMTP id 6a1803df08f44-6f8b08352f5mr268394976d6.3.1747731940683; Tue, 20 May 2025 02:05:40 -0700 (PDT) Received: from postal.iol.unh.edu (postal.iol.unh.edu. [132.177.123.84]) by smtp-relay.gmail.com with ESMTPS id 6a1803df08f44-6f8b09b57b8sm3449776d6.66.2025.05.20.02.05.40 (version=TLS1_2 cipher=ECDHE-ECDSA-AES128-GCM-SHA256 bits=128/128); Tue, 20 May 2025 02:05:40 -0700 (PDT) X-Relaying-Domain: iol.unh.edu Date: Tue, 20 May 2025 02:05:40 -0700 (PDT) Message-ID: <682c45e4.d40a0220.203aff.3b65SMTPIN_ADDED_MISSING@mx.google.com> Received: from [172.21.0.5] (unknown [172.18.0.240]) by postal.iol.unh.edu (Postfix) with ESMTP id 5D29C6052471; Tue, 20 May 2025 05:05:40 -0400 (EDT) Subject: |FAILURE| [GIT MASTER] 4401486b5e30d43a134f80f9802f60b5f43e74a8 From: dpdklab@iol.unh.edu To: Test Report Cc: dpdk-test-reports@iol.unh.edu, Xueming Li , Christian Ehrhardt , Kevin Traynor , Luca Boccassi Content-Type: text/plain X-BeenThere: test-report@dpdk.org X-Mailman-Version: 2.1.29 Precedence: list List-Id: automatic DPDK test reports List-Unsubscribe: , List-Archive: List-Post: List-Help: List-Subscribe: , Errors-To: test-report-bounces@dpdk.org _Testing issues_ Branch: tags/v22.11 4401486b5e30d43a134f80f9802f60b5f43e74a8 --> testing issues Upstream job id: Generic-Unit-Test-DPDK#339226 Test environment and result as below: +---------------------+----------------+ | Environment | dpdk_unit_test | +=====================+================+ | Fedora 41 | FAIL | +---------------------+----------------+ | Fedora 40 (Clang) | FAIL | +---------------------+----------------+ | Ubuntu 20.04 | PASS | +---------------------+----------------+ | CentOS Stream 10 | FAIL | +---------------------+----------------+ | Fedora 41 (Clang) | FAIL | +---------------------+----------------+ | Ubuntu 24.04 | FAIL | +---------------------+----------------+ | Ubuntu 22.04 | FAIL | +---------------------+----------------+ | CentOS Stream 9 | FAIL | +---------------------+----------------+ | Fedora 40 | FAIL | +---------------------+----------------+ | RHEL9 | FAIL | +---------------------+----------------+ | RHEL8 | FAIL | +---------------------+----------------+ | Debian 12 | PEND | +---------------------+----------------+ | Windows Server 2022 | FAIL | +---------------------+----------------+ ==== Unit test summary for Windows Server 2022 (dpdk_unit_test): ==== Failed to get the unit test results. Displaying the unit test results is not supported for some environments, such as our aarch32 testing, where meson is not used to run the tests. Download the logs available on our CI site. ==== End log output ==== Fedora 41 Kernel: Depends on container host Compiler: gcc 14.2.1 20240912 (Red Hat 14.2.1-3) Fedora 40 (Clang) Kernel: Depends on container host Compiler: clang 18.1.8 (Fedora 18.1.8-1.fc40) Ubuntu 20.04 Kernel: Depends on container host Compiler: gcc (Ubuntu 9.4.0-1ubuntu1~20.04.2) 9.4.0 CentOS Stream 10 Kernel: Depends on container host Compiler: gcc 14.2.1 20241104 (Red Hat 14.2.1-6) Fedora 41 (Clang) Kernel: Depends on container host Compiler: clang 19.1.5 (Fedora 19.1.5-1.fc41) Ubuntu 24.04 Kernel: Depends on container host Compiler: gcc (Ubuntu 13.3.0-6ubuntu2~24.04) 13.3.0 Ubuntu 22.04 Kernel: Depends on container host Compiler: gcc (Ubuntu 11.4.0-1ubuntu1~22.04) 11.4.0 CentOS Stream 9 Kernel: Depends on container host Compiler: gcc 11.5.0 20240719 (Red Hat 11.5.0-2) Fedora 40 Kernel: Depends on container host Compiler: gcc 14.2.1 20240912 (Red Hat 14.2.1-3) RHEL9 Kernel: Depends on container host Compiler: gcc 11.5.0 20240719 (Red Hat 11.5.0-2) RHEL8 Kernel: Depends on container host Compiler: gcc 8.5.0 20210514 (Red Hat 8.5.0-22) Debian 12 Kernel: Depends on container host Compiler: gcc (Debian 12.2.0-14) 12.2.0 Windows Server 2022 Kernel: 10.0.20348.2031 Compiler: clang 15.0.7, gcc 14.1.0 (MinGW), and MSVC VS 19.39.33521 To view detailed results, visit: https://lab.dpdk.org/results/dashboard/tarballs/33587/ UNH-IOL DPDK Community Lab To manage your email subscriptions, visit: https://lab.dpdk.org/results/dashboard/preferences/subscriptions/