From mboxrd@z Thu Jan 1 00:00:00 1970 Return-Path: Received: from mails.dpdk.org (mails.dpdk.org [217.70.189.124]) by inbox.dpdk.org (Postfix) with ESMTP id 6D1E34679E for ; Tue, 20 May 2025 11:11:23 +0200 (CEST) Received: from mails.dpdk.org (localhost [127.0.0.1]) by mails.dpdk.org (Postfix) with ESMTP id 666AB402CA; Tue, 20 May 2025 11:11:23 +0200 (CEST) Received: from mail-il1-f228.google.com (mail-il1-f228.google.com [209.85.166.228]) by mails.dpdk.org (Postfix) with ESMTP id B09A0402AE for ; Tue, 20 May 2025 11:11:21 +0200 (CEST) Received: by mail-il1-f228.google.com with SMTP id e9e14a558f8ab-3da6fb115a6so42693405ab.1 for ; Tue, 20 May 2025 02:11:21 -0700 (PDT) DKIM-Signature: v=1; a=rsa-sha256; c=relaxed/relaxed; d=iol.unh.edu; s=unh-iol; t=1747732281; x=1748337081; darn=dpdk.org; h=cc:to:from:subject:message-id:date:from:to:cc:subject:date :message-id:reply-to; bh=mPJxxKoTYcKCW2Fkne2+l228FXSxBSajpnGDkZuvZpA=; b=SWfb5y9c+WtIud3A98u3nxF7dBBqkYDakY6lqNJgGFADdOU6E3WBgegqpY/gGLMHhz eZlDELv4HkyrUwXQ3Q50+vHWWtj2IbvjGTKLGG7cD8kpmncM3A4O2++OW/+ZuxYilChW r/us361+v79yAppK6Ugd4pock/3Vs9VoeHAoo= X-Google-DKIM-Signature: v=1; a=rsa-sha256; c=relaxed/relaxed; d=1e100.net; s=20230601; t=1747732281; x=1748337081; h=cc:to:from:subject:message-id:date:x-gm-message-state:from:to:cc :subject:date:message-id:reply-to; bh=mPJxxKoTYcKCW2Fkne2+l228FXSxBSajpnGDkZuvZpA=; b=U+bMVlNaHESxdNKLkBUF6Qq50+L5FbnrRVEfBgqgXgR9cYYOIAJVXWnaHKMunb4AVm wBfCaRgfwo0ZWzOyo8Cempw7tadA5FPJu2BPa0x6CCCVtDNAdO1U+hJ56lNomqL6LdsN TJehqDGQd0VlX2IHAEYzhZka11AbmnOvZD1E9Gh2/ZsKXX01HAeC1HdBe8MEklY2SLuR kYXx0wgCB9kog6IPUDMDMgLupM0v2yQAIh1+eOA4tABrXrWBMZyMlY3Z+AnaScDKRQD9 5Mlrc+ShARN0hbBcya0GwLqU9dhaL/ot8v7JPTk06Xigdcr+qA/loO57qYf3oYu4rLoU 4M1w== X-Gm-Message-State: AOJu0Yz1Q87ZwVGY5W6ccLyHbKIKooYpnGjDFx/mul9ND56nv3dH49TM D+EHyGT5/B9vdFa1nIvIE/jn4jypAH6SnweKU9lf+daVpf58j4tUqgTcJ3Jkt3fZmjK3Iueyyms GwkXmAzU/o3TAvgAyLPHcgCYJWSk9Do/9sgu3PP0lONDhDSvnKSWp X-Gm-Gg: ASbGncuCCaMARI/XoGVoglXOQxnqlVXTaTn1P/8aIDo5RADim7f9modiZ4gdmqTVNGy k/STYQkfs1dcGKXr3eVgMqhBPFP28anN05fot3nhFKk13lalFKVOzYxkd5c3qDUBaDnPcdRob1x qn9g3NSpFmgj/finM2IodbPL/01DA/zOTGfsKBrisrCXCaqmzAe9f6lHTzRNCVlTSWFIHqgNQiK dras6N329RKuOU2cKohGe15kd0oLCSXcqsy5evsr0EKKnAw52U6hfyuKmCq6Uqn/pHS30EQ795t QpXXXTAJzSMD5e23sqxYMVju9nj3BKsAIGpv X-Google-Smtp-Source: AGHT+IFHvtS9vaQTGbejzlvVlctloj4EP4hUN9y/xutUZVfxBn50h1Bm912DZvMVplGfWbHW1+/FYxlRJ6aW X-Received: by 2002:a05:6602:2989:b0:864:a3d0:ddef with SMTP id ca18e2360f4ac-86a231afbdbmr2254399739f.6.1747732269365; Tue, 20 May 2025 02:11:09 -0700 (PDT) Received: from postal.iol.unh.edu (postal.iol.unh.edu. [2606:4100:3880:1234::84]) by smtp-relay.gmail.com with ESMTPS id ca18e2360f4ac-86a2365a42fsm43365639f.17.2025.05.20.02.11.09 (version=TLS1_2 cipher=ECDHE-ECDSA-AES128-GCM-SHA256 bits=128/128); Tue, 20 May 2025 02:11:09 -0700 (PDT) X-Relaying-Domain: iol.unh.edu Date: Tue, 20 May 2025 02:11:09 -0700 (PDT) Message-ID: <682c472d.050a0220.177ff9.7f91SMTPIN_ADDED_MISSING@mx.google.com> Received: from [172.21.0.6] (unknown [172.18.0.240]) by postal.iol.unh.edu (Postfix) with ESMTP id 9E3536052471; Tue, 20 May 2025 05:11:08 -0400 (EDT) Subject: |FAILURE| [GIT MASTER] 4401486b5e30d43a134f80f9802f60b5f43e74a8 From: dpdklab@iol.unh.edu To: Test Report Cc: dpdk-test-reports@iol.unh.edu, Xueming Li , Christian Ehrhardt , Kevin Traynor , Luca Boccassi Content-Type: text/plain X-BeenThere: test-report@dpdk.org X-Mailman-Version: 2.1.29 Precedence: list List-Id: automatic DPDK test reports List-Unsubscribe: , List-Archive: List-Post: List-Help: List-Subscribe: , Errors-To: test-report-bounces@dpdk.org _Testing issues_ Branch: tags/v22.11 4401486b5e30d43a134f80f9802f60b5f43e74a8 --> testing issues Upstream job id: Generic-Unit-Test-DPDK#339221 Test environment and result as below: +---------------------+----------------+ | Environment | dpdk_unit_test | +=====================+================+ | Fedora 41 | FAIL | +---------------------+----------------+ | Fedora 40 (Clang) | FAIL | +---------------------+----------------+ | Ubuntu 20.04 | PASS | +---------------------+----------------+ | CentOS Stream 10 | FAIL | +---------------------+----------------+ | Fedora 41 (Clang) | FAIL | +---------------------+----------------+ | Ubuntu 24.04 | FAIL | +---------------------+----------------+ | Ubuntu 22.04 | FAIL | +---------------------+----------------+ | CentOS Stream 9 | FAIL | +---------------------+----------------+ | Fedora 40 | FAIL | +---------------------+----------------+ | RHEL9 | FAIL | +---------------------+----------------+ | RHEL8 | FAIL | +---------------------+----------------+ | Debian 12 | FAIL | +---------------------+----------------+ | Windows Server 2022 | FAIL | +---------------------+----------------+ ==== Unit test summary for Windows Server 2022 (dpdk_unit_test): ==== Failed to get the unit test results. Displaying the unit test results is not supported for some environments, such as our aarch32 testing, where meson is not used to run the tests. Download the logs available on our CI site. ==== End log output ==== Fedora 41 Kernel: Depends on container host Compiler: gcc 14.2.1 20240912 (Red Hat 14.2.1-3) Fedora 40 (Clang) Kernel: Depends on container host Compiler: clang 18.1.8 (Fedora 18.1.8-1.fc40) Ubuntu 20.04 Kernel: Depends on container host Compiler: gcc (Ubuntu 9.4.0-1ubuntu1~20.04.2) 9.4.0 CentOS Stream 10 Kernel: Depends on container host Compiler: gcc 14.2.1 20241104 (Red Hat 14.2.1-6) Fedora 41 (Clang) Kernel: Depends on container host Compiler: clang 19.1.5 (Fedora 19.1.5-1.fc41) Ubuntu 24.04 Kernel: Depends on container host Compiler: gcc (Ubuntu 13.3.0-6ubuntu2~24.04) 13.3.0 Ubuntu 22.04 Kernel: Depends on container host Compiler: gcc (Ubuntu 11.4.0-1ubuntu1~22.04) 11.4.0 CentOS Stream 9 Kernel: Depends on container host Compiler: gcc 11.5.0 20240719 (Red Hat 11.5.0-2) Fedora 40 Kernel: Depends on container host Compiler: gcc 14.2.1 20240912 (Red Hat 14.2.1-3) RHEL9 Kernel: Depends on container host Compiler: gcc 11.5.0 20240719 (Red Hat 11.5.0-2) RHEL8 Kernel: Depends on container host Compiler: gcc 8.5.0 20210514 (Red Hat 8.5.0-22) Debian 12 Kernel: Depends on container host Compiler: gcc (Debian 12.2.0-14) 12.2.0 Windows Server 2022 Kernel: 10.0.20348.2031 Compiler: clang 15.0.7, gcc 14.1.0 (MinGW), and MSVC VS 19.39.33521 To view detailed results, visit: https://lab.dpdk.org/results/dashboard/tarballs/33587/ UNH-IOL DPDK Community Lab To manage your email subscriptions, visit: https://lab.dpdk.org/results/dashboard/preferences/subscriptions/