From mboxrd@z Thu Jan 1 00:00:00 1970 Return-Path: Received: from mails.dpdk.org (mails.dpdk.org [217.70.189.124]) by inbox.dpdk.org (Postfix) with ESMTP id 756C94679C for ; Tue, 20 May 2025 11:57:58 +0200 (CEST) Received: from mails.dpdk.org (localhost [127.0.0.1]) by mails.dpdk.org (Postfix) with ESMTP id 70840402CA; Tue, 20 May 2025 11:57:58 +0200 (CEST) Received: from mail-yb1-f225.google.com (mail-yb1-f225.google.com [209.85.219.225]) by mails.dpdk.org (Postfix) with ESMTP id 21CED402AE for ; Tue, 20 May 2025 11:57:57 +0200 (CEST) Received: by mail-yb1-f225.google.com with SMTP id 3f1490d57ef6-e7b811be778so3225655276.2 for ; Tue, 20 May 2025 02:57:57 -0700 (PDT) DKIM-Signature: v=1; a=rsa-sha256; c=relaxed/relaxed; d=iol.unh.edu; s=unh-iol; t=1747735076; x=1748339876; darn=dpdk.org; h=references:in-reply-to:cc:to:from:subject:message-id:date:from:to :cc:subject:date:message-id:reply-to; bh=f9ugTEXDH1NivwhTLrsk7487f44IGO8s1OwpLq1hjzg=; b=N37AUlHHAgBFS8W8NFxW9UFd9ZrcITZWUnGx0oO2bvW4k1RyCAw61D+nVmylyXXyuP j6gyRbrTj/C/85uCxLFucVsHp7Q8sYuDKqqCudxgag+t0yloEOnViHwcodzvfp1k4DaD Z9Q4WxMiyQDcdzGC//Jyyl87Lx2AHSbdoWlJQ= X-Google-DKIM-Signature: v=1; a=rsa-sha256; c=relaxed/relaxed; d=1e100.net; s=20230601; t=1747735076; x=1748339876; h=references:in-reply-to:cc:to:from:subject:message-id:date :x-gm-message-state:from:to:cc:subject:date:message-id:reply-to; bh=f9ugTEXDH1NivwhTLrsk7487f44IGO8s1OwpLq1hjzg=; b=YH7FhV0uScaaAAoHiLwizk+7+qLtKBifG5b24MU9irgDoNPR5uSj3tf+iztTppXS3D V28NHi0i4eLtb+886R3+b0mfkWzd4D75AzT+YwghdINc+HIrWI+PtTg5XJLJNV8JnEJB /1vYPUDg9CpAhBavsP5MOnpcO3J1mumUyutBDSJEjuwv44dryB+/RBOYAmMEA7cg8ceb w+S+tOfCtsEsmJ5g6g6p3L/QEO9VCchy48ur9zWvI4V5MObSSFfF5S7/auEQ/asw7wPQ YNkKQDfDtSaXUhoZNFZmwlE3OY78xsXUgEl6BAPxJNNAcaZ8qo1BtGmhjNyHZcLOG63p IKPw== X-Gm-Message-State: AOJu0YzcqH3K/jMk/GrKIpj2A84XuP7QYm+17KDMQ9ZGfpEg45vq34Kp zzcY9SpQqCBFzdyGG0H1K8GtMaH7wjkP6n8BtFpHSxf/obVPphHLQK84o5oiuxwI980ZHWK1Y3g Utz4S/hFnYFbSrVXX34t7AFgyGYAyB+QlK39I89jYEG2+KlXoS9FbZQ4nJRl2 X-Gm-Gg: ASbGncvOKXCYsK3yEEHlsRjlWEjyaUIbmvFv96tBwLy+PHn1DMKOLkhgQzuPnNzx+1s 3degB60HxQKhkpQoI5vl+QFYWad6V0Lx+2J0b5nSzM78jwRxXMZQyUTKZ1kuPjsibOUQPF1UaY3 ndMe7QAzQM41cbPaMHGwC5KpuGQuQyxs9Lhf/0NG+QwBsYzVz7ej40HAMfftxEXVeQqAH757PV6 CDKWQRim53jmjjT/1zImlmIyy0lactZTjlaLnA+yPnnP1f5k2R4UxuTGhSYHKKB1o7HAbst5a04 DFrAHX5DXTNPhHzkDmYLt8ep56jxy7rHfNiW X-Google-Smtp-Source: AGHT+IHRiGBLgq9P3gtuzBtqq8OfFUqWhysya2cewTxdSw3+aWb29ObA0SN4sVCuAQ2Dh9tSo1QOgjDufBin X-Received: by 2002:a05:6902:488a:b0:e7a:c04c:2ee3 with SMTP id 3f1490d57ef6-e7b6a084fd3mr20252496276.17.1747735076460; Tue, 20 May 2025 02:57:56 -0700 (PDT) Received: from postal.iol.unh.edu (postal.iol.unh.edu. [2606:4100:3880:1234::84]) by smtp-relay.gmail.com with ESMTPS id 3f1490d57ef6-e7b6ad0d543sm433367276.15.2025.05.20.02.57.56 (version=TLS1_2 cipher=ECDHE-ECDSA-AES128-GCM-SHA256 bits=128/128); Tue, 20 May 2025 02:57:56 -0700 (PDT) X-Relaying-Domain: iol.unh.edu Date: Tue, 20 May 2025 02:57:56 -0700 (PDT) Message-ID: <682c5224.250a0220.212e56.71b4SMTPIN_ADDED_MISSING@mx.google.com> Received: from [172.21.0.5] (unknown [172.18.0.240]) by postal.iol.unh.edu (Postfix) with ESMTP id CD0466052471; Tue, 20 May 2025 05:57:55 -0400 (EDT) Subject: |FAILURE| pw153528-153536 [PATCH] [9/9] crypto/dpaa2_sec: add suppor From: dpdklab@iol.unh.edu To: Test Report Cc: dpdk-test-reports@iol.unh.edu, Gagandeep Singh In-Reply-To: <20250520055133.506071-9-g.singh@nxp.com> References: <20250520055133.506071-9-g.singh@nxp.com> Content-Type: text/plain X-BeenThere: test-report@dpdk.org X-Mailman-Version: 2.1.29 Precedence: list List-Id: automatic DPDK test reports List-Unsubscribe: , List-Archive: List-Post: List-Help: List-Subscribe: , Errors-To: test-report-bounces@dpdk.org Test-Label: iol-unit-amd64-testing Test-Status: FAILURE http://dpdk.org/patch/153536 _Testing issues_ Submitter: Gagandeep Singh Date: Tuesday, May 20 2025 05:51:33 DPDK git baseline: Repo:dpdk Branch: master CommitID:117e86c4b96ed761e9a7ab766261208fe81bf5ca 153528-153536 --> testing issues Upstream job id: Generic-Unit-Test-DPDK#339256 Test environment and result as below: +---------------------+----------------+ | Environment | dpdk_unit_test | +=====================+================+ | CentOS Stream 10 | FAIL | +---------------------+----------------+ | CentOS Stream 9 | PASS | +---------------------+----------------+ | Fedora 41 | PASS | +---------------------+----------------+ | Debian 12 | PASS | +---------------------+----------------+ | RHEL9 | PASS | +---------------------+----------------+ | Fedora 40 | PASS | +---------------------+----------------+ | RHEL8 | PASS | +---------------------+----------------+ | Fedora 41 (Clang) | PASS | +---------------------+----------------+ | Ubuntu 24.04 | PASS | +---------------------+----------------+ | Ubuntu 20.04 | PASS | +---------------------+----------------+ | Ubuntu 22.04 | PASS | +---------------------+----------------+ | Fedora 40 (Clang) | PASS | +---------------------+----------------+ | Windows Server 2022 | PASS | +---------------------+----------------+ ==== Unit test summary for CentOS Stream 10 (dpdk_unit_test): ==== ninja: Entering directory `/root/workspace/Generic-Unit-Test-DPDK/dpdk/build' ninja: no work to do. 1/119 DPDK:fast-tests / acl_autotest OK 5.37s 2/119 DPDK:fast-tests / alarm_autotest OK 1.19s 3/119 DPDK:fast-tests / argparse_autotest OK 0.18s 4/119 DPDK:fast-tests / atomic_autotest OK 0.68s 5/119 DPDK:fast-tests / bitcount_autotest OK 0.18s 6/119 DPDK:fast-tests / bitmap_autotest OK 0.19s 7/119 DPDK:fast-tests / bitops_autotest OK 1.79s 8/119 DPDK:fast-tests / bitratestats_autotest OK 0.39s 9/119 DPDK:fast-tests / bitset_autotest OK 4.89s 10/119 DPDK:fast-tests / bpf_autotest OK 0.19s 11/119 DPDK:fast-tests / bpf_convert_autotest OK 0.29s 12/119 DPDK:fast-tests / byteorder_autotest OK 0.23s 13/119 DPDK:fast-tests / cfgfile_autotest OK 0.34s 14/119 DPDK:fast-tests / cksum_autotest OK 0.57s 15/119 DPDK:fast-tests / cmdline_autotest OK 0.56s 16/119 DPDK:fast-tests / common_autotest OK 0.60s 17/119 DPDK:fast-tests / compressdev_autotest SKIP 1.04s exit status 77 18/119 DPDK:fast-tests / cpuflags_autotest OK 1.35s 19/119 DPDK:fast-tests / crc_autotest OK 0.40s 20/119 DPDK:fast-tests / user_delay_us OK 0.52s 21/119 DPDK:fast-tests / debug_autotest OK 1.28s 22/119 DPDK:fast-tests / devargs_autotest OK 1.07s 23/119 DPDK:fast-tests / dispatcher_autotest SKIP 0.14s exit status 77 24/119 DPDK:fast-tests / distributor_autotest OK 4.59s 25/119 DPDK:fast-tests / eal_flags_c_opt_autotest OK 1.62s 26/119 DPDK:fast-tests / eal_flags_main_opt_autotest OK 2.47s 27/119 DPDK:fast-tests / eal_flags_n_opt_autotest OK 2.66s 28/119 DPDK:fast-tests / eal_flags_hpet_autotest OK 0.20s 29/119 DPDK:fast-tests / eal_flags_no_huge_autotest OK 0.58s 30/119 DPDK:fast-tests / eal_flags_a_opt_autotest OK 1.84s 31/119 DPDK:fast-tests / eal_flags_b_opt_autotest OK 1.01s 32/119 DPDK:fast-tests / eal_flags_vdev_opt_autotest OK 1.75s 33/119 DPDK:fast-tests / eal_flags_r_opt_autotest OK 0.55s 34/119 DPDK:fast-tests / eal_flags_mem_autotest OK 0.94s 35/119 DPDK:fast-tests / eal_flags_file_prefix_autotest OK 11.03s 36/119 DPDK:fast-tests / eal_flags_misc_autotest OK 3.88s 37/119 DPDK:fast-tests / eal_fs_autotest OK 0.20s 38/119 DPDK:fast-tests / errno_autotest OK 0.18s 39/119 DPDK:fast-tests / ethdev_link_status OK 0.38s 40/119 DPDK:fast-tests / event_eth_tx_adapter_autotest OK 1.09s 41/119 DPDK:fast-tests / event_ring_autotest OK 0.17s 42/119 DPDK:fast-tests / eventdev_common_autotest OK 0.18s 43/119 DPDK:fast-tests / eventdev_selftest_sw OK 0.51s 44/119 DPDK:fast-tests / fbarray_autotest OK 0.16s 45/119 DPDK:fast-tests / fib_autotest OK 3.47s 46/119 DPDK:fast-tests / fib6_autotest OK 3.15s 47/119 DPDK:fast-tests / func_reentrancy_autotest OK 1.53s 48/119 DPDK:fast-tests / graph_autotest OK 0.26s 49/119 DPDK:fast-tests / node_list_dump OK 0.21s 50/119 DPDK:fast-tests / hash_autotest OK 0.39s 51/119 DPDK:fast-tests / hash_readwrite_func_autotest SKIP 0.16s exit status 77 52/119 DPDK:fast-tests / interrupt_autotest OK 1.44s 53/119 DPDK:fast-tests / ipfrag_autotest OK 0.20s 54/119 DPDK:fast-tests / ipsec_autotest SKIP 0.47s exit status 77 55/119 DPDK:fast-tests / kvargs_autotest OK 0.39s 56/119 DPDK:fast-tests / latencystats_autotest OK 0.27s 57/119 DPDK:fast-tests / lcore_var_autotest OK 0.34s 58/119 DPDK:fast-tests / lcores_autotest OK 0.73s 59/119 DPDK:fast-tests / logs_autotest OK 0.17s 60/119 DPDK:fast-tests / lpm_autotest OK 1.54s 61/119 DPDK:fast-tests / lpm6_autotest OK 2.66s 62/119 DPDK:fast-tests / malloc_autotest OK 0.39s 63/119 DPDK:fast-tests / mbuf_autotest OK 0.18s 64/119 DPDK:fast-tests / mcslock_autotest OK 0.47s 65/119 DPDK:fast-tests / member_autotest OK 1.30s 66/119 DPDK:fast-tests / memcpy_autotest OK 3.05s 67/119 DPDK:fast-tests / memory_autotest OK 0.14s 68/119 DPDK:fast-tests / mempool_autotest OK 0.45s 69/119 DPDK:fast-tests / memzone_autotest OK 0.16s 70/119 DPDK:fast-tests / meter_autotest OK 0.27s 71/119 DPDK:fast-tests / metrics_autotest OK 0.19s 72/119 DPDK:fast-tests / multiprocess_autotest OK 0.30s 73/119 DPDK:fast-tests / net_ether_autotest OK 1.57s 74/119 DPDK:fast-tests / net_ipv6_autotest OK 0.25s 75/119 DPDK:fast-tests / pcapng_autotest OK 7.72s 76/119 DPDK:fast-tests / pdcp_autotest SKIP 0.16s exit status 77 77/119 DPDK:fast-tests / pdump_autotest OK 0.32s 78/119 DPDK:fast-tests / per_lcore_autotest FAIL 0.97s (exit status 255 or signal 127 SIGinvalid) >>> MALLOC_PERTURB_=95 DPDK_TEST=per_lcore_autotest /root/workspace/Generic-Unit-Test-DPDK/dpdk/build/app/dpdk-test --no-huge -m 2048 79/119 DPDK:fast-tests / pflock_autotest OK 0.66s 80/119 DPDK:fast-tests / pie_autotest OK 0.19s 81/119 DPDK:fast-tests / ring_pmd_autotest OK 0.19s 82/119 DPDK:fast-tests / power_autotest OK 0.38s 83/119 DPDK:fast-tests / power_cpufreq_autotest SKIP 0.70s exit status 77 84/119 DPDK:fast-tests / power_intel_uncore_autotest SKIP 0.39s exit status 77 85/119 DPDK:fast-tests / power_kvm_vm_autotest SKIP 0.53s exit status 77 86/119 DPDK:fast-tests / prefetch_autotest OK 0.45s 87/119 DPDK:fast-tests / ptr_compress_autotest OK 0.18s 88/119 DPDK:fast-tests / rawdev_autotest OK 0.18s 89/119 DPDK:fast-tests / rcu_qsbr_autotest OK 0.93s 90/119 DPDK:fast-tests / reorder_autotest OK 0.98s 91/119 DPDK:fast-tests / rib_autotest OK 9.26s 92/119 DPDK:fast-tests / rib6_autotest OK 6.20s 93/119 DPDK:fast-tests / ring_autotest OK 0.25s 94/119 DPDK:fast-tests / rwlock_test1_autotest OK 0.29s 95/119 DPDK:fast-tests / rwlock_rda_autotest OK 5.31s 96/119 DPDK:fast-tests / rwlock_rds_wrm_autotest OK 5.42s 97/119 DPDK:fast-tests / rwlock_rde_wro_autotest OK 5.35s 98/119 DPDK:fast-tests / sched_autotest OK 0.23s 99/119 DPDK:fast-tests / security_autotest OK 0.25s 100/119 DPDK:fast-tests / seqlock_autotest SKIP 0.97s exit status 77 101/119 DPDK:fast-tests / service_autotest OK 0.34s 102/119 DPDK:fast-tests / soring_autotest OK 0.17s 103/119 DPDK:fast-tests / spinlock_autotest OK 0.17s 104/119 DPDK:fast-tests / stack_autotest OK 0.18s 105/119 DPDK:fast-tests / stack_lf_autotest OK 0.23s 106/119 DPDK:fast-tests / string_autotest OK 2.19s 107/119 DPDK:fast-tests / table_autotest OK 12.82s 108/119 DPDK:fast-tests / tailq_autotest OK 0.19s 109/119 DPDK:fast-tests / telemetry_data_autotest OK 0.19s 110/119 DPDK:fast-tests / telemetry_json_autotest OK 0.17s 111/119 DPDK:fast-tests / thash_autotest OK 0.20s 112/119 DPDK:fast-tests / threads_autotest OK 0.32s 113/119 DPDK:fast-tests / ticketlock_autotest OK 0.24s 114/119 DPDK:fast-tests / timer_autotest OK 3.49s 115/119 DPDK:fast-tests / trace_autotest OK 0.26s 116/119 DPDK:fast-tests / trace_autotest_with_traces OK 0.20s 117/119 DPDK:fast-tests / vdev_autotest OK 0.18s 118/119 DPDK:fast-tests / version_autotest OK 0.18s 119/119 DPDK:fast-tests / telemetry_all SKIP 0.01s exit status 77 Ok: 108 Expected Fail: 0 Fail: 1 Unexpected Pass: 0 Skipped: 10 Timeout: 0 Full log written to /root/workspace/Generic-Unit-Test-DPDK/dpdk/build/meson-logs/testlog.txt Test log output from the failed test per_lcore_autotest: Sorry, we were not able to find the logs for this test. Download the log output from the CI site for this test run. ==== End log output ==== CentOS Stream 10 Kernel: Depends on container host Compiler: gcc 14.2.1 20241104 (Red Hat 14.2.1-6) CentOS Stream 9 Kernel: Depends on container host Compiler: gcc 11.5.0 20240719 (Red Hat 11.5.0-2) Fedora 41 Kernel: Depends on container host Compiler: gcc 14.2.1 20240912 (Red Hat 14.2.1-3) Debian 12 Kernel: Depends on container host Compiler: gcc (Debian 12.2.0-14) 12.2.0 RHEL9 Kernel: Depends on container host Compiler: gcc 11.5.0 20240719 (Red Hat 11.5.0-2) Fedora 40 Kernel: Depends on container host Compiler: gcc 14.2.1 20240912 (Red Hat 14.2.1-3) RHEL8 Kernel: Depends on container host Compiler: gcc 8.5.0 20210514 (Red Hat 8.5.0-22) Fedora 41 (Clang) Kernel: Depends on container host Compiler: clang 19.1.5 (Fedora 19.1.5-1.fc41) Ubuntu 24.04 Kernel: Depends on container host Compiler: gcc (Ubuntu 13.3.0-6ubuntu2~24.04) 13.3.0 Ubuntu 20.04 Kernel: Depends on container host Compiler: gcc (Ubuntu 9.4.0-1ubuntu1~20.04.2) 9.4.0 Ubuntu 22.04 Kernel: Depends on container host Compiler: gcc (Ubuntu 11.4.0-1ubuntu1~22.04) 11.4.0 Fedora 40 (Clang) Kernel: Depends on container host Compiler: clang 18.1.8 (Fedora 18.1.8-1.fc40) Windows Server 2022 Kernel: 10.0.20348.2031 Compiler: clang 15.0.7, gcc 14.1.0 (MinGW), and MSVC VS 19.39.33521 To view detailed results, visit: https://lab.dpdk.org/results/dashboard/patchsets/33211/ UNH-IOL DPDK Community Lab To manage your email subscriptions, visit: https://lab.dpdk.org/results/dashboard/preferences/subscriptions/