From mboxrd@z Thu Jan 1 00:00:00 1970 Return-Path: Received: from mails.dpdk.org (mails.dpdk.org [217.70.189.124]) by inbox.dpdk.org (Postfix) with ESMTP id 910224679D for ; Tue, 20 May 2025 13:32:43 +0200 (CEST) Received: from mails.dpdk.org (localhost [127.0.0.1]) by mails.dpdk.org (Postfix) with ESMTP id 5E48D40658; Tue, 20 May 2025 13:32:43 +0200 (CEST) Received: from mail-pl1-f227.google.com (mail-pl1-f227.google.com [209.85.214.227]) by mails.dpdk.org (Postfix) with ESMTP id 8C751402C2 for ; Tue, 20 May 2025 13:32:42 +0200 (CEST) Received: by mail-pl1-f227.google.com with SMTP id d9443c01a7336-231e011edfaso44125665ad.0 for ; Tue, 20 May 2025 04:32:42 -0700 (PDT) DKIM-Signature: v=1; a=rsa-sha256; c=relaxed/relaxed; d=iol.unh.edu; s=unh-iol; t=1747740762; x=1748345562; darn=dpdk.org; h=references:in-reply-to:cc:to:from:subject:message-id:date:from:to :cc:subject:date:message-id:reply-to; bh=Ef9qesdXahujCzvhE5ynQGfaVT9R5CizyjXuZuWLJIM=; b=eeqA9i9SXolA+QKZU9cbjqvQhNwx0ByXUWgihaH1h7w4gIzLI6oEsJpQ+NKmm5p2Ul 81wSOlTXVUYsUZHCqP5TRClhEKZo6rtxUy6EmR829WU/cxJ+u3iqMw6Ud0hmoaG89sYW hsoDO20G5hGRLYvAN1rLxT7QHqoYHni/zVG3U= X-Google-DKIM-Signature: v=1; a=rsa-sha256; c=relaxed/relaxed; d=1e100.net; s=20230601; t=1747740762; x=1748345562; h=references:in-reply-to:cc:to:from:subject:message-id:date :x-gm-message-state:from:to:cc:subject:date:message-id:reply-to; bh=Ef9qesdXahujCzvhE5ynQGfaVT9R5CizyjXuZuWLJIM=; b=J5hlO4ClnIbm1HEgY1OpBaVHpu1MUA+Arn4JClNnXypW9Wa7n1FbM7J3buV+VXGkP5 U0E2B5zHdk2veru4Cg+3GQKrtukbAr6zVrYSAf7SyEXl4ihT644yM3edW+lhEUMYV8Un LSw1kcRp88UAcNHz4i30stec38o1WHg316CpLPCr2evttXoFBDpW7fTTh7HoIIBW6+pS YX4kbQa4zQF6PfB+DLp38U6g4EJtLhVICcYEsDtG3conR17iif5DAVksZ5UTcIWeWwj0 BMAvMfidYi6/mS+ontF68BtKsGsN1dVY0L5rFpjAZKiCr25TIEEUnUck5eSXXHWdcl67 Xk+A== X-Gm-Message-State: AOJu0Yy3fGROpwrV1fkjueExoB35dPFdh5FE9jKZZXLgX9t8FFw8yytQ DivlWLqLWDDtCtzGe3MiC33rUziHbfeN9g8UmokQvqohanun+NLedRnI/6u/A1pBJORmLm5DYJ0 DW2KoO4e3K+A50bJ/t5NNDYAnDHF/uWP19r50vIt8BjeLIcj6pYQ/elF4144u X-Gm-Gg: ASbGncvRUal5BzGEVIaA3w9StsgD5J7uuXuJ+zAhYbZ3n425VBfnVI/hB41OXXNLIvq brMoeJvuKlVxSVeymdOMGK+DoB0DNoUFhypj2bEX5a4oeUVI2bGfpjkTiRigXVZzrBa6rfo3nV1 ODaf0KOmIYIrDapIz4x+31lAtpu4a7aEB8Kzs3WYtmOJwb26KDyTGmtKAyT/Tin/odiep9xPBFa p99buN3P2QE2V9OMQPjeSKqjuTBPsXp/7w9y9jh/OHu4WkSVOH0tgn/FEoWPQlgLZDk5AsVT5vQ EsML/f51WjrIrq8qvBMcdEwkRIJLl1wQaLY5 X-Google-Smtp-Source: AGHT+IHMopulauNGP5d7rGYwDYnlYRN2U+cudcxFCBjfKd+zkzZmXLmUR6L8PJJpXEad0vzaBaTewknuuKKH X-Received: by 2002:a17:902:cf12:b0:22e:69ee:b275 with SMTP id d9443c01a7336-231d45aca8cmr213289525ad.47.1747740761716; Tue, 20 May 2025 04:32:41 -0700 (PDT) Received: from postal.iol.unh.edu (postal.iol.unh.edu. [2606:4100:3880:1234::84]) by smtp-relay.gmail.com with ESMTPS id d9443c01a7336-231d4ad4480sm5020165ad.48.2025.05.20.04.32.41 (version=TLS1_2 cipher=ECDHE-ECDSA-AES128-GCM-SHA256 bits=128/128); Tue, 20 May 2025 04:32:41 -0700 (PDT) X-Relaying-Domain: iol.unh.edu Date: Tue, 20 May 2025 04:32:41 -0700 (PDT) Message-ID: <682c6859.170a0220.2cac35.f018SMTPIN_ADDED_MISSING@mx.google.com> Received: from [172.17.0.3] (unknown [172.18.0.74]) by postal.iol.unh.edu (Postfix) with ESMTP id 26B956052472; Tue, 20 May 2025 07:32:41 -0400 (EDT) Subject: |FAILURE| pw153528-153536 [PATCH] [9/9] crypto/dpaa2_sec: add suppor From: dpdklab@iol.unh.edu To: Test Report Cc: dpdk-test-reports@iol.unh.edu, Gagandeep Singh In-Reply-To: <20250520055133.506071-9-g.singh@nxp.com> References: <20250520055133.506071-9-g.singh@nxp.com> Content-Type: text/plain X-BeenThere: test-report@dpdk.org X-Mailman-Version: 2.1.29 Precedence: list List-Id: automatic DPDK test reports List-Unsubscribe: , List-Archive: List-Post: List-Help: List-Subscribe: , Errors-To: test-report-bounces@dpdk.org Test-Label: iol-compile-amd64-testing Test-Status: FAILURE http://dpdk.org/patch/153536 _Testing issues_ Submitter: Gagandeep Singh Date: Tuesday, May 20 2025 05:51:33 DPDK git baseline: Repo:dpdk Branch: master CommitID:117e86c4b96ed761e9a7ab766261208fe81bf5ca 153528-153536 --> testing issues Upstream job id: Generic-DPDK-Compile-Meson#389671 Test environment and result as below: +-----------------------------------+-------------------------+-------------------+--------------------+----------------------+-------------------+------------------+ | Environment | dpdk_llvm_clang_compile | dpdk_msvc_compile | dpdk_meson_compile | dpdk_mingw64_compile | dpdk_compile_spdk | dpdk_compile_ovs | +===================================+=========================+===================+====================+======================+===================+==================+ | Windows Server 2022 | PASS | PASS | SKIPPED | PASS | SKIPPED | SKIPPED | +-----------------------------------+-------------------------+-------------------+--------------------+----------------------+-------------------+------------------+ | FreeBSD 13.5 | SKIPPED | SKIPPED | PASS | SKIPPED | SKIPPED | SKIPPED | +-----------------------------------+-------------------------+-------------------+--------------------+----------------------+-------------------+------------------+ | FreeBSD 14.2 | SKIPPED | SKIPPED | PASS | SKIPPED | SKIPPED | SKIPPED | +-----------------------------------+-------------------------+-------------------+--------------------+----------------------+-------------------+------------------+ | Ubuntu 20.04 | SKIPPED | SKIPPED | PASS | SKIPPED | SKIPPED | SKIPPED | +-----------------------------------+-------------------------+-------------------+--------------------+----------------------+-------------------+------------------+ | CentOS Stream 9 | SKIPPED | SKIPPED | PASS | SKIPPED | PASS | SKIPPED | +-----------------------------------+-------------------------+-------------------+--------------------+----------------------+-------------------+------------------+ | CentOS Stream 10 | SKIPPED | SKIPPED | PASS | SKIPPED | SKIPPED | SKIPPED | +-----------------------------------+-------------------------+-------------------+--------------------+----------------------+-------------------+------------------+ | Debian 12 | SKIPPED | SKIPPED | PASS | SKIPPED | PASS | SKIPPED | +-----------------------------------+-------------------------+-------------------+--------------------+----------------------+-------------------+------------------+ | Fedora 40 (Clang) | SKIPPED | SKIPPED | PASS | SKIPPED | PASS | SKIPPED | +-----------------------------------+-------------------------+-------------------+--------------------+----------------------+-------------------+------------------+ | Fedora 40 | SKIPPED | SKIPPED | PASS | SKIPPED | PASS | SKIPPED | +-----------------------------------+-------------------------+-------------------+--------------------+----------------------+-------------------+------------------+ | Fedora 41 (Clang) | SKIPPED | SKIPPED | PASS | SKIPPED | PASS | PASS | +-----------------------------------+-------------------------+-------------------+--------------------+----------------------+-------------------+------------------+ | Fedora 41 | SKIPPED | SKIPPED | PASS | SKIPPED | PASS | PASS | +-----------------------------------+-------------------------+-------------------+--------------------+----------------------+-------------------+------------------+ | RHEL8 | SKIPPED | SKIPPED | PASS | SKIPPED | SKIPPED | SKIPPED | +-----------------------------------+-------------------------+-------------------+--------------------+----------------------+-------------------+------------------+ | RHEL9 | SKIPPED | SKIPPED | PASS | SKIPPED | SKIPPED | SKIPPED | +-----------------------------------+-------------------------+-------------------+--------------------+----------------------+-------------------+------------------+ | Ubuntu 22.04 | SKIPPED | SKIPPED | PASS | SKIPPED | PASS | SKIPPED | +-----------------------------------+-------------------------+-------------------+--------------------+----------------------+-------------------+------------------+ | Ubuntu 24.04 | SKIPPED | SKIPPED | PASS | SKIPPED | PASS | PASS | +-----------------------------------+-------------------------+-------------------+--------------------+----------------------+-------------------+------------------+ | Alpine | SKIPPED | SKIPPED | PASS | SKIPPED | SKIPPED | SKIPPED | +-----------------------------------+-------------------------+-------------------+--------------------+----------------------+-------------------+------------------+ | Ubuntu 24.04 32 Bit Cross Compile | SKIPPED | SKIPPED | FAIL | SKIPPED | SKIPPED | SKIPPED | +-----------------------------------+-------------------------+-------------------+--------------------+----------------------+-------------------+------------------+ | openSUSE Leap 15 | SKIPPED | SKIPPED | PASS | SKIPPED | SKIPPED | SKIPPED | +-----------------------------------+-------------------------+-------------------+--------------------+----------------------+-------------------+------------------+ ==== 20 line log output for Ubuntu 24.04 32 Bit Cross Compile (dpdk_meson_compile): ==== 372 | DPAA2_DYN_TX_MIN_FD_OFFSET); | ^ ../lib/log/rte_log.h:334:39: note: in definition of macro 'RTE_LOG' 334 | RTE_LOGTYPE_ ## t, # t ": " __VA_ARGS__) | ^ ../drivers/crypto/dpaa2_sec/dpaa2_sec_logs.h:15:9: note: in expansion of macro 'RTE_LOG_LINE' 15 | RTE_LOG_LINE(level, DPAA2_SEC, __VA_ARGS__) | ^~~~~~~~~~~~ ../drivers/crypto/dpaa2_sec/dpaa2_sec_logs.h:25:9: note: in expansion of macro 'DPAA2_SEC_LOG' 25 | DPAA2_SEC_LOG(ERR, fmt, ## __VA_ARGS__) | ^~~~~~~~~~~~~ ../drivers/crypto/dpaa2_sec/dpaa2_sec_dpseci.c:370:25: note: in expansion of macro 'DPAA2_SEC_ERR' 370 | DPAA2_SEC_ERR("ENC FAEAD being overlapped %p < %p + %lu", | ^~~~~~~~~~~~~ ../drivers/crypto/dpaa2_sec/dpaa2_sec_dpseci.c: In function 'dpaa2_sec_simple_fd_to_mbuf': ../drivers/crypto/dpaa2_sec/dpaa2_sec_dpseci.c:1613:30: error: cast to pointer from integer of different size [-Werror=int-to-pointer-cast] 1613 | op_context = (void *)((uint64_t)mbuf + s_dpaa2_sec_cntx_pos); | ^ cc1: all warnings being treated as errors ninja: build stopped: subcommand failed. ==== End log output ==== Windows Server 2022 Kernel: 10.0.20348.2031 Compiler: clang 15.0.7, gcc 14.1.0 (MinGW), and MSVC VS 19.39.33521 FreeBSD 13.5 Kernel: 13.5-RELEASE Compiler: clang 19.1.7 FreeBSD 14.2 Kernel: 14.2-RELEASE Compiler: clang 18.1.6 Ubuntu 20.04 Kernel: 4.19.325-0419325-generic Compiler: gcc (Ubuntu 9.4.0-1ubuntu1~20.04.2) 9.4.0 CentOS Stream 9 Kernel: Depends on container host Compiler: gcc 11.5.0 20240719 (Red Hat 11.5.0-2) CentOS Stream 10 Kernel: Depends on container host Compiler: gcc 14.2.1 20241104 (Red Hat 14.2.1-6) Debian 12 Kernel: Depends on container host Compiler: gcc (Debian 12.2.0-14) 12.2.0 Fedora 40 (Clang) Kernel: Depends on container host Compiler: clang 18.1.8 (Fedora 18.1.8-1.fc40) Fedora 40 Kernel: Depends on container host Compiler: gcc 14.2.1 20240912 (Red Hat 14.2.1-3) Fedora 41 (Clang) Kernel: Depends on container host Compiler: clang 19.1.5 (Fedora 19.1.5-1.fc41) Fedora 41 Kernel: Depends on container host Compiler: gcc 14.2.1 20240912 (Red Hat 14.2.1-3) RHEL8 Kernel: Depends on container host Compiler: gcc 8.5.0 20210514 (Red Hat 8.5.0-22) RHEL9 Kernel: Depends on container host Compiler: gcc 11.5.0 20240719 (Red Hat 11.5.0-2) Ubuntu 22.04 Kernel: Depends on container host Compiler: gcc (Ubuntu 11.4.0-1ubuntu1~22.04) 11.4.0 Ubuntu 24.04 Kernel: Depends on container host Compiler: gcc (Ubuntu 13.3.0-6ubuntu2~24.04) 13.3.0 Alpine Kernel: Depends on container host Compiler: gcc (Alpine 14.2.0) 14.2.0 Ubuntu 24.04 32 Bit Cross Compile Kernel: Depends on container host Compiler: gcc (Ubuntu 13.3.0-6ubuntu2~24.04) 13.3.0 openSUSE Leap 15 Kernel: Depends on container host Compiler: gcc (SUSE Linux) 7.5.0 To view detailed results, visit: https://lab.dpdk.org/results/dashboard/patchsets/33211/ UNH-IOL DPDK Community Lab To manage your email subscriptions, visit: https://lab.dpdk.org/results/dashboard/preferences/subscriptions/