From mboxrd@z Thu Jan 1 00:00:00 1970 Return-Path: Received: from mails.dpdk.org (mails.dpdk.org [217.70.189.124]) by inbox.dpdk.org (Postfix) with ESMTP id E6760467A3 for ; Wed, 21 May 2025 02:18:51 +0200 (CEST) Received: from mails.dpdk.org (localhost [127.0.0.1]) by mails.dpdk.org (Postfix) with ESMTP id B07E540A70; Wed, 21 May 2025 02:18:51 +0200 (CEST) Received: from mail-qv1-f98.google.com (mail-qv1-f98.google.com [209.85.219.98]) by mails.dpdk.org (Postfix) with ESMTP id C5BA640A6F for ; Wed, 21 May 2025 02:18:49 +0200 (CEST) Received: by mail-qv1-f98.google.com with SMTP id 6a1803df08f44-6f8b9c6b453so52872906d6.2 for ; Tue, 20 May 2025 17:18:49 -0700 (PDT) DKIM-Signature: v=1; a=rsa-sha256; c=relaxed/relaxed; d=iol.unh.edu; s=unh-iol; t=1747786729; x=1748391529; darn=dpdk.org; h=references:in-reply-to:cc:to:from:subject:message-id:date:from:to :cc:subject:date:message-id:reply-to; bh=X0ude5KTZQmlxAGBvxv6oYMRFdG6EJoB5flBhF/LEu0=; b=R2tHhX6aPUjSJ5Okmdmo2b3PVSlamqVFsVUuP1B7zjAxD6SYpWZ1QwSJNSk+bF1Npj x3Q5MWODeGq8o/Mb7FJUgPquTHEwbGXo2HT+jAniL0uS/ZNi+EKFWzOWDR3Pevdzyc84 n7Ma1Kr3X//tJUqQg9ZXWQIyhn0DfJ94dh6/s= X-Google-DKIM-Signature: v=1; a=rsa-sha256; c=relaxed/relaxed; d=1e100.net; s=20230601; t=1747786729; x=1748391529; h=references:in-reply-to:cc:to:from:subject:message-id:date :x-gm-message-state:from:to:cc:subject:date:message-id:reply-to; bh=X0ude5KTZQmlxAGBvxv6oYMRFdG6EJoB5flBhF/LEu0=; b=Kv7aBkyu0ug5ZAeYOJQ647iiNWBor+Cjc+3pI2av6sRa7MO1UCmE/mpXq2wQD258c7 xRfIumZKGAP70X7vHrVgkojbB+2tfj0VALcXE1FpIAWqf/T13d7JMUQx7TAm68HcYQOT f8nmfB+PC8RTSk+VzcEeL/664cgQisQ8AIPDxEBTDOs85hmwtoup/QdC+vS3pOxcSgtO pNUX46jssRtfYgYIA5Wz63tLsmuzNcsmlUf0RyTDsGYJXmqWudn7uD439JZW/fn5UvED X9tLkMI3YAOTfgzzXU1EBr7QFozFX24ZhvYSjotN3MO8MAWxOQZpjeCivrDiqmPqTZ/0 CX2g== X-Gm-Message-State: AOJu0YyOaXkaxFvJQwAu6ZjSnBjihyQ3e4VhE2NFZQSjCkrv58RtB6Zd kgtBUy5xWBAm1yHXu7Ld5bHAt5Uv6zSgyO7YiNWaMPWmTuxp1dAAUFAx41vxOgpBxSMyqkwTx+/ 0By1SmSTxL7v8OXl1hHItPXCKkIiYsvqDj9rSZCtOikcAzBsgfPgbL87gqQA0 X-Gm-Gg: ASbGnctGS7ONxUxT7/kx4lYbky4Ol1cFhy3Ex6hQ/H+VdkZfu4h0wHIWdO6WfvhvQbc ItCXot2nwLeCc7r/SETx9/s5gon6F6Y1ukDlUqudpA5eHXfoOnL/sDe5G51qqpkMTbS8GbGR3Qe 7hMbpJZQeyQE5C7QnBpXgSGADsMb2aL5IylOqRCFsspzkNuGOOriA3YQiw7kPj28tyTtMgH5+7X SJcR0kZ4CFN8VDjuv2mMJt5pH4/ND0XlBd2Obl7I7FIXVB/SXnNeNnKZU69kokSlcrjJY0gp5QB B0RCpACH97neQbh/nbZieLVH1hutjCTp7KC+ X-Google-Smtp-Source: AGHT+IFmStVHShNhwQYs9HXy2Kk5utmPVejQqCXcspe3nzr0a6WQ1mDASbdwh1cuy6BmAZi9d+HtQI54nqov X-Received: by 2002:a05:6214:da2:b0:6f8:aebb:71c1 with SMTP id 6a1803df08f44-6f8b2cc7891mr289683306d6.4.1747786728988; Tue, 20 May 2025 17:18:48 -0700 (PDT) Received: from postal.iol.unh.edu (postal.iol.unh.edu. [2606:4100:3880:1234::84]) by smtp-relay.gmail.com with ESMTPS id 6a1803df08f44-6f8b09b57b8sm3980506d6.66.2025.05.20.17.18.48 (version=TLS1_2 cipher=ECDHE-ECDSA-AES128-GCM-SHA256 bits=128/128); Tue, 20 May 2025 17:18:48 -0700 (PDT) X-Relaying-Domain: iol.unh.edu Date: Tue, 20 May 2025 17:18:48 -0700 (PDT) Message-ID: <682d1be8.d40a0220.203aff.6c7eSMTPIN_ADDED_MISSING@mx.google.com> Received: from [172.21.0.5] (unknown [172.18.0.240]) by postal.iol.unh.edu (Postfix) with ESMTP id A40F06052471; Tue, 20 May 2025 20:18:48 -0400 (EDT) Subject: |WARNING| pw153547 [PATCH] net/mana: check for vendor_part_id when p From: dpdklab@iol.unh.edu To: Test Report Cc: dpdk-test-reports@iol.unh.edu In-Reply-To: <1747781296-19645-1-git-send-email-longli@linuxonhyperv.com> References: <1747781296-19645-1-git-send-email-longli@linuxonhyperv.com> Content-Type: text/plain X-BeenThere: test-report@dpdk.org X-Mailman-Version: 2.1.29 Precedence: list List-Id: automatic DPDK test reports List-Unsubscribe: , List-Archive: List-Post: List-Help: List-Subscribe: , Errors-To: test-report-bounces@dpdk.org Test-Label: iol-abi-testing Test-Status: WARNING http://dpdk.org/patch/153547 _Testing issues_ Submitter: Long Li Date: Tuesday, May 20 2025 22:48:16 DPDK git baseline: Repo:dpdk Branch: master CommitID:a0dde342cc312fd75b63281f63d757db7482cdab 153547 --> testing issues Upstream job id: Generic-DPDK-Compile-ABI#127089 Test environment and result as below: +-------------------+----------+ | Environment | abi_test | +===================+==========+ | CentOS Stream 9 | FAIL | +-------------------+----------+ | CentOS Stream 10 | FAIL | +-------------------+----------+ | Debian 12 | FAIL | +-------------------+----------+ | Fedora 40 (Clang) | FAIL | +-------------------+----------+ | Fedora 40 | FAIL | +-------------------+----------+ | Fedora 41 (Clang) | FAIL | +-------------------+----------+ | Fedora 41 | FAIL | +-------------------+----------+ | RHEL8 | FAIL | +-------------------+----------+ | openSUSE Leap 15 | FAIL | +-------------------+----------+ | Ubuntu 24.04 | FAIL | +-------------------+----------+ | RHEL9 | FAIL | +-------------------+----------+ | Ubuntu 22.04 | FAIL | +-------------------+----------+ ==== 20 line log output for Ubuntu 22.04 (abi_test): ==== Variables changes summary: 0 Removed, 0 Changed (2 filtered out), 0 Added variables Functions changes summary: 0 Removed, 0 Changed (24 filtered out), 0 Added functions Variables changes summary: 0 Removed, 0 Changed (2 filtered out), 0 Added variables Functions changes summary: 0 Removed, 0 Changed (1 filtered out), 0 Added function Variables changes summary: 0 Removed, 0 Changed, 0 Added variable Functions changes summary: 0 Removed, 0 Changed (295 filtered out), 0 Added (8 filtered out) functions Variables changes summary: 0 Removed, 0 Changed, 0 Added variable Functions changes summary: 0 Removed, 0 Changed (4 filtered out), 0 Added (1 filtered out) functions Variables changes summary: 0 Removed, 0 Changed (1 filtered out), 0 Added variable Functions changes summary: 0 Removed, 0 Changed (7 filtered out), 0 Added functions Variables changes summary: 0 Removed, 0 Changed, 0 Added variable Functions changes summary: 0 Removed, 0 Changed (215 filtered out), 0 Added (2 filtered out) functions Variables changes summary: 0 Removed, 0 Changed, 0 Added variable ==== End log output ==== CentOS Stream 9 Kernel: Depends on container host Compiler: gcc 11.5.0 20240719 (Red Hat 11.5.0-2) CentOS Stream 10 Kernel: Depends on container host Compiler: gcc 14.2.1 20241104 (Red Hat 14.2.1-6) Debian 12 Kernel: Depends on container host Compiler: gcc (Debian 12.2.0-14) 12.2.0 Fedora 40 (Clang) Kernel: Depends on container host Compiler: clang 18.1.8 (Fedora 18.1.8-1.fc40) Fedora 40 Kernel: Depends on container host Compiler: gcc 14.2.1 20240912 (Red Hat 14.2.1-3) Fedora 41 (Clang) Kernel: Depends on container host Compiler: clang 19.1.5 (Fedora 19.1.5-1.fc41) Fedora 41 Kernel: Depends on container host Compiler: gcc 14.2.1 20240912 (Red Hat 14.2.1-3) RHEL8 Kernel: Depends on container host Compiler: gcc 8.5.0 20210514 (Red Hat 8.5.0-22) openSUSE Leap 15 Kernel: Depends on container host Compiler: gcc (SUSE Linux) 7.5.0 Ubuntu 24.04 Kernel: Depends on container host Compiler: gcc (Ubuntu 13.3.0-6ubuntu2~24.04) 13.3.0 RHEL9 Kernel: Depends on container host Compiler: gcc 11.5.0 20240719 (Red Hat 11.5.0-2) Ubuntu 22.04 Kernel: Depends on container host Compiler: gcc (Ubuntu 11.4.0-1ubuntu1~22.04) 11.4.0 To view detailed results, visit: https://lab.dpdk.org/results/dashboard/patchsets/33216/ UNH-IOL DPDK Community Lab To manage your email subscriptions, visit: https://lab.dpdk.org/results/dashboard/preferences/subscriptions/