From mboxrd@z Thu Jan 1 00:00:00 1970 Return-Path: Received: from mails.dpdk.org (mails.dpdk.org [217.70.189.124]) by inbox.dpdk.org (Postfix) with ESMTP id 13F96467A8 for ; Wed, 21 May 2025 09:17:56 +0200 (CEST) Received: from mails.dpdk.org (localhost [127.0.0.1]) by mails.dpdk.org (Postfix) with ESMTP id E9BCA40EAB; Wed, 21 May 2025 09:17:55 +0200 (CEST) Received: from mail-oa1-f100.google.com (mail-oa1-f100.google.com [209.85.160.100]) by mails.dpdk.org (Postfix) with ESMTP id 7C88D40EA5 for ; Wed, 21 May 2025 09:17:54 +0200 (CEST) Received: by mail-oa1-f100.google.com with SMTP id 586e51a60fabf-2e41064e247so2092369fac.3 for ; Wed, 21 May 2025 00:17:54 -0700 (PDT) DKIM-Signature: v=1; a=rsa-sha256; c=relaxed/relaxed; d=iol.unh.edu; s=unh-iol; t=1747811873; x=1748416673; darn=dpdk.org; h=cc:to:from:subject:message-id:date:from:to:cc:subject:date :message-id:reply-to; bh=WaMDT54U57l5rZdruWz3tkTNFuqQ3V3YtTQE5vdNYlI=; b=Iip7lbdVMF7CppQL3BMNL0aoHOxqGmZHPFTw9MV99tMuJyqxuqPf/71eiWKznpN7G6 VfEPxnRJax8qwIazmXsWatN8xBwZ8o5wg74/MHarOqpYwQA+mrEJfiEcrzuP6Cv3IzRv OI1ONAV1SeofsJEWRBRpJgi8SdGIlmmxBuBFE= X-Google-DKIM-Signature: v=1; a=rsa-sha256; c=relaxed/relaxed; d=1e100.net; s=20230601; t=1747811873; x=1748416673; h=cc:to:from:subject:message-id:date:x-gm-message-state:from:to:cc :subject:date:message-id:reply-to; bh=WaMDT54U57l5rZdruWz3tkTNFuqQ3V3YtTQE5vdNYlI=; b=p1ErPE5BUsySyUxKOBAhyS96ZLBj0E42Hys3WmHGuUIrfmUIjFVsf1fw+U30UEiMHJ +K3HCBT/4QJ1JpMfwShnHhnTVizswPETFoQ5DhUwqz//J1E+o4dQ0PV7DycIZLS66BN0 n8e4tCZdM85QV5zc1GgIAjLadsUOt/cLFMzkJSyQC8oGKz0DxEQE9/qXDHXB9SsGJ8vd OgAmJVwLkAONvN+aiVbqYEy3Jw/DiNc8Kz/0Av8p9+6CWuPCtCbiN+KQ/BgSu7g4oJ6+ 04++wBGSg+edPG/BoGPuszgnCXwfDiJKSW/5HW7ExLbW6yZ9LHolgFV5ZSEFRSzJhQ4X Fa7A== X-Gm-Message-State: AOJu0YxNYYLbqt83UwYxi4ARIuZ4k1GDzoyK1JEIGnHbbfy/gnV5Y8sk AHT97U9cE2AouQack3rcMdDzawUUMDgfbJHk4d1GnLsW7/WrIYHl+KP2cfheC11nE+qMyVEUN5o r28lcO3dt5LUMpv6KRLIrXgkXIJiEeFcqAG/KP2YR3ueUjH/mj29Q X-Gm-Gg: ASbGnct+FD/hT1O4FVqnmRTSBKiH9doC3tUWZbc8IVOclEmDrtCZBRc+GBF6iLf58j8 /Io+Uzt+9/hDudEwNEB4EcUsQr+IX4RQsD58nbRX8Mn1f1IUtYeU3WLj0Ce1Lp7k1wAPVUUZhJi qbQQ/TYmip0hpUGuFfmNB1YBurCLimXKJv2bBYxzx5HUoC8aCUyKnqbVsuS+I3x7c05vVKuxgpD MYOBnZHFLWhfIFNOw+UUKbjA8qzi+TH9qHMRM1MwU3A7AJCqhFWwAgbvmrDzmzFBdAUP0/vCGrO jvwBmcWX5x6VNrLHCriRtb5i21AxmraaQi7L X-Google-Smtp-Source: AGHT+IF0hYePosF9o9DAMT7/wWpoFJC+Fr9Ra5FfoNmPA66675YWm2EeO97AFEgPiQR97ddNVbuyo0mru+FF X-Received: by 2002:a05:6871:7883:b0:29e:2bbd:51ba with SMTP id 586e51a60fabf-2e3c1bfbe86mr12421118fac.9.1747811873656; Wed, 21 May 2025 00:17:53 -0700 (PDT) Received: from postal.iol.unh.edu (postal.iol.unh.edu. [2606:4100:3880:1234::84]) by smtp-relay.gmail.com with ESMTPS id 586e51a60fabf-2e3c0ba9ea2sm597135fac.32.2025.05.21.00.17.53 (version=TLS1_2 cipher=ECDHE-ECDSA-AES128-GCM-SHA256 bits=128/128); Wed, 21 May 2025 00:17:53 -0700 (PDT) X-Relaying-Domain: iol.unh.edu Date: Wed, 21 May 2025 00:17:53 -0700 (PDT) Message-ID: <682d7e21.050a0220.236485.35c9SMTPIN_ADDED_MISSING@mx.google.com> Received: from [172.21.0.5] (unknown [172.18.0.240]) by postal.iol.unh.edu (Postfix) with ESMTP id 26B886052471; Wed, 21 May 2025 03:17:53 -0400 (EDT) Subject: |FAILURE| [GIT MASTER] 4401486b5e30d43a134f80f9802f60b5f43e74a8 From: dpdklab@iol.unh.edu To: Test Report Cc: dpdk-test-reports@iol.unh.edu, Xueming Li , Christian Ehrhardt , Kevin Traynor , Luca Boccassi Content-Type: text/plain X-BeenThere: test-report@dpdk.org X-Mailman-Version: 2.1.29 Precedence: list List-Id: automatic DPDK test reports List-Unsubscribe: , List-Archive: List-Post: List-Help: List-Subscribe: , Errors-To: test-report-bounces@dpdk.org _Testing issues_ Branch: tags/v22.11 4401486b5e30d43a134f80f9802f60b5f43e74a8 --> testing issues Upstream job id: Generic-Unit-Test-DPDK#339424 Test environment and result as below: +---------------------+----------------+ | Environment | dpdk_unit_test | +=====================+================+ | CentOS Stream 10 | PEND | +---------------------+----------------+ | CentOS Stream 9 | PEND | +---------------------+----------------+ | Debian 12 | PEND | +---------------------+----------------+ | Ubuntu 20.04 | PASS | +---------------------+----------------+ | RHEL9 | FAIL | +---------------------+----------------+ | RHEL8 | PEND | +---------------------+----------------+ | Fedora 40 | PEND | +---------------------+----------------+ | Fedora 41 (Clang) | PEND | +---------------------+----------------+ | Ubuntu 22.04 | PEND | +---------------------+----------------+ | Fedora 40 (Clang) | PEND | +---------------------+----------------+ | Ubuntu 24.04 | PEND | +---------------------+----------------+ | Fedora 41 | PEND | +---------------------+----------------+ | Windows Server 2022 | FAIL | +---------------------+----------------+ ==== Unit test summary for Windows Server 2022 (dpdk_unit_test): ==== Failed to get the unit test results. Displaying the unit test results is not supported for some environments, such as our aarch32 testing, where meson is not used to run the tests. Download the logs available on our CI site. ==== End log output ==== CentOS Stream 10 Kernel: Depends on container host Compiler: gcc 14.2.1 20241104 (Red Hat 14.2.1-6) CentOS Stream 9 Kernel: Depends on container host Compiler: gcc 11.5.0 20240719 (Red Hat 11.5.0-2) Debian 12 Kernel: Depends on container host Compiler: gcc (Debian 12.2.0-14) 12.2.0 Ubuntu 20.04 Kernel: Depends on container host Compiler: gcc (Ubuntu 9.4.0-1ubuntu1~20.04.2) 9.4.0 RHEL9 Kernel: Depends on container host Compiler: gcc 11.5.0 20240719 (Red Hat 11.5.0-2) RHEL8 Kernel: Depends on container host Compiler: gcc 8.5.0 20210514 (Red Hat 8.5.0-22) Fedora 40 Kernel: Depends on container host Compiler: gcc 14.2.1 20240912 (Red Hat 14.2.1-3) Fedora 41 (Clang) Kernel: Depends on container host Compiler: clang 19.1.5 (Fedora 19.1.5-1.fc41) Ubuntu 22.04 Kernel: Depends on container host Compiler: gcc (Ubuntu 11.4.0-1ubuntu1~22.04) 11.4.0 Fedora 40 (Clang) Kernel: Depends on container host Compiler: clang 18.1.8 (Fedora 18.1.8-1.fc40) Ubuntu 24.04 Kernel: Depends on container host Compiler: gcc (Ubuntu 13.3.0-6ubuntu2~24.04) 13.3.0 Fedora 41 Kernel: Depends on container host Compiler: gcc 14.2.1 20240912 (Red Hat 14.2.1-3) Windows Server 2022 Kernel: 10.0.20348.2031 Compiler: clang 15.0.7, gcc 14.1.0 (MinGW), and MSVC VS 19.39.33521 To view detailed results, visit: https://lab.dpdk.org/results/dashboard/tarballs/33595/ UNH-IOL DPDK Community Lab To manage your email subscriptions, visit: https://lab.dpdk.org/results/dashboard/preferences/subscriptions/