From mboxrd@z Thu Jan 1 00:00:00 1970 Return-Path: Received: from mails.dpdk.org (mails.dpdk.org [217.70.189.124]) by inbox.dpdk.org (Postfix) with ESMTP id D0353467A8 for ; Wed, 21 May 2025 09:47:05 +0200 (CEST) Received: from mails.dpdk.org (localhost [127.0.0.1]) by mails.dpdk.org (Postfix) with ESMTP id A4AA840EE2; Wed, 21 May 2025 09:39:38 +0200 (CEST) Received: from mail-pl1-f226.google.com (mail-pl1-f226.google.com [209.85.214.226]) by mails.dpdk.org (Postfix) with ESMTP id 8D37B40EA5 for ; Wed, 21 May 2025 09:39:37 +0200 (CEST) Received: by mail-pl1-f226.google.com with SMTP id d9443c01a7336-22c336fcdaaso51544715ad.3 for ; Wed, 21 May 2025 00:39:37 -0700 (PDT) DKIM-Signature: v=1; a=rsa-sha256; c=relaxed/relaxed; d=iol.unh.edu; s=unh-iol; t=1747813176; x=1748417976; darn=dpdk.org; h=cc:to:from:subject:message-id:date:from:to:cc:subject:date :message-id:reply-to; bh=Ni6Hrfr2Np9HUCVVkpSrtGiWfoyDVwXTDrBHk0GUiCk=; b=H5sxGhT8nhdcRxBtI3wzauaPn2l020UymBSMzsuOql0ILvBXXoHPo+vcKSx72C013z wKDkBuWOjClCyli+wCtbSX7Y6vrWd96mQ1VuSuF3BGmJWMYlAqB8ioVeanzLWS1796zp QH5peGNTifd1CXzCW97YkKvUBCpeDEgTC1tOk= X-Google-DKIM-Signature: v=1; a=rsa-sha256; c=relaxed/relaxed; d=1e100.net; s=20230601; t=1747813176; x=1748417976; h=cc:to:from:subject:message-id:date:x-gm-message-state:from:to:cc :subject:date:message-id:reply-to; bh=Ni6Hrfr2Np9HUCVVkpSrtGiWfoyDVwXTDrBHk0GUiCk=; b=l51RmLMKScsiiSGQ4294D7x4EEDB8ioghK6N6vIqRn0UF61BfNfaVcZb+jNTq7bWnM hlSia0mXtFppd9CLf4tAhvm9hP2TsEv/jnbZzKYy/nrLij0ExgHWiJmgeNps22vPQOmz Qw0q5EMYsL6EKJnfnUdB7y3fY/Fsj8s+NRlO2TVsZDh19K2yD2VDF1mhI1smuu1+pk9N 2nc1GADQPK7iF8pI+Sw3l0adbElsHxIrCHRwTqLmEOYqsELB1pMSxVJcR2ZliWUT6fkp R2m2XZaYgqGpjYgTiW+OGPuwv/J7P51WZbspfdzf/7yl75YRXEMlW6x9Rfm2h8zy1zfc RuhA== X-Gm-Message-State: AOJu0Yxx1W34sKjPshlCE8UbS6FKozwnXuYWKltkjHP5U41bcYqGg/NH cRyy0C0pRSm2Z0AqDq6+P+EAFXwIAUYaibE8kHCythyJK5c3z3wJ0lSooSyGK6pEJf/sSl/o+o4 Dw6dCw0vBEz4wXJFBddB0LTgm9LUPhdowOAMtyv8nQy9ehxxOib3w X-Gm-Gg: ASbGncsnpzC4cL0FafMTbgMc8iQlp6TIZFt+CbEJoW9o8khta/nsgS/+mUMnKPoFJ+o Qczzh75sKhO76pN975nvqEJaNJgjpPyRX6lkh5JP9P6cWVAdygFcnMoQSKFC6YQIvSAFqBNsYcK l3cJRiO0A+GxUtQg7ZzFqHlDbx5awm92CXpnhAIp1hf8GA1AaXAxuwrS1nKaK0Sao97lOsH0zwP wi/rcVm6ZEVPSQAY2jlqNWLBIUO73rdh/U2kDH8MS4OgaseAzKuu0dcwLK9aQwmOqGwtkeWUKRq Rndq6E2TTs09M4U2vVRLdgKus9zjbGfuMOBJ X-Google-Smtp-Source: AGHT+IEaD14O6q2rmU2WJUoYfykLA1WMoEE7MKMfzC3qzFHs08eIe8bwUTCcWvX0agybQIohRQyKf7G2n32T X-Received: by 2002:a17:902:e5d1:b0:223:54aa:6d15 with SMTP id d9443c01a7336-231d44e4599mr301258205ad.12.1747813176192; Wed, 21 May 2025 00:39:36 -0700 (PDT) Received: from postal.iol.unh.edu (postal.iol.unh.edu. [2606:4100:3880:1234::84]) by smtp-relay.gmail.com with ESMTPS id d9443c01a7336-231d4ebb0c7sm5919165ad.114.2025.05.21.00.39.36 (version=TLS1_2 cipher=ECDHE-ECDSA-AES128-GCM-SHA256 bits=128/128); Wed, 21 May 2025 00:39:36 -0700 (PDT) X-Relaying-Domain: iol.unh.edu Date: Wed, 21 May 2025 00:39:36 -0700 (PDT) Message-ID: <682d8338.170a0220.1b61c7.fe48SMTPIN_ADDED_MISSING@mx.google.com> Received: from [172.21.0.6] (unknown [172.18.0.240]) by postal.iol.unh.edu (Postfix) with ESMTP id 5C9D96052471; Wed, 21 May 2025 03:39:35 -0400 (EDT) Subject: |FAILURE| [GIT MASTER] 4401486b5e30d43a134f80f9802f60b5f43e74a8 From: dpdklab@iol.unh.edu To: Test Report Cc: dpdk-test-reports@iol.unh.edu, Xueming Li , Christian Ehrhardt , Kevin Traynor , Luca Boccassi Content-Type: text/plain X-BeenThere: test-report@dpdk.org X-Mailman-Version: 2.1.29 Precedence: list List-Id: automatic DPDK test reports List-Unsubscribe: , List-Archive: List-Post: List-Help: List-Subscribe: , Errors-To: test-report-bounces@dpdk.org _Testing issues_ Branch: tags/v22.11 4401486b5e30d43a134f80f9802f60b5f43e74a8 --> testing issues Upstream job id: Generic-Unit-Test-DPDK#339426 Test environment and result as below: +---------------------+----------------+ | Environment | dpdk_unit_test | +=====================+================+ | CentOS Stream 10 | PEND | +---------------------+----------------+ | CentOS Stream 9 | PEND | +---------------------+----------------+ | Debian 12 | PEND | +---------------------+----------------+ | Ubuntu 20.04 | PASS | +---------------------+----------------+ | RHEL9 | FAIL | +---------------------+----------------+ | RHEL8 | PEND | +---------------------+----------------+ | Fedora 40 | PEND | +---------------------+----------------+ | Fedora 41 (Clang) | PEND | +---------------------+----------------+ | Ubuntu 22.04 | FAIL | +---------------------+----------------+ | Fedora 40 (Clang) | PEND | +---------------------+----------------+ | Ubuntu 24.04 | PEND | +---------------------+----------------+ | Fedora 41 | PEND | +---------------------+----------------+ | Windows Server 2022 | FAIL | +---------------------+----------------+ ==== Unit test summary for Windows Server 2022 (dpdk_unit_test): ==== Failed to get the unit test results. Displaying the unit test results is not supported for some environments, such as our aarch32 testing, where meson is not used to run the tests. Download the logs available on our CI site. ==== End log output ==== CentOS Stream 10 Kernel: Depends on container host Compiler: gcc 14.2.1 20241104 (Red Hat 14.2.1-6) CentOS Stream 9 Kernel: Depends on container host Compiler: gcc 11.5.0 20240719 (Red Hat 11.5.0-2) Debian 12 Kernel: Depends on container host Compiler: gcc (Debian 12.2.0-14) 12.2.0 Ubuntu 20.04 Kernel: Depends on container host Compiler: gcc (Ubuntu 9.4.0-1ubuntu1~20.04.2) 9.4.0 RHEL9 Kernel: Depends on container host Compiler: gcc 11.5.0 20240719 (Red Hat 11.5.0-2) RHEL8 Kernel: Depends on container host Compiler: gcc 8.5.0 20210514 (Red Hat 8.5.0-22) Fedora 40 Kernel: Depends on container host Compiler: gcc 14.2.1 20240912 (Red Hat 14.2.1-3) Fedora 41 (Clang) Kernel: Depends on container host Compiler: clang 19.1.5 (Fedora 19.1.5-1.fc41) Ubuntu 22.04 Kernel: Depends on container host Compiler: gcc (Ubuntu 11.4.0-1ubuntu1~22.04) 11.4.0 Fedora 40 (Clang) Kernel: Depends on container host Compiler: clang 18.1.8 (Fedora 18.1.8-1.fc40) Ubuntu 24.04 Kernel: Depends on container host Compiler: gcc (Ubuntu 13.3.0-6ubuntu2~24.04) 13.3.0 Fedora 41 Kernel: Depends on container host Compiler: gcc 14.2.1 20240912 (Red Hat 14.2.1-3) Windows Server 2022 Kernel: 10.0.20348.2031 Compiler: clang 15.0.7, gcc 14.1.0 (MinGW), and MSVC VS 19.39.33521 To view detailed results, visit: https://lab.dpdk.org/results/dashboard/tarballs/33595/ UNH-IOL DPDK Community Lab To manage your email subscriptions, visit: https://lab.dpdk.org/results/dashboard/preferences/subscriptions/