From mboxrd@z Thu Jan 1 00:00:00 1970 Return-Path: Received: from mails.dpdk.org (mails.dpdk.org [217.70.189.124]) by inbox.dpdk.org (Postfix) with ESMTP id 651DA467A9 for ; Wed, 21 May 2025 09:52:05 +0200 (CEST) Received: from mails.dpdk.org (localhost [127.0.0.1]) by mails.dpdk.org (Postfix) with ESMTP id 0731C40EF0; Wed, 21 May 2025 09:42:21 +0200 (CEST) Received: from mail-pf1-f227.google.com (mail-pf1-f227.google.com [209.85.210.227]) by mails.dpdk.org (Postfix) with ESMTP id 0944640EA5 for ; Wed, 21 May 2025 09:42:19 +0200 (CEST) Received: by mail-pf1-f227.google.com with SMTP id d2e1a72fcca58-7399838db7fso6103669b3a.0 for ; Wed, 21 May 2025 00:42:18 -0700 (PDT) DKIM-Signature: v=1; a=rsa-sha256; c=relaxed/relaxed; d=iol.unh.edu; s=unh-iol; t=1747813338; x=1748418138; darn=dpdk.org; h=cc:to:from:subject:message-id:date:from:to:cc:subject:date :message-id:reply-to; bh=5z0ReZhmsUl4NjGOSbgdAJvrqKC4aNBzMJigxK3kdPA=; b=Mz7hhnu7Z5/p8i91KtzVGcG7jgcY0n43JP4bR7InJWtp0REGfni7rsnvj5tiCRdN0q GmygQTtrUi41hFvJlflDOToihLBfCIBrgR68JYCnLY/w0jtQ4KzbPinnKZ3KaHCbRsKh au4jtTO+E/+i13ObQhBS1t2I28+T53I94BCJA= X-Google-DKIM-Signature: v=1; a=rsa-sha256; c=relaxed/relaxed; d=1e100.net; s=20230601; t=1747813338; x=1748418138; h=cc:to:from:subject:message-id:date:x-gm-message-state:from:to:cc :subject:date:message-id:reply-to; bh=5z0ReZhmsUl4NjGOSbgdAJvrqKC4aNBzMJigxK3kdPA=; b=tNqrSDhcNp0AYnGJ6An6GsyQpCfr/Ool0IOq3L2aa3kPCi2taTJ7YTqb4RGC/Zzca8 DaR+eTuoc1AOOilfRlNX0t7ywMYLwjNCf2rOIwc3g/rfGKEUc0MDpUQjfRuVOcwsKcoK xTHy3mPTMKvhGTndkCPIKnaF41ESZwco/pvQMYBeVJtdQtpjrAtKpBCgLBBINHaIeqaX 67nS29MfcN3vgqySXG8uTdOsoweGzC3/PUh/sXzZ+IzO3NFidR+KjRIKyp+XHz7+jmgl x/l2OqhWosw5GNvXWqu0TyxOrDW+36IBgMacxeyotkvoGpb91OJf/dUGwpe/DtPV8Wjl Uc8w== X-Gm-Message-State: AOJu0YyBCyou+3QxCt83t+Ub7ZWsSMUnLUFLRwtYsCj13JsIoWZXvpdl RvUeQhUJRJBSpMGLVFmhhcv3HewxWCa6afhFUPJRgV/lUiv2X+NiDU4rPiD4QqpgmlCN3bsE756 bRqC4TbeeCIbuAHebUQy8aUQ1kQFVpSe8VUWI X-Gm-Gg: ASbGncv/ictYgx/7vtc3+vyB0Mqx7B/DhPMp/gmEabYptRX11myTNyS7HThjqWwSRuY ljXOXWaBbVXvxMTrQrqh0CQ5rtKnGg/VmEjuoLeUMxcxaFjwKSnv8kNQmtQF/LwytVfzXwM0mkb vjj55jzDXKWfQ1pPWLRuzTwUudVyevmlDTmIMSDeHTju8oWw5TrCvfUDGt4GgMbdsAeu+wZ5IyB xznPb7P8PFZQ2QjL/d91BI4R/kSd+K9GSqZBZslQCHwbIkoUtQheu1yPoOZAmeAHFZQdXvxUFMt ZbYXRKRLFQdob7wgo3TqVDHeQ9GWUJt3D1iRXYoBeYlp0+DcWa9j+cPzWdI= X-Google-Smtp-Source: AGHT+IHQt3VOYJvcWxOJh6zfiqyYkxMKWHZpQXdq6XKVrW/gzWzPTU2WLJ7yC1QfhMm41XauLNvvtbxqTKh+ X-Received: by 2002:a05:6a20:7348:b0:215:d64d:412e with SMTP id adf61e73a8af0-2165f87cf3bmr29284875637.20.1747813337939; Wed, 21 May 2025 00:42:17 -0700 (PDT) Received: from postal.iol.unh.edu (postal.iol.unh.edu. [132.177.123.84]) by smtp-relay.gmail.com with ESMTPS id 41be03b00d2f7-b26eaf7e678sm713104a12.12.2025.05.21.00.42.17 (version=TLS1_2 cipher=ECDHE-ECDSA-AES128-GCM-SHA256 bits=128/128); Wed, 21 May 2025 00:42:17 -0700 (PDT) X-Relaying-Domain: iol.unh.edu Date: Wed, 21 May 2025 00:42:17 -0700 (PDT) Message-ID: <682d83d9.630a0220.1374ec.5b4bSMTPIN_ADDED_MISSING@mx.google.com> Received: from [172.21.0.5] (unknown [172.18.0.240]) by postal.iol.unh.edu (Postfix) with ESMTP id 1F9086052471; Wed, 21 May 2025 03:42:17 -0400 (EDT) Subject: |FAILURE| [GIT MASTER] 4401486b5e30d43a134f80f9802f60b5f43e74a8 From: dpdklab@iol.unh.edu To: Test Report Cc: dpdk-test-reports@iol.unh.edu, Xueming Li , Christian Ehrhardt , Kevin Traynor , Luca Boccassi Content-Type: text/plain X-BeenThere: test-report@dpdk.org X-Mailman-Version: 2.1.29 Precedence: list List-Id: automatic DPDK test reports List-Unsubscribe: , List-Archive: List-Post: List-Help: List-Subscribe: , Errors-To: test-report-bounces@dpdk.org _Testing issues_ Branch: tags/v22.11 4401486b5e30d43a134f80f9802f60b5f43e74a8 --> testing issues Upstream job id: Generic-Unit-Test-DPDK#339416 Test environment and result as below: +---------------------+----------------+ | Environment | dpdk_unit_test | +=====================+================+ | CentOS Stream 10 | PEND | +---------------------+----------------+ | CentOS Stream 9 | FAIL | +---------------------+----------------+ | Debian 12 | PEND | +---------------------+----------------+ | Ubuntu 20.04 | PASS | +---------------------+----------------+ | RHEL9 | FAIL | +---------------------+----------------+ | RHEL8 | PEND | +---------------------+----------------+ | Fedora 40 | PEND | +---------------------+----------------+ | Fedora 41 (Clang) | PEND | +---------------------+----------------+ | Ubuntu 22.04 | FAIL | +---------------------+----------------+ | Fedora 40 (Clang) | PEND | +---------------------+----------------+ | Ubuntu 24.04 | PEND | +---------------------+----------------+ | Fedora 41 | PEND | +---------------------+----------------+ | Windows Server 2022 | FAIL | +---------------------+----------------+ ==== Unit test summary for Windows Server 2022 (dpdk_unit_test): ==== Failed to get the unit test results. Displaying the unit test results is not supported for some environments, such as our aarch32 testing, where meson is not used to run the tests. Download the logs available on our CI site. ==== End log output ==== CentOS Stream 10 Kernel: Depends on container host Compiler: gcc 14.2.1 20241104 (Red Hat 14.2.1-6) CentOS Stream 9 Kernel: Depends on container host Compiler: gcc 11.5.0 20240719 (Red Hat 11.5.0-2) Debian 12 Kernel: Depends on container host Compiler: gcc (Debian 12.2.0-14) 12.2.0 Ubuntu 20.04 Kernel: Depends on container host Compiler: gcc (Ubuntu 9.4.0-1ubuntu1~20.04.2) 9.4.0 RHEL9 Kernel: Depends on container host Compiler: gcc 11.5.0 20240719 (Red Hat 11.5.0-2) RHEL8 Kernel: Depends on container host Compiler: gcc 8.5.0 20210514 (Red Hat 8.5.0-22) Fedora 40 Kernel: Depends on container host Compiler: gcc 14.2.1 20240912 (Red Hat 14.2.1-3) Fedora 41 (Clang) Kernel: Depends on container host Compiler: clang 19.1.5 (Fedora 19.1.5-1.fc41) Ubuntu 22.04 Kernel: Depends on container host Compiler: gcc (Ubuntu 11.4.0-1ubuntu1~22.04) 11.4.0 Fedora 40 (Clang) Kernel: Depends on container host Compiler: clang 18.1.8 (Fedora 18.1.8-1.fc40) Ubuntu 24.04 Kernel: Depends on container host Compiler: gcc (Ubuntu 13.3.0-6ubuntu2~24.04) 13.3.0 Fedora 41 Kernel: Depends on container host Compiler: gcc 14.2.1 20240912 (Red Hat 14.2.1-3) Windows Server 2022 Kernel: 10.0.20348.2031 Compiler: clang 15.0.7, gcc 14.1.0 (MinGW), and MSVC VS 19.39.33521 To view detailed results, visit: https://lab.dpdk.org/results/dashboard/tarballs/33595/ UNH-IOL DPDK Community Lab To manage your email subscriptions, visit: https://lab.dpdk.org/results/dashboard/preferences/subscriptions/