From mboxrd@z Thu Jan 1 00:00:00 1970 Return-Path: Received: from mails.dpdk.org (mails.dpdk.org [217.70.189.124]) by inbox.dpdk.org (Postfix) with ESMTP id 6285F467A8 for ; Wed, 21 May 2025 09:52:05 +0200 (CEST) Received: from mails.dpdk.org (localhost [127.0.0.1]) by mails.dpdk.org (Postfix) with ESMTP id 2700440EF1; Wed, 21 May 2025 09:43:10 +0200 (CEST) Received: from mail-il1-f227.google.com (mail-il1-f227.google.com [209.85.166.227]) by mails.dpdk.org (Postfix) with ESMTP id D3C0A40EA5 for ; Wed, 21 May 2025 09:43:08 +0200 (CEST) Received: by mail-il1-f227.google.com with SMTP id e9e14a558f8ab-3dc75fe4e9bso8342845ab.0 for ; Wed, 21 May 2025 00:43:08 -0700 (PDT) DKIM-Signature: v=1; a=rsa-sha256; c=relaxed/relaxed; d=iol.unh.edu; s=unh-iol; t=1747813388; x=1748418188; darn=dpdk.org; h=cc:to:from:subject:message-id:date:from:to:cc:subject:date :message-id:reply-to; bh=9d0mDOmLGlW0QUYCTE/a1rg8iPenEcxM3eCSD3mUXPw=; b=CxVx8pJn9N3GkkpPzaXTkAsqXzQy+C6ibe3nO2QlxKItMjd1Haq7PUKuIFZa9HXQyV VmA/d8Xqa5VZHaQz8o5VlKZ98QWzkpEjNLXOP94jC/68NCPK+FUWexhNkSyrHo97kzEG juFKmScuG+L8XnslWQSFPA6VPER0ZxqZn0yXk= X-Google-DKIM-Signature: v=1; a=rsa-sha256; c=relaxed/relaxed; d=1e100.net; s=20230601; t=1747813388; x=1748418188; h=cc:to:from:subject:message-id:date:x-gm-message-state:from:to:cc :subject:date:message-id:reply-to; bh=9d0mDOmLGlW0QUYCTE/a1rg8iPenEcxM3eCSD3mUXPw=; b=UKUNSQFdBkg7ypK8vgYbyXaXCf+kSCBb9aBpptId5M2uQ58iDcJLcCtxtNLD7986Bc vVx7p+3MqM1JoBj3+1Ks5QuxM/DJZMbSdrn0NtU4HV2iTo8858FfLpNaJd41hXrPIRto 6SlL/G8gXq/DcbmbCczxB+L3Fkc54uh7XGv7HyABmclbrkzXK7ffs3nuJLoGWBwN6HZy pbmwH+fVlneWhrGAVBNQHDei8E/UV5w411BF9dvP7WYHZxzp9lM5cmgtTOrOFfwv+lLN dF4w5QjfWsXdw5FQ7qBKUnvwZxQu4apxQsaBFsWwmYBiyGDzJ98mjC673+TDdh1e0/q6 eSaA== X-Gm-Message-State: AOJu0Yz2aQ2L/oTEvgPbu+2fS75ENKjFRgeeKUYIPOn+j1FsVO9AfbK+ MEPS9EB0EO5TZREAihndRcmZuR7auHO+v7nJSTMNNCwSEpu0SktXyDhSHNA8kWS6UFvP9w/TNAU RPRVwE3RVPxwdu7SO6XgWvah3S5Qjc1epAehz X-Gm-Gg: ASbGncvPVK6Yii60PAkansC95x66d9D/4B/lsitkB3OGc/1Nqa/fgZr3BtXNhsEqJJp eN4DaAXk2nLnsxwjxsemeOV3KZzCyB6GgIyOdIvAjeyj9hR7rE9TWqYwTTSZWp5cV/uasDgmGph T5SM4VqxkoG/kv1ugp5HoUWuyH4mJeDbvje8TC52Tt4shL495lba8nYoM/brJ5Lc58buTJKCkkB xXI1wPpfZ2c+kL+ivR4TnixtAt18iMstg6moZ8A3CcLPVGnd9a0eAovhJr+hIK9bxRr6NLjjdD0 UM+TqNn69BCFOkmjlkzTLiMs95fSWPFRnGl3GFZGkPcZw1EEmP617ffkj00= X-Google-Smtp-Source: AGHT+IG9Gm+VJoVgNhghDpQXYiO5m0Jn0wSIAmCDG5a5IBZU1N4HcvqhPhdGlg7Ax3NWdhoErS9MP3l5zC6K X-Received: by 2002:a05:6e02:5e0e:b0:3dc:804b:2e58 with SMTP id e9e14a558f8ab-3dc804b2ee5mr29471155ab.10.1747813388154; Wed, 21 May 2025 00:43:08 -0700 (PDT) Received: from postal.iol.unh.edu (postal.iol.unh.edu. [132.177.123.84]) by smtp-relay.gmail.com with ESMTPS id e9e14a558f8ab-3db8440ca48sm5373875ab.1.2025.05.21.00.43.08 (version=TLS1_2 cipher=ECDHE-ECDSA-AES128-GCM-SHA256 bits=128/128); Wed, 21 May 2025 00:43:08 -0700 (PDT) X-Relaying-Domain: iol.unh.edu Date: Wed, 21 May 2025 00:43:08 -0700 (PDT) Message-ID: <682d840c.050a0220.13ffe0.ccc1SMTPIN_ADDED_MISSING@mx.google.com> Received: from [172.21.0.5] (unknown [172.18.0.240]) by postal.iol.unh.edu (Postfix) with ESMTP id A54F56052471; Wed, 21 May 2025 03:43:07 -0400 (EDT) Subject: |FAILURE| [GIT MASTER] 4401486b5e30d43a134f80f9802f60b5f43e74a8 From: dpdklab@iol.unh.edu To: Test Report Cc: dpdk-test-reports@iol.unh.edu, Xueming Li , Christian Ehrhardt , Kevin Traynor , Luca Boccassi Content-Type: text/plain X-BeenThere: test-report@dpdk.org X-Mailman-Version: 2.1.29 Precedence: list List-Id: automatic DPDK test reports List-Unsubscribe: , List-Archive: List-Post: List-Help: List-Subscribe: , Errors-To: test-report-bounces@dpdk.org _Testing issues_ Branch: tags/v22.11 4401486b5e30d43a134f80f9802f60b5f43e74a8 --> testing issues Upstream job id: Generic-Unit-Test-DPDK#339418 Test environment and result as below: +---------------------+----------------+ | Environment | dpdk_unit_test | +=====================+================+ | CentOS Stream 10 | PEND | +---------------------+----------------+ | CentOS Stream 9 | FAIL | +---------------------+----------------+ | Debian 12 | FAIL | +---------------------+----------------+ | Ubuntu 20.04 | PASS | +---------------------+----------------+ | RHEL9 | FAIL | +---------------------+----------------+ | RHEL8 | PEND | +---------------------+----------------+ | Fedora 40 | PEND | +---------------------+----------------+ | Fedora 41 (Clang) | PEND | +---------------------+----------------+ | Ubuntu 22.04 | FAIL | +---------------------+----------------+ | Fedora 40 (Clang) | PEND | +---------------------+----------------+ | Ubuntu 24.04 | PEND | +---------------------+----------------+ | Fedora 41 | PEND | +---------------------+----------------+ | Windows Server 2022 | FAIL | +---------------------+----------------+ ==== Unit test summary for Windows Server 2022 (dpdk_unit_test): ==== Failed to get the unit test results. Displaying the unit test results is not supported for some environments, such as our aarch32 testing, where meson is not used to run the tests. Download the logs available on our CI site. ==== End log output ==== CentOS Stream 10 Kernel: Depends on container host Compiler: gcc 14.2.1 20241104 (Red Hat 14.2.1-6) CentOS Stream 9 Kernel: Depends on container host Compiler: gcc 11.5.0 20240719 (Red Hat 11.5.0-2) Debian 12 Kernel: Depends on container host Compiler: gcc (Debian 12.2.0-14) 12.2.0 Ubuntu 20.04 Kernel: Depends on container host Compiler: gcc (Ubuntu 9.4.0-1ubuntu1~20.04.2) 9.4.0 RHEL9 Kernel: Depends on container host Compiler: gcc 11.5.0 20240719 (Red Hat 11.5.0-2) RHEL8 Kernel: Depends on container host Compiler: gcc 8.5.0 20210514 (Red Hat 8.5.0-22) Fedora 40 Kernel: Depends on container host Compiler: gcc 14.2.1 20240912 (Red Hat 14.2.1-3) Fedora 41 (Clang) Kernel: Depends on container host Compiler: clang 19.1.5 (Fedora 19.1.5-1.fc41) Ubuntu 22.04 Kernel: Depends on container host Compiler: gcc (Ubuntu 11.4.0-1ubuntu1~22.04) 11.4.0 Fedora 40 (Clang) Kernel: Depends on container host Compiler: clang 18.1.8 (Fedora 18.1.8-1.fc40) Ubuntu 24.04 Kernel: Depends on container host Compiler: gcc (Ubuntu 13.3.0-6ubuntu2~24.04) 13.3.0 Fedora 41 Kernel: Depends on container host Compiler: gcc 14.2.1 20240912 (Red Hat 14.2.1-3) Windows Server 2022 Kernel: 10.0.20348.2031 Compiler: clang 15.0.7, gcc 14.1.0 (MinGW), and MSVC VS 19.39.33521 To view detailed results, visit: https://lab.dpdk.org/results/dashboard/tarballs/33595/ UNH-IOL DPDK Community Lab To manage your email subscriptions, visit: https://lab.dpdk.org/results/dashboard/preferences/subscriptions/