From mboxrd@z Thu Jan 1 00:00:00 1970 Return-Path: Received: from mails.dpdk.org (unknown [217.70.189.124]) by inbox.dpdk.org (Postfix) with ESMTP id 7D5FF467A8 for ; Wed, 21 May 2025 09:45:07 +0200 (CEST) Received: from mails.dpdk.org (localhost [127.0.0.1]) by mails.dpdk.org (Postfix) with ESMTP id 5F7BF410D5; Wed, 21 May 2025 09:44:39 +0200 (CEST) Received: from mail-pf1-f228.google.com (mail-pf1-f228.google.com [209.85.210.228]) by mails.dpdk.org (Postfix) with ESMTP id E141B40EA5 for ; Wed, 21 May 2025 09:44:38 +0200 (CEST) Received: by mail-pf1-f228.google.com with SMTP id d2e1a72fcca58-7370a2d1981so5070742b3a.2 for ; Wed, 21 May 2025 00:44:38 -0700 (PDT) DKIM-Signature: v=1; a=rsa-sha256; c=relaxed/relaxed; d=iol.unh.edu; s=unh-iol; t=1747813477; x=1748418277; darn=dpdk.org; h=cc:to:from:subject:message-id:date:from:to:cc:subject:date :message-id:reply-to; bh=Q6KeUi2RqWUnRQUYNt5J5doPd91bZr/YinAMARedBR4=; b=EjODK3pyCtXzBfr4Bd6fW7LvWjeVMwjhgz2JQv+hM2axExykdbu8Xpzl5ZZGjzWITZ bTptg7OpE5Dkk6a93EWDSDhvHUmejCRnXUGR+B1Y5yE0/yRECTwBaAvo0HeaqiiDg08S +rqezEG/EvtG+fN1Zlm0Sq5YRR/M8TpjEs5lY= X-Google-DKIM-Signature: v=1; a=rsa-sha256; c=relaxed/relaxed; d=1e100.net; s=20230601; t=1747813477; x=1748418277; h=cc:to:from:subject:message-id:date:x-gm-message-state:from:to:cc :subject:date:message-id:reply-to; bh=Q6KeUi2RqWUnRQUYNt5J5doPd91bZr/YinAMARedBR4=; b=tOsvUsZuPP85rT4jJ3zE3uD7GocXTMGQdmPqB+afXeowyrBKfsdbN/e8/ZNqJXwzIq VWYsA1Yxq8rQ1BJKXSth1W+nCeM8O4H+MUZA2WKd8XRGlXHPYnd8ZWqUiiLkvzWHAyfe 5nxf6RF5OgFnCcwFVjosRHxYIJoMtWPfcIW6k7cr6/UVJiV3USzQDtp9xXOq2/9hQK97 HbP9a22MCHqhJUbwQ/MkEfE6jAE0UHY7l30Zx35eW1Ac8ZHeqrVaTiuCizGIwQFV8cbG SngLK41FYlor9TWowFThXMzBcD8omUVJaqDPKrxHtXl4PtZrRmAiwsnq67GbzBus77pM 84pQ== X-Gm-Message-State: AOJu0YzODryBw0ZVlQgv/EkmvH3ntkX+/IZzF6z/AtMTamnuXhS8wIlL xrVI8FugE9E7bzOTSz5wZXtnJ9KO1O2Zw83Vun5grrZfzS6Ao4/s25/kfajqkXBYf3JhAHwar1h /yZEItqjpfZQFmyaNvSGks6UTtvLi56BGuKU/fXY2pVirFRIk3iKv X-Gm-Gg: ASbGnctpnP8pjtDR7OooUVmoeBe7zQYuUVlgJnSYKn37Ua+1lHpUFN+DCMWcCQVapbB tRFWBJFX2dyaQ7hSYS1C7t7yCAvAs9sXmz8rUPO8q3DasCVFwxBFGpo1ohn2bGcUYBgLJRRdOlD XZseuz2QOTgaHO7UsFtGhEarvR+TGcHLCT1/34jS4tsQ5o37CGcPhhAeVGcv4yFgeXn4Bi+Kx2+ 0JYRXyo4OPZ/4aXfGUZaNA8V+GI52FtRdqvoGYgwmSSs0ipxe043b1bs8T2HkKWup1eTDGtDmGW 6oZMcg6oMKX0b/qSzJ5hweTiEXgQNnJT9rhj X-Google-Smtp-Source: AGHT+IEgqLp/fF8H/3NYHXptssPv97F2P80vdSDnVbGvAy7RGH3o+IpVRb3WfLZ9e0WqjrXw7cD4AC4EnFjj X-Received: by 2002:a17:90a:dfc7:b0:30c:5479:c92e with SMTP id 98e67ed59e1d1-30e830c7988mr30114634a91.4.1747813477525; Wed, 21 May 2025 00:44:37 -0700 (PDT) Received: from postal.iol.unh.edu (postal.iol.unh.edu. [2606:4100:3880:1234::84]) by smtp-relay.gmail.com with ESMTPS id 98e67ed59e1d1-30f365fb842sm243387a91.9.2025.05.21.00.44.37 (version=TLS1_2 cipher=ECDHE-ECDSA-AES128-GCM-SHA256 bits=128/128); Wed, 21 May 2025 00:44:37 -0700 (PDT) X-Relaying-Domain: iol.unh.edu Date: Wed, 21 May 2025 00:44:37 -0700 (PDT) Message-ID: <682d8465.170a0220.31768.cdc7SMTPIN_ADDED_MISSING@mx.google.com> Received: from [172.21.0.6] (unknown [172.18.0.240]) by postal.iol.unh.edu (Postfix) with ESMTP id AEC446052471; Wed, 21 May 2025 03:44:36 -0400 (EDT) Subject: |FAILURE| [GIT MASTER] 4401486b5e30d43a134f80f9802f60b5f43e74a8 From: dpdklab@iol.unh.edu To: Test Report Cc: dpdk-test-reports@iol.unh.edu, Xueming Li , Christian Ehrhardt , Kevin Traynor , Luca Boccassi Content-Type: text/plain X-BeenThere: test-report@dpdk.org X-Mailman-Version: 2.1.29 Precedence: list List-Id: automatic DPDK test reports List-Unsubscribe: , List-Archive: List-Post: List-Help: List-Subscribe: , Errors-To: test-report-bounces@dpdk.org _Testing issues_ Branch: tags/v22.11 4401486b5e30d43a134f80f9802f60b5f43e74a8 --> testing issues Upstream job id: Generic-Unit-Test-DPDK#339417 Test environment and result as below: +---------------------+----------------+ | Environment | dpdk_unit_test | +=====================+================+ | CentOS Stream 10 | FAIL | +---------------------+----------------+ | CentOS Stream 9 | FAIL | +---------------------+----------------+ | Debian 12 | FAIL | +---------------------+----------------+ | Ubuntu 20.04 | PASS | +---------------------+----------------+ | RHEL9 | FAIL | +---------------------+----------------+ | RHEL8 | PEND | +---------------------+----------------+ | Fedora 40 | PEND | +---------------------+----------------+ | Fedora 41 (Clang) | PEND | +---------------------+----------------+ | Ubuntu 22.04 | FAIL | +---------------------+----------------+ | Fedora 40 (Clang) | PEND | +---------------------+----------------+ | Ubuntu 24.04 | PEND | +---------------------+----------------+ | Fedora 41 | PEND | +---------------------+----------------+ | Windows Server 2022 | FAIL | +---------------------+----------------+ ==== Unit test summary for Windows Server 2022 (dpdk_unit_test): ==== Failed to get the unit test results. Displaying the unit test results is not supported for some environments, such as our aarch32 testing, where meson is not used to run the tests. Download the logs available on our CI site. ==== End log output ==== CentOS Stream 10 Kernel: Depends on container host Compiler: gcc 14.2.1 20241104 (Red Hat 14.2.1-6) CentOS Stream 9 Kernel: Depends on container host Compiler: gcc 11.5.0 20240719 (Red Hat 11.5.0-2) Debian 12 Kernel: Depends on container host Compiler: gcc (Debian 12.2.0-14) 12.2.0 Ubuntu 20.04 Kernel: Depends on container host Compiler: gcc (Ubuntu 9.4.0-1ubuntu1~20.04.2) 9.4.0 RHEL9 Kernel: Depends on container host Compiler: gcc 11.5.0 20240719 (Red Hat 11.5.0-2) RHEL8 Kernel: Depends on container host Compiler: gcc 8.5.0 20210514 (Red Hat 8.5.0-22) Fedora 40 Kernel: Depends on container host Compiler: gcc 14.2.1 20240912 (Red Hat 14.2.1-3) Fedora 41 (Clang) Kernel: Depends on container host Compiler: clang 19.1.5 (Fedora 19.1.5-1.fc41) Ubuntu 22.04 Kernel: Depends on container host Compiler: gcc (Ubuntu 11.4.0-1ubuntu1~22.04) 11.4.0 Fedora 40 (Clang) Kernel: Depends on container host Compiler: clang 18.1.8 (Fedora 18.1.8-1.fc40) Ubuntu 24.04 Kernel: Depends on container host Compiler: gcc (Ubuntu 13.3.0-6ubuntu2~24.04) 13.3.0 Fedora 41 Kernel: Depends on container host Compiler: gcc 14.2.1 20240912 (Red Hat 14.2.1-3) Windows Server 2022 Kernel: 10.0.20348.2031 Compiler: clang 15.0.7, gcc 14.1.0 (MinGW), and MSVC VS 19.39.33521 To view detailed results, visit: https://lab.dpdk.org/results/dashboard/tarballs/33595/ UNH-IOL DPDK Community Lab To manage your email subscriptions, visit: https://lab.dpdk.org/results/dashboard/preferences/subscriptions/