From mboxrd@z Thu Jan 1 00:00:00 1970 Return-Path: Received: from mails.dpdk.org (mails.dpdk.org [217.70.189.124]) by inbox.dpdk.org (Postfix) with ESMTP id C937F467A8 for ; Wed, 21 May 2025 09:56:55 +0200 (CEST) Received: from mails.dpdk.org (localhost [127.0.0.1]) by mails.dpdk.org (Postfix) with ESMTP id C547F40EF1; Wed, 21 May 2025 09:56:55 +0200 (CEST) Received: from mail-yw1-f226.google.com (mail-yw1-f226.google.com [209.85.128.226]) by mails.dpdk.org (Postfix) with ESMTP id A99D340EA5 for ; Wed, 21 May 2025 09:56:54 +0200 (CEST) Received: by mail-yw1-f226.google.com with SMTP id 00721157ae682-70d70ee042dso22362467b3.2 for ; Wed, 21 May 2025 00:56:54 -0700 (PDT) DKIM-Signature: v=1; a=rsa-sha256; c=relaxed/relaxed; d=iol.unh.edu; s=unh-iol; t=1747814214; x=1748419014; darn=dpdk.org; h=cc:to:from:subject:message-id:date:from:to:cc:subject:date :message-id:reply-to; bh=WZXZD2aZFCfp3KwOulFc9/QfGh6oltRW9EIk4VsmGHY=; b=apB3gfj2vb3SGCaPSiamzoYfK4kjaCQUeu1eLFTLx5rC2hs5Z1R4ntMc/vzP+co1A+ YrtPkp7QP6sPNvfSAL/i+74jW2W8wU0uH87L+qj3Am5qeT/Zjz1lTrVGQHr4fbyX/1bN evg4B0WNirOrw6BgHnz6gX0mD5CPKkGst5ffA= X-Google-DKIM-Signature: v=1; a=rsa-sha256; c=relaxed/relaxed; d=1e100.net; s=20230601; t=1747814214; x=1748419014; h=cc:to:from:subject:message-id:date:x-gm-message-state:from:to:cc :subject:date:message-id:reply-to; bh=WZXZD2aZFCfp3KwOulFc9/QfGh6oltRW9EIk4VsmGHY=; b=HCFAA3I47S5H9pJ53vLsOazU8PuYTQgw4Qac2DzuM3qwzRsVBykXje64V2y1kT6IAl +waQEMNFABDRSHv5EvUWLzzwGldC5nRy/OeP8g6WeDwp4OV3mH3GxqsNZ3jSVUwcPSmj jdWnEsbCmmC3iIz18NWZ7EINaZQVPYbaw3NdVkZMvRuOa4ipDu2eHNv6drqD3yuELsg4 gwYFPHru8nKeVhPq7O/ChDzJiCN6vspEuTjIomu4UY2RAinCSJDrOKk8mJ10gxqCNfjF nAGZBE/eaIR8vn4oPKLsmeHIgpbCQqXHJ53PaEiBsEL1WARaIqapL2ajtldlQX6DBQ2z vwWQ== X-Gm-Message-State: AOJu0Yxv+T2WMbC9C4KPPj+t0m6vUbshnnK0h+7IMg1Mf6UUbYdV8UgV DNJakyzBZwHvp3N2SsJTTWkQwE+ezObTFsH0EoMTb//1notOs90T4bQYFq5lvsuGWFoJ0QHc+pW T6VYcFkxVzH6p9uSEdDGLpeqFHxKGqjYiX7aV X-Gm-Gg: ASbGncvg2pg/tfQ5tQisBzKAHAMzEZ+ELPqg5fCVlrPPOdSPZrHxalaGkbnEIdz8H53 TFek5OWeb+0cqOnOiP8Xt69jUZFNSEaW/m5Z2Il3/oXm7QaJTVpuql9M8QZkkienagRTgp07EjM lA6WmbXMBaPAaa9GwB3JAhclvR99F0tnZCtQITZ7CJDaXNbGaoqq/XLesvwWj0B1VynAJCqvQnS GeinXkCt02EYuKi4oDrdo2iY7OSFa1vkTkipo6Ra3LfLkO0nI7CXnp0ySUNONdb27iLK/Lhzyw4 4WIibI+xfB72I6pwqzN0GV2B7GXDqIqByZ5BvXNr6RaJy1tqD+MiKafCjsw= X-Google-Smtp-Source: AGHT+IFl9JxSy4Wi9brmgqR6zXCqk+fq2KwXSiCRNBl2jixNiGLJliC2zhKe6NgWJ7cIU37j91g3NGKCs5qq X-Received: by 2002:a05:690c:f08:b0:709:17e0:d9ad with SMTP id 00721157ae682-70ca7c148acmr286715757b3.29.1747814214006; Wed, 21 May 2025 00:56:54 -0700 (PDT) Received: from postal.iol.unh.edu (postal.iol.unh.edu. [132.177.123.84]) by smtp-relay.gmail.com with ESMTPS id 00721157ae682-70ca82ff0d7sm4031947b3.8.2025.05.21.00.56.53 (version=TLS1_2 cipher=ECDHE-ECDSA-AES128-GCM-SHA256 bits=128/128); Wed, 21 May 2025 00:56:53 -0700 (PDT) X-Relaying-Domain: iol.unh.edu Date: Wed, 21 May 2025 00:56:53 -0700 (PDT) Message-ID: <682d8745.810a0220.2a95b4.7061SMTPIN_ADDED_MISSING@mx.google.com> Received: from [172.21.0.7] (unknown [172.18.0.240]) by postal.iol.unh.edu (Postfix) with ESMTP id A24A16052471; Wed, 21 May 2025 03:56:53 -0400 (EDT) Subject: |FAILURE| [GIT MASTER] 4401486b5e30d43a134f80f9802f60b5f43e74a8 From: dpdklab@iol.unh.edu To: Test Report Cc: dpdk-test-reports@iol.unh.edu, Xueming Li , Christian Ehrhardt , Kevin Traynor , Luca Boccassi Content-Type: text/plain X-BeenThere: test-report@dpdk.org X-Mailman-Version: 2.1.29 Precedence: list List-Id: automatic DPDK test reports List-Unsubscribe: , List-Archive: List-Post: List-Help: List-Subscribe: , Errors-To: test-report-bounces@dpdk.org _Testing issues_ Branch: tags/v22.11 4401486b5e30d43a134f80f9802f60b5f43e74a8 --> testing issues Upstream job id: Generic-Unit-Test-DPDK#339425 Test environment and result as below: +---------------------+----------------+ | Environment | dpdk_unit_test | +=====================+================+ | CentOS Stream 10 | FAIL | +---------------------+----------------+ | CentOS Stream 9 | FAIL | +---------------------+----------------+ | Debian 12 | FAIL | +---------------------+----------------+ | Ubuntu 20.04 | PASS | +---------------------+----------------+ | RHEL9 | FAIL | +---------------------+----------------+ | RHEL8 | PEND | +---------------------+----------------+ | Fedora 40 | PEND | +---------------------+----------------+ | Fedora 41 (Clang) | PEND | +---------------------+----------------+ | Ubuntu 22.04 | FAIL | +---------------------+----------------+ | Fedora 40 (Clang) | PEND | +---------------------+----------------+ | Ubuntu 24.04 | PEND | +---------------------+----------------+ | Fedora 41 | PEND | +---------------------+----------------+ | Windows Server 2022 | FAIL | +---------------------+----------------+ ==== Unit test summary for Windows Server 2022 (dpdk_unit_test): ==== Failed to get the unit test results. Displaying the unit test results is not supported for some environments, such as our aarch32 testing, where meson is not used to run the tests. Download the logs available on our CI site. ==== End log output ==== CentOS Stream 10 Kernel: Depends on container host Compiler: gcc 14.2.1 20241104 (Red Hat 14.2.1-6) CentOS Stream 9 Kernel: Depends on container host Compiler: gcc 11.5.0 20240719 (Red Hat 11.5.0-2) Debian 12 Kernel: Depends on container host Compiler: gcc (Debian 12.2.0-14) 12.2.0 Ubuntu 20.04 Kernel: Depends on container host Compiler: gcc (Ubuntu 9.4.0-1ubuntu1~20.04.2) 9.4.0 RHEL9 Kernel: Depends on container host Compiler: gcc 11.5.0 20240719 (Red Hat 11.5.0-2) RHEL8 Kernel: Depends on container host Compiler: gcc 8.5.0 20210514 (Red Hat 8.5.0-22) Fedora 40 Kernel: Depends on container host Compiler: gcc 14.2.1 20240912 (Red Hat 14.2.1-3) Fedora 41 (Clang) Kernel: Depends on container host Compiler: clang 19.1.5 (Fedora 19.1.5-1.fc41) Ubuntu 22.04 Kernel: Depends on container host Compiler: gcc (Ubuntu 11.4.0-1ubuntu1~22.04) 11.4.0 Fedora 40 (Clang) Kernel: Depends on container host Compiler: clang 18.1.8 (Fedora 18.1.8-1.fc40) Ubuntu 24.04 Kernel: Depends on container host Compiler: gcc (Ubuntu 13.3.0-6ubuntu2~24.04) 13.3.0 Fedora 41 Kernel: Depends on container host Compiler: gcc 14.2.1 20240912 (Red Hat 14.2.1-3) Windows Server 2022 Kernel: 10.0.20348.2031 Compiler: clang 15.0.7, gcc 14.1.0 (MinGW), and MSVC VS 19.39.33521 To view detailed results, visit: https://lab.dpdk.org/results/dashboard/tarballs/33595/ UNH-IOL DPDK Community Lab To manage your email subscriptions, visit: https://lab.dpdk.org/results/dashboard/preferences/subscriptions/