From mboxrd@z Thu Jan 1 00:00:00 1970 Return-Path: Received: from mails.dpdk.org (mails.dpdk.org [217.70.189.124]) by inbox.dpdk.org (Postfix) with ESMTP id 66E11467AA for ; Wed, 21 May 2025 10:00:29 +0200 (CEST) Received: from mails.dpdk.org (localhost [127.0.0.1]) by mails.dpdk.org (Postfix) with ESMTP id 52C7B40EF1; Wed, 21 May 2025 10:00:29 +0200 (CEST) Received: from mail-yb1-f227.google.com (mail-yb1-f227.google.com [209.85.219.227]) by mails.dpdk.org (Postfix) with ESMTP id E05F940EA5 for ; Wed, 21 May 2025 10:00:27 +0200 (CEST) Received: by mail-yb1-f227.google.com with SMTP id 3f1490d57ef6-e7d64106f22so77294276.1 for ; Wed, 21 May 2025 01:00:27 -0700 (PDT) DKIM-Signature: v=1; a=rsa-sha256; c=relaxed/relaxed; d=iol.unh.edu; s=unh-iol; t=1747814427; x=1748419227; darn=dpdk.org; h=cc:to:from:subject:message-id:date:from:to:cc:subject:date :message-id:reply-to; bh=mhxTlBffvwOlJCbkNOEvqZgyldeti6LYPMsFgQ9Pm0E=; b=V3QpkX2bVMdby18ILtilv85myA5vZ82JX0mDAXXo5zChgQuKyOPTB2UAOVwa9iVHIZ E6Vks44zHzzNZp+LVkzNICeWIpugNFgDhLclPtmGmNUyeETvl5PVpn6p+RrUNT9oFAzS NwHMoTin9IHYGDgF6YYZZZPA/96L+N/XoLBaw= X-Google-DKIM-Signature: v=1; a=rsa-sha256; c=relaxed/relaxed; d=1e100.net; s=20230601; t=1747814427; x=1748419227; h=cc:to:from:subject:message-id:date:x-gm-message-state:from:to:cc :subject:date:message-id:reply-to; bh=mhxTlBffvwOlJCbkNOEvqZgyldeti6LYPMsFgQ9Pm0E=; b=AfiwUfOOPsQfbLeAEfgR4g2VpF8PVRxsQFoWHuyUJgazlRJcN3j6YN6IybmlVtnb7W tuieAxpYcquuuCvzrxu6CWpPh4DSePQ2z4RXWlEjfFe7iKdz7uJV9tk9EhC1juNF4dhz wZKH03uUAk45xbMsnUL4JJcZkqwcKu3ZkbyStBllOVfhZNUOBL2bTgtqJZ6oO6TUAEwm gwrVMjBoSV23jYQ6oE33R0GLBCFYtrgWDdwief9QS7chb/VBAiiQuhMOq9lbDzUFCXxl VMoO0ZGwFkQCtShDlNnNVHEjgeSmXs9elPGhgD0U9YjsnYa2qeycLD0JkSGyEBnSdDrM +GQA== X-Gm-Message-State: AOJu0Yz3lvN8aC6RzkNTt99T9uI2DVFS4Ki0Hy1+D4ELZv6IWLVplTwy M61aclGB1vg2KX4d4UxCgG4qznTCJKZExr0GhEkAQSIjVwa9bmhAS/byHalTZ3QpzwFTST6Ye8Y 4b0SddHsH6Cf57KgALt1G6tBgAHSjkCau7ml8O5GZ2U6aDQkXOvOC X-Gm-Gg: ASbGncuH1mEFLcr+GTaX86pH1EKzFTQLWTYo1dou/vzQ1co+saHL/K7WllIHWWm0Vlp PH9EFA/boKtFACWwWOOshAGisivntIVfyQDQWFhsRBd1qJIFNwI6+mAuRFFUb1/mwXzl60ls2uY FN5ckIeJNu7FNSk90JMhGJQM5B3gYM/HH0PcXjZYKxIUFHZziPfC7zefc0YzoQa7qVx7TcXUioa fD1//slactlZadADwzZ+mVAtFeDzTifVKAkVMgBlZO5x0WrOgvqOHh/9OVvk28r0kkl4KH1hZ1e sULsIwK9Y8gAyaiderU/B7Bijw2gJ3fxQWlL X-Google-Smtp-Source: AGHT+IFFXVNexjTGB6yEs0tKr2/7lSbqTWihfTTzYIX6znevtcx9gqHrxjw7qxP1ECRkGYwXGV/tm8w1l/vD X-Received: by 2002:a05:6902:154d:b0:e7d:651d:2841 with SMTP id 3f1490d57ef6-e7d651d2e44mr71694276.17.1747814427170; Wed, 21 May 2025 01:00:27 -0700 (PDT) Received: from postal.iol.unh.edu (postal.iol.unh.edu. [2606:4100:3880:1234::84]) by smtp-relay.gmail.com with ESMTPS id 3f1490d57ef6-e7d644b7d84sm2830276.23.2025.05.21.01.00.27 (version=TLS1_2 cipher=ECDHE-ECDSA-AES128-GCM-SHA256 bits=128/128); Wed, 21 May 2025 01:00:27 -0700 (PDT) X-Relaying-Domain: iol.unh.edu Date: Wed, 21 May 2025 01:00:27 -0700 (PDT) Message-ID: <682d881b.050a0220.3000ba.01daSMTPIN_ADDED_MISSING@mx.google.com> Received: from [172.21.0.5] (unknown [172.18.0.240]) by postal.iol.unh.edu (Postfix) with ESMTP id C615F6052471; Wed, 21 May 2025 04:00:26 -0400 (EDT) Subject: |FAILURE| [GIT MASTER] 4401486b5e30d43a134f80f9802f60b5f43e74a8 From: dpdklab@iol.unh.edu To: Test Report Cc: dpdk-test-reports@iol.unh.edu, Xueming Li , Christian Ehrhardt , Kevin Traynor , Luca Boccassi Content-Type: text/plain X-BeenThere: test-report@dpdk.org X-Mailman-Version: 2.1.29 Precedence: list List-Id: automatic DPDK test reports List-Unsubscribe: , List-Archive: List-Post: List-Help: List-Subscribe: , Errors-To: test-report-bounces@dpdk.org _Testing issues_ Branch: tags/v22.11 4401486b5e30d43a134f80f9802f60b5f43e74a8 --> testing issues Upstream job id: Generic-Unit-Test-DPDK#339422 Test environment and result as below: +---------------------+----------------+ | Environment | dpdk_unit_test | +=====================+================+ | CentOS Stream 10 | FAIL | +---------------------+----------------+ | CentOS Stream 9 | FAIL | +---------------------+----------------+ | Debian 12 | FAIL | +---------------------+----------------+ | Ubuntu 20.04 | PASS | +---------------------+----------------+ | RHEL9 | FAIL | +---------------------+----------------+ | RHEL8 | PEND | +---------------------+----------------+ | Fedora 40 | PEND | +---------------------+----------------+ | Fedora 41 (Clang) | FAIL | +---------------------+----------------+ | Ubuntu 22.04 | FAIL | +---------------------+----------------+ | Fedora 40 (Clang) | PEND | +---------------------+----------------+ | Ubuntu 24.04 | PEND | +---------------------+----------------+ | Fedora 41 | PEND | +---------------------+----------------+ | Windows Server 2022 | FAIL | +---------------------+----------------+ ==== Unit test summary for Windows Server 2022 (dpdk_unit_test): ==== Failed to get the unit test results. Displaying the unit test results is not supported for some environments, such as our aarch32 testing, where meson is not used to run the tests. Download the logs available on our CI site. ==== End log output ==== CentOS Stream 10 Kernel: Depends on container host Compiler: gcc 14.2.1 20241104 (Red Hat 14.2.1-6) CentOS Stream 9 Kernel: Depends on container host Compiler: gcc 11.5.0 20240719 (Red Hat 11.5.0-2) Debian 12 Kernel: Depends on container host Compiler: gcc (Debian 12.2.0-14) 12.2.0 Ubuntu 20.04 Kernel: Depends on container host Compiler: gcc (Ubuntu 9.4.0-1ubuntu1~20.04.2) 9.4.0 RHEL9 Kernel: Depends on container host Compiler: gcc 11.5.0 20240719 (Red Hat 11.5.0-2) RHEL8 Kernel: Depends on container host Compiler: gcc 8.5.0 20210514 (Red Hat 8.5.0-22) Fedora 40 Kernel: Depends on container host Compiler: gcc 14.2.1 20240912 (Red Hat 14.2.1-3) Fedora 41 (Clang) Kernel: Depends on container host Compiler: clang 19.1.5 (Fedora 19.1.5-1.fc41) Ubuntu 22.04 Kernel: Depends on container host Compiler: gcc (Ubuntu 11.4.0-1ubuntu1~22.04) 11.4.0 Fedora 40 (Clang) Kernel: Depends on container host Compiler: clang 18.1.8 (Fedora 18.1.8-1.fc40) Ubuntu 24.04 Kernel: Depends on container host Compiler: gcc (Ubuntu 13.3.0-6ubuntu2~24.04) 13.3.0 Fedora 41 Kernel: Depends on container host Compiler: gcc 14.2.1 20240912 (Red Hat 14.2.1-3) Windows Server 2022 Kernel: 10.0.20348.2031 Compiler: clang 15.0.7, gcc 14.1.0 (MinGW), and MSVC VS 19.39.33521 To view detailed results, visit: https://lab.dpdk.org/results/dashboard/tarballs/33595/ UNH-IOL DPDK Community Lab To manage your email subscriptions, visit: https://lab.dpdk.org/results/dashboard/preferences/subscriptions/