From mboxrd@z Thu Jan 1 00:00:00 1970 Return-Path: Received: from mails.dpdk.org (mails.dpdk.org [217.70.189.124]) by inbox.dpdk.org (Postfix) with ESMTP id 3B051467AA for ; Wed, 21 May 2025 10:07:49 +0200 (CEST) Received: from mails.dpdk.org (localhost [127.0.0.1]) by mails.dpdk.org (Postfix) with ESMTP id 0706840EF1; Wed, 21 May 2025 10:07:49 +0200 (CEST) Received: from mail-il1-f225.google.com (mail-il1-f225.google.com [209.85.166.225]) by mails.dpdk.org (Postfix) with ESMTP id 7B4B340EF1 for ; Wed, 21 May 2025 10:07:47 +0200 (CEST) Received: by mail-il1-f225.google.com with SMTP id e9e14a558f8ab-3dc7294716cso19970125ab.2 for ; Wed, 21 May 2025 01:07:47 -0700 (PDT) DKIM-Signature: v=1; a=rsa-sha256; c=relaxed/relaxed; d=iol.unh.edu; s=unh-iol; t=1747814866; x=1748419666; darn=dpdk.org; h=cc:to:from:subject:message-id:date:from:to:cc:subject:date :message-id:reply-to; bh=lI0bQYyVJi8FywJtNbfbXBPXTDjXb8ON1ULpe47FLBQ=; b=Jy2wEqaxdQLYfwm0W/qDy0Ok3w410OzQuQzqbFnAVb98A11QJ1dZWuAGCBq1nVqdZy u1bKXmPUTT2O/Da9sM+fM79t2uq+NnH+eGJYhkUUtbWK4QOMqflm8Ft/Jsdk/hl60V1o 1YJHjv1vQcCuESyn4fFUSDbFTc06H3M8skHv4= X-Google-DKIM-Signature: v=1; a=rsa-sha256; c=relaxed/relaxed; d=1e100.net; s=20230601; t=1747814866; x=1748419666; h=cc:to:from:subject:message-id:date:x-gm-message-state:from:to:cc :subject:date:message-id:reply-to; bh=lI0bQYyVJi8FywJtNbfbXBPXTDjXb8ON1ULpe47FLBQ=; b=GSMbccoJFDhnl7K78asToyOatx36av7qm7kDtwsX0rPdSkWNVYVEVue7PbkuOFlolL /qvF0xYOErwdr4ufS0lBh0U4Dr6Jp2Ku/l0x1TJcyf8jNqG/thBYCJWT0tIbNoUn+PJb oTAYexc+IGHXX5wxFmLhUU0tABqVW6pNz/qSwEyanIljPiKn0dV/QtrjyFThvK2oLahq W7V2eYzWHdrHtF16MDfsTsfGKw8vVV5SXAFWhaRp4+LvB2jF+e2RQPO/sp2mXpo+rjXa 3Hb8rGtMygTjK16JZTmwO9Qcx4IqJPT0MrsYKVDOkgv0E/lf3hhyCQ8uLIGkVt7kluIG uK4w== X-Gm-Message-State: AOJu0YxJAr2iy1OMcOAuRwO+6JANpPkAXfFplyZWqSQ7ZXL4uhw7GBwS SIn4nn5wc09k2iXSuKhn61bWgJBuVIBGutMvHsvxshQNB3b0un7dOKYNAzOP2IX3TWuD9AaQrcV 0gCG5BCldOi0ivYpj18vOPz3bJqFUNCjmgfr8 X-Gm-Gg: ASbGncvzifB4vyAhdTJgdt2mYeX4vBl+eNH9IbhjH6ZUs0jCNRn0r/2K2iAfxenlM9p hTQmlCFPjQMy/tT7PhOdipVCsstwiosx6tajkfmt34ISqVrzBLADioUqK43eXO+czFyoOs/BPoB GLDoG/odZwVDi6OBb/6nmUJtkorQeXOj1Oyi8BbSw6xCorv3I0yohtdLPRp0TE6MXspxfk4AV1Q pkYwsfAR1RIj5GdTxutY0hpssMmMuKf5CcKj+PNSoHIJi29RsqSh7GnOwyIoitw2gIUHt97V7NR y/tCv7hsDIB8L+jbcP4yHaKKuoPnWTQQwv6sgQsmNnLCODauOwDDcoQwN/4= X-Google-Smtp-Source: AGHT+IG9lAL5ZIkn6zxFvpj1kZsHPFQcHMnvTnrbyQXmm6TnYUfzHHPofeDd/zkH1NNwP/vHS9hA+NkDLwGY X-Received: by 2002:a05:6e02:350c:b0:3d8:2187:5cea with SMTP id e9e14a558f8ab-3db8572837fmr185122915ab.1.1747814866516; Wed, 21 May 2025 01:07:46 -0700 (PDT) Received: from postal.iol.unh.edu (postal.iol.unh.edu. [132.177.123.84]) by smtp-relay.gmail.com with ESMTPS id e9e14a558f8ab-3db8442c0edsm5370555ab.28.2025.05.21.01.07.46 (version=TLS1_2 cipher=ECDHE-ECDSA-AES128-GCM-SHA256 bits=128/128); Wed, 21 May 2025 01:07:46 -0700 (PDT) X-Relaying-Domain: iol.unh.edu Date: Wed, 21 May 2025 01:07:46 -0700 (PDT) Message-ID: <682d89d2.920a0220.12caa8.dc67SMTPIN_ADDED_MISSING@mx.google.com> Received: from [172.21.0.5] (unknown [172.18.0.240]) by postal.iol.unh.edu (Postfix) with ESMTP id 097AF6052471; Wed, 21 May 2025 04:07:46 -0400 (EDT) Subject: |FAILURE| [GIT MASTER] 4401486b5e30d43a134f80f9802f60b5f43e74a8 From: dpdklab@iol.unh.edu To: Test Report Cc: dpdk-test-reports@iol.unh.edu, Xueming Li , Christian Ehrhardt , Kevin Traynor , Luca Boccassi Content-Type: text/plain X-BeenThere: test-report@dpdk.org X-Mailman-Version: 2.1.29 Precedence: list List-Id: automatic DPDK test reports List-Unsubscribe: , List-Archive: List-Post: List-Help: List-Subscribe: , Errors-To: test-report-bounces@dpdk.org _Testing issues_ Branch: tags/v22.11 4401486b5e30d43a134f80f9802f60b5f43e74a8 --> testing issues Upstream job id: Generic-Unit-Test-DPDK#339427 Test environment and result as below: +---------------------+----------------+ | Environment | dpdk_unit_test | +=====================+================+ | CentOS Stream 10 | FAIL | +---------------------+----------------+ | CentOS Stream 9 | FAIL | +---------------------+----------------+ | Debian 12 | FAIL | +---------------------+----------------+ | Ubuntu 20.04 | PASS | +---------------------+----------------+ | RHEL9 | FAIL | +---------------------+----------------+ | RHEL8 | PEND | +---------------------+----------------+ | Fedora 40 | PEND | +---------------------+----------------+ | Fedora 41 (Clang) | FAIL | +---------------------+----------------+ | Ubuntu 22.04 | FAIL | +---------------------+----------------+ | Fedora 40 (Clang) | PEND | +---------------------+----------------+ | Ubuntu 24.04 | FAIL | +---------------------+----------------+ | Fedora 41 | PEND | +---------------------+----------------+ | Windows Server 2022 | FAIL | +---------------------+----------------+ ==== Unit test summary for Windows Server 2022 (dpdk_unit_test): ==== Failed to get the unit test results. Displaying the unit test results is not supported for some environments, such as our aarch32 testing, where meson is not used to run the tests. Download the logs available on our CI site. ==== End log output ==== CentOS Stream 10 Kernel: Depends on container host Compiler: gcc 14.2.1 20241104 (Red Hat 14.2.1-6) CentOS Stream 9 Kernel: Depends on container host Compiler: gcc 11.5.0 20240719 (Red Hat 11.5.0-2) Debian 12 Kernel: Depends on container host Compiler: gcc (Debian 12.2.0-14) 12.2.0 Ubuntu 20.04 Kernel: Depends on container host Compiler: gcc (Ubuntu 9.4.0-1ubuntu1~20.04.2) 9.4.0 RHEL9 Kernel: Depends on container host Compiler: gcc 11.5.0 20240719 (Red Hat 11.5.0-2) RHEL8 Kernel: Depends on container host Compiler: gcc 8.5.0 20210514 (Red Hat 8.5.0-22) Fedora 40 Kernel: Depends on container host Compiler: gcc 14.2.1 20240912 (Red Hat 14.2.1-3) Fedora 41 (Clang) Kernel: Depends on container host Compiler: clang 19.1.5 (Fedora 19.1.5-1.fc41) Ubuntu 22.04 Kernel: Depends on container host Compiler: gcc (Ubuntu 11.4.0-1ubuntu1~22.04) 11.4.0 Fedora 40 (Clang) Kernel: Depends on container host Compiler: clang 18.1.8 (Fedora 18.1.8-1.fc40) Ubuntu 24.04 Kernel: Depends on container host Compiler: gcc (Ubuntu 13.3.0-6ubuntu2~24.04) 13.3.0 Fedora 41 Kernel: Depends on container host Compiler: gcc 14.2.1 20240912 (Red Hat 14.2.1-3) Windows Server 2022 Kernel: 10.0.20348.2031 Compiler: clang 15.0.7, gcc 14.1.0 (MinGW), and MSVC VS 19.39.33521 To view detailed results, visit: https://lab.dpdk.org/results/dashboard/tarballs/33595/ UNH-IOL DPDK Community Lab To manage your email subscriptions, visit: https://lab.dpdk.org/results/dashboard/preferences/subscriptions/