From mboxrd@z Thu Jan  1 00:00:00 1970
Return-Path: <test-report-bounces@dpdk.org>
Received: from mails.dpdk.org (mails.dpdk.org [217.70.189.124])
	by inbox.dpdk.org (Postfix) with ESMTP id 98FC1467AA
	for <public@inbox.dpdk.org>; Wed, 21 May 2025 10:12:29 +0200 (CEST)
Received: from mails.dpdk.org (localhost [127.0.0.1])
	by mails.dpdk.org (Postfix) with ESMTP id 7606A40EF1;
	Wed, 21 May 2025 10:12:29 +0200 (CEST)
Received: from mail-pg1-f226.google.com (mail-pg1-f226.google.com
 [209.85.215.226])
 by mails.dpdk.org (Postfix) with ESMTP id 0F67040EA5
 for <test-report@dpdk.org>; Wed, 21 May 2025 10:12:28 +0200 (CEST)
Received: by mail-pg1-f226.google.com with SMTP id
 41be03b00d2f7-b26f67f10ddso3614345a12.3
 for <test-report@dpdk.org>; Wed, 21 May 2025 01:12:27 -0700 (PDT)
DKIM-Signature: v=1; a=rsa-sha256; c=relaxed/relaxed;
 d=iol.unh.edu; s=unh-iol; t=1747815147; x=1748419947; darn=dpdk.org;
 h=cc:to:from:subject:message-id:date:from:to:cc:subject:date
 :message-id:reply-to;
 bh=kS0NO+qh8FG2YPAaPmhlOhYdGCtHpUGNoueL20EQuxw=;
 b=Os/8Er4IfEoLyS+9QUdJgW1xrM2PxkcgNu/+89pKUNGh+8ZEuiStsor+ZoJwIhvrjf
 t6uQOWRQVl5Zy/gyUIdDIEUBAypAp0gG9IxT5lK6MzxNOjGr0yioeEjAtfUlhG9PxITS
 gJdTV+ZieZpcX2PUfbyZusCYV5Z9O3BrSAj6E=
X-Google-DKIM-Signature: v=1; a=rsa-sha256; c=relaxed/relaxed;
 d=1e100.net; s=20230601; t=1747815147; x=1748419947;
 h=cc:to:from:subject:message-id:date:x-gm-message-state:from:to:cc
 :subject:date:message-id:reply-to;
 bh=kS0NO+qh8FG2YPAaPmhlOhYdGCtHpUGNoueL20EQuxw=;
 b=f8C9imi6tpYXdNMdchDnYrGRpqoFfZAmKP7cHhxRnrTamSwsLPNk/AlzvAVE+Bq3RD
 +B8hG7EQWB93F/IjcobEQL4OaIVy3QBHZC/4wxqrrhXd86JeEC6rUO4EGkfFVS1T52YF
 acCWLPBBBaF2Kb3yOiPj7ulb0vDtC8a92A7h6xawp/lWvSop467x90qr3oDo5HXS7XXb
 TrcSWLL7yZIBDUpKQDNCLsd/CncmCTYz/5m0z1BlF60FXWYcsjmfZTCQPae5Qrpg0wy/
 OEMrRKndeL9rX+NgmjVYyuCASavi2d9RzHFeoymCrMUm7FPAO8MWzwHR/PGTe/95aTlG
 quXA==
X-Gm-Message-State: AOJu0YyTvvlcPnycfUNZq4G+dpjJZ482YHmScpXJ34AJ/34jwuUJ+eUZ
 BgpXM8ugmYMSsoatPMBiXLS3HGdFQlYNNqkvKOHt/V/TGhC/R/5VOmM4zyIHSiMwGQvtsPe3OCC
 ROWDYL6AScpFRZhudgUeWU7cYae9RezLVO1zd
X-Gm-Gg: ASbGnctRd1AhM+kTMVfAvp0HisyMKH6QFnunq410ratZxh+ohQBw1S/xKoEk5X88WXy
 z1BQf9lr1t0pfGnx9ZuVxExQsxtVN1gWLuU0it6gSfHxyKLS75TB09v6tdJSUltfRmFEvrFAlKQ
 XB0PIjCJc+eazlljYjVAIrzJYoyRVSPDBgLf8USU0gLDOxYu5YnvztiOGeFPqX52XtrvLB6hZM3
 3kD74vYXO1vf3/n6C9IJfjlC5fNTwEDcbSVApNrFVGSBKno15ZyK/Iew22coInOj5CwRicZRtga
 UeHPA6ixXGO+zTSCy89HW9Rf+ovbFZLexn4+RZXvoeLofKTxqaJf5wu2eBg=
X-Google-Smtp-Source: AGHT+IE9AfqGg1c8w2hxHw/xvDkco4DsGwfTbA4U/cDVOHGR3V8by7KQEW8KhhEx4+Um+IkIXvakLEaBfoCI
X-Received: by 2002:a17:902:ce8f:b0:223:fdac:2e4 with SMTP id
 d9443c01a7336-231de3515a6mr250409745ad.1.1747815146952; 
 Wed, 21 May 2025 01:12:26 -0700 (PDT)
Received: from postal.iol.unh.edu (postal.iol.unh.edu. [132.177.123.84])
 by smtp-relay.gmail.com with ESMTPS id
 d9443c01a7336-232059b5bd7sm4171555ad.16.2025.05.21.01.12.26
 (version=TLS1_2 cipher=ECDHE-ECDSA-AES128-GCM-SHA256 bits=128/128);
 Wed, 21 May 2025 01:12:26 -0700 (PDT)
X-Relaying-Domain: iol.unh.edu
Date: Wed, 21 May 2025 01:12:26 -0700 (PDT)
Message-ID: <682d8aea.170a0220.23ed7c.46ebSMTPIN_ADDED_MISSING@mx.google.com>
Received: from [172.21.0.6] (unknown [172.18.0.240])
 by postal.iol.unh.edu (Postfix) with ESMTP id 162E06052471;
 Wed, 21 May 2025 04:12:26 -0400 (EDT)
Subject: |FAILURE| [GIT MASTER] 4401486b5e30d43a134f80f9802f60b5f43e74a8
From: dpdklab@iol.unh.edu
To: Test Report <test-report@dpdk.org>
Cc: dpdk-test-reports@iol.unh.edu, Xueming Li <xuemingl@nvidia.com>,
 Christian Ehrhardt <christian.ehrhardt@canonical.com>,
 Kevin Traynor <ktraynor@redhat.com>, Luca Boccassi <bluca@debian.org>
Content-Type: text/plain
X-BeenThere: test-report@dpdk.org
X-Mailman-Version: 2.1.29
Precedence: list
List-Id: automatic DPDK test reports <test-report.dpdk.org>
List-Unsubscribe: <https://mails.dpdk.org/options/test-report>,
 <mailto:test-report-request@dpdk.org?subject=unsubscribe>
List-Archive: <http://mails.dpdk.org/archives/test-report/>
List-Post: <mailto:test-report@dpdk.org>
List-Help: <mailto:test-report-request@dpdk.org?subject=help>
List-Subscribe: <https://mails.dpdk.org/listinfo/test-report>,
 <mailto:test-report-request@dpdk.org?subject=subscribe>
Errors-To: test-report-bounces@dpdk.org

_Testing issues_

Branch: tags/v22.11

4401486b5e30d43a134f80f9802f60b5f43e74a8 --> testing issues

Upstream job id: Generic-Unit-Test-DPDK#339423

Test environment and result as below:

+---------------------+----------------+
|     Environment     | dpdk_unit_test |
+=====================+================+
| CentOS Stream 10    | FAIL           |
+---------------------+----------------+
| CentOS Stream 9     | FAIL           |
+---------------------+----------------+
| Debian 12           | FAIL           |
+---------------------+----------------+
| Ubuntu 20.04        | PASS           |
+---------------------+----------------+
| RHEL9               | FAIL           |
+---------------------+----------------+
| RHEL8               | FAIL           |
+---------------------+----------------+
| Fedora 40           | PEND           |
+---------------------+----------------+
| Fedora 41 (Clang)   | FAIL           |
+---------------------+----------------+
| Ubuntu 22.04        | FAIL           |
+---------------------+----------------+
| Fedora 40 (Clang)   | FAIL           |
+---------------------+----------------+
| Ubuntu 24.04        | FAIL           |
+---------------------+----------------+
| Fedora 41           | PEND           |
+---------------------+----------------+
| Windows Server 2022 | FAIL           |
+---------------------+----------------+

==== Unit test summary for Windows Server 2022 (dpdk_unit_test): ====
Failed to get the unit test results.
Displaying the unit test results is not supported for some environments,
such as our aarch32 testing, where meson is not used to run the tests.
Download the logs available on our CI site.
==== End log output ====

CentOS Stream 10
	Kernel: Depends on container host
	Compiler: gcc 14.2.1 20241104 (Red Hat 14.2.1-6)

CentOS Stream 9
	Kernel: Depends on container host
	Compiler: gcc 11.5.0 20240719 (Red Hat 11.5.0-2)

Debian 12
	Kernel: Depends on container host
	Compiler: gcc (Debian 12.2.0-14) 12.2.0

Ubuntu 20.04
	Kernel: Depends on container host
	Compiler: gcc (Ubuntu 9.4.0-1ubuntu1~20.04.2) 9.4.0

RHEL9
	Kernel: Depends on container host
	Compiler: gcc 11.5.0 20240719 (Red Hat 11.5.0-2)

RHEL8
	Kernel: Depends on container host
	Compiler: gcc 8.5.0 20210514 (Red Hat 8.5.0-22)

Fedora 40
	Kernel: Depends on container host
	Compiler: gcc 14.2.1 20240912 (Red Hat 14.2.1-3)

Fedora 41 (Clang)
	Kernel: Depends on container host
	Compiler: clang 19.1.5 (Fedora 19.1.5-1.fc41)

Ubuntu 22.04
	Kernel: Depends on container host
	Compiler: gcc (Ubuntu 11.4.0-1ubuntu1~22.04) 11.4.0

Fedora 40 (Clang)
	Kernel: Depends on container host
	Compiler: clang 18.1.8 (Fedora 18.1.8-1.fc40)

Ubuntu 24.04
	Kernel: Depends on container host
	Compiler: gcc (Ubuntu 13.3.0-6ubuntu2~24.04) 13.3.0

Fedora 41
	Kernel: Depends on container host
	Compiler: gcc 14.2.1 20240912 (Red Hat 14.2.1-3)

Windows Server 2022
	Kernel: 10.0.20348.2031
	Compiler: clang 15.0.7, gcc 14.1.0 (MinGW), and MSVC VS 19.39.33521

To view detailed results, visit:
https://lab.dpdk.org/results/dashboard/tarballs/33595/

UNH-IOL DPDK Community Lab

To manage your email subscriptions, visit: 
https://lab.dpdk.org/results/dashboard/preferences/subscriptions/