From mboxrd@z Thu Jan 1 00:00:00 1970 Return-Path: Received: from mails.dpdk.org (mails.dpdk.org [217.70.189.124]) by inbox.dpdk.org (Postfix) with ESMTP id 95FCC467AA for ; Wed, 21 May 2025 10:13:13 +0200 (CEST) Received: from mails.dpdk.org (localhost [127.0.0.1]) by mails.dpdk.org (Postfix) with ESMTP id 9204440EF1; Wed, 21 May 2025 10:13:13 +0200 (CEST) Received: from mail-pg1-f228.google.com (mail-pg1-f228.google.com [209.85.215.228]) by mails.dpdk.org (Postfix) with ESMTP id 34F1940EA5 for ; Wed, 21 May 2025 10:13:12 +0200 (CEST) Received: by mail-pg1-f228.google.com with SMTP id 41be03b00d2f7-b271f3ae786so1819842a12.3 for ; Wed, 21 May 2025 01:13:12 -0700 (PDT) DKIM-Signature: v=1; a=rsa-sha256; c=relaxed/relaxed; d=iol.unh.edu; s=unh-iol; t=1747815191; x=1748419991; darn=dpdk.org; h=cc:to:from:subject:message-id:date:from:to:cc:subject:date :message-id:reply-to; bh=sv7mo0mZndBd7ngrk0PWI+KpLDRRyQeT1v38EyIYaf8=; b=cN8ccvzwRBwEEvEojK1sX/B3DXOnGO5vI91DCe9qh7c7/qubfy5fVVhOWgN06IRdBK fzoE0PtkcwpTqEq9wEaxFr3OYaf82LK4+336Q1thRl49/h2EFxaBnwQVUmEZAUfvnIVn 1TTIFBvOWo2kZCfR2oW1FpWog+tJn1/rDyYb8= X-Google-DKIM-Signature: v=1; a=rsa-sha256; c=relaxed/relaxed; d=1e100.net; s=20230601; t=1747815191; x=1748419991; h=cc:to:from:subject:message-id:date:x-gm-message-state:from:to:cc :subject:date:message-id:reply-to; bh=sv7mo0mZndBd7ngrk0PWI+KpLDRRyQeT1v38EyIYaf8=; b=sJBgfB/gI4SwAZJbeOMS5780txwT1mOP6+GGzZ1ukcyPlvSK8xbF7zbwICiqEhxRv5 0EIuj2R/gMAkXC+0fF2QKyUfTrs7p5pVRStb0tte4rXRK9sRp18a0vV8YW8KWzXmSLhi Id3JWXk1akEYoqDBAwUJutdheeYErQzVboXqoBZfH2bOFgEfUdsYWHnmjDqCLTnNMj11 tbl5AT87zUxgG4D8Gikum7nSG02K8jFoTtU0C7Z4wl9RRJrJWs4qPJ2DLw0ZeRitcxyi iyRUFsJBC9n30eKeusl2CRymzGSx4JMhujM0QHXZl+E/P5ugj+gJqTRRzRr0OaV+Itd0 Cz3A== X-Gm-Message-State: AOJu0YwKF+fCQSffJAFO6wxFkApPMZmQmhtXA3UEqROpz65ENF4+0vog AOHNo4VQVI4h4sTLK9QhsB0TWEePQ4MfcJ4G0lBpyAP2zYeizDBvGwumFxe4019p4LPSUcjx0kB ijn5MqkS1wDRf+yKawXLbbG6frc48mpxwpFLvjWFx1AKcYpqqZAYN X-Gm-Gg: ASbGnct6FOsHlVzj/+27g0s1WlcEeODasYhL4PnO4ahAzvRDu58QfUsrywmYtyxe1/C ZEpi4y8YWiAFGFrq3V53qX/in1vx3P3iTkzwUXzU2NCgumtitGasw8EuNWLQgewRFNiwI9jHRZS Q5yfcICUkSmRwP22IiCr79+3LV8KB+L4E2nqsmDnImf5vB5lZBStIemDnSn+wk84MAsJRZUjtCQ 3L21XKX3D7UpkW0c9gKUCJE7XDdmoa4fmkqMM2LT7B8Oz30Zt8Ce8kESH7+nuzcYqUsHbxTy89N TuBEdqP2mxSxgqT0W40BLbnRrVGtOTYG58zM X-Google-Smtp-Source: AGHT+IHilFbnuaB2BFNHZB5VqIOh2OTFgpT7PQdV9wi5XAwllHd2rrQl19W6rfsGkr+I3cpJnZn5irSwmxk/ X-Received: by 2002:a17:903:4b4b:b0:223:5e6a:57ab with SMTP id d9443c01a7336-231d45327d9mr289706845ad.39.1747815191353; Wed, 21 May 2025 01:13:11 -0700 (PDT) Received: from postal.iol.unh.edu (postal.iol.unh.edu. [2606:4100:3880:1234::84]) by smtp-relay.gmail.com with ESMTPS id d9443c01a7336-231d4ebb86csm6081515ad.115.2025.05.21.01.13.11 (version=TLS1_2 cipher=ECDHE-ECDSA-AES128-GCM-SHA256 bits=128/128); Wed, 21 May 2025 01:13:11 -0700 (PDT) X-Relaying-Domain: iol.unh.edu Date: Wed, 21 May 2025 01:13:11 -0700 (PDT) Message-ID: <682d8b17.170a0220.143a37.195fSMTPIN_ADDED_MISSING@mx.google.com> Received: from [172.21.0.5] (unknown [172.18.0.240]) by postal.iol.unh.edu (Postfix) with ESMTP id CBD996052471; Wed, 21 May 2025 04:13:10 -0400 (EDT) Subject: |FAILURE| [GIT MASTER] 4401486b5e30d43a134f80f9802f60b5f43e74a8 From: dpdklab@iol.unh.edu To: Test Report Cc: dpdk-test-reports@iol.unh.edu, Xueming Li , Christian Ehrhardt , Kevin Traynor , Luca Boccassi Content-Type: text/plain X-BeenThere: test-report@dpdk.org X-Mailman-Version: 2.1.29 Precedence: list List-Id: automatic DPDK test reports List-Unsubscribe: , List-Archive: List-Post: List-Help: List-Subscribe: , Errors-To: test-report-bounces@dpdk.org _Testing issues_ Branch: tags/v22.11 4401486b5e30d43a134f80f9802f60b5f43e74a8 --> testing issues Upstream job id: Generic-Unit-Test-DPDK#339420 Test environment and result as below: +---------------------+----------------+ | Environment | dpdk_unit_test | +=====================+================+ | CentOS Stream 10 | FAIL | +---------------------+----------------+ | CentOS Stream 9 | FAIL | +---------------------+----------------+ | Debian 12 | FAIL | +---------------------+----------------+ | Ubuntu 20.04 | PASS | +---------------------+----------------+ | RHEL9 | FAIL | +---------------------+----------------+ | RHEL8 | FAIL | +---------------------+----------------+ | Fedora 40 | PEND | +---------------------+----------------+ | Fedora 41 (Clang) | FAIL | +---------------------+----------------+ | Ubuntu 22.04 | FAIL | +---------------------+----------------+ | Fedora 40 (Clang) | FAIL | +---------------------+----------------+ | Ubuntu 24.04 | FAIL | +---------------------+----------------+ | Fedora 41 | PEND | +---------------------+----------------+ | Windows Server 2022 | FAIL | +---------------------+----------------+ ==== Unit test summary for Windows Server 2022 (dpdk_unit_test): ==== Failed to get the unit test results. Displaying the unit test results is not supported for some environments, such as our aarch32 testing, where meson is not used to run the tests. Download the logs available on our CI site. ==== End log output ==== CentOS Stream 10 Kernel: Depends on container host Compiler: gcc 14.2.1 20241104 (Red Hat 14.2.1-6) CentOS Stream 9 Kernel: Depends on container host Compiler: gcc 11.5.0 20240719 (Red Hat 11.5.0-2) Debian 12 Kernel: Depends on container host Compiler: gcc (Debian 12.2.0-14) 12.2.0 Ubuntu 20.04 Kernel: Depends on container host Compiler: gcc (Ubuntu 9.4.0-1ubuntu1~20.04.2) 9.4.0 RHEL9 Kernel: Depends on container host Compiler: gcc 11.5.0 20240719 (Red Hat 11.5.0-2) RHEL8 Kernel: Depends on container host Compiler: gcc 8.5.0 20210514 (Red Hat 8.5.0-22) Fedora 40 Kernel: Depends on container host Compiler: gcc 14.2.1 20240912 (Red Hat 14.2.1-3) Fedora 41 (Clang) Kernel: Depends on container host Compiler: clang 19.1.5 (Fedora 19.1.5-1.fc41) Ubuntu 22.04 Kernel: Depends on container host Compiler: gcc (Ubuntu 11.4.0-1ubuntu1~22.04) 11.4.0 Fedora 40 (Clang) Kernel: Depends on container host Compiler: clang 18.1.8 (Fedora 18.1.8-1.fc40) Ubuntu 24.04 Kernel: Depends on container host Compiler: gcc (Ubuntu 13.3.0-6ubuntu2~24.04) 13.3.0 Fedora 41 Kernel: Depends on container host Compiler: gcc 14.2.1 20240912 (Red Hat 14.2.1-3) Windows Server 2022 Kernel: 10.0.20348.2031 Compiler: clang 15.0.7, gcc 14.1.0 (MinGW), and MSVC VS 19.39.33521 To view detailed results, visit: https://lab.dpdk.org/results/dashboard/tarballs/33595/ UNH-IOL DPDK Community Lab To manage your email subscriptions, visit: https://lab.dpdk.org/results/dashboard/preferences/subscriptions/