From mboxrd@z Thu Jan 1 00:00:00 1970 Return-Path: Received: from mails.dpdk.org (mails.dpdk.org [217.70.189.124]) by inbox.dpdk.org (Postfix) with ESMTP id 9C913467AA for ; Wed, 21 May 2025 10:40:31 +0200 (CEST) Received: from mails.dpdk.org (localhost [127.0.0.1]) by mails.dpdk.org (Postfix) with ESMTP id 7CCA140E28; Wed, 21 May 2025 10:40:31 +0200 (CEST) Received: from mail-vk1-f227.google.com (mail-vk1-f227.google.com [209.85.221.227]) by mails.dpdk.org (Postfix) with ESMTP id 23ABD40151 for ; Wed, 21 May 2025 10:40:30 +0200 (CEST) Received: by mail-vk1-f227.google.com with SMTP id 71dfb90a1353d-52f05bb975bso101228e0c.1 for ; Wed, 21 May 2025 01:40:30 -0700 (PDT) DKIM-Signature: v=1; a=rsa-sha256; c=relaxed/relaxed; d=iol.unh.edu; s=unh-iol; t=1747816829; x=1748421629; darn=dpdk.org; h=cc:to:from:subject:message-id:date:from:to:cc:subject:date :message-id:reply-to; bh=DGIUgJINxde/SGdQDI8vdusmpLz+SLP5x9zXY3sGQqg=; b=jUjPIDjeEAvd6EGzGr+2Werwa2xb9Wrs/6X8OnoRfxv5KpfopnU9odc8wCWwzl2riR WbNzzaQ+bXUxktKUzLuTKdWwW1asDgq4KSGeTpapKEb9z+yQnxF7dQYjVX3Okzk5rKrL nIUSWkN3oDt/q5zStVMQM2m3h8lmrHOxAjgqU= X-Google-DKIM-Signature: v=1; a=rsa-sha256; c=relaxed/relaxed; d=1e100.net; s=20230601; t=1747816829; x=1748421629; h=cc:to:from:subject:message-id:date:x-gm-message-state:from:to:cc :subject:date:message-id:reply-to; bh=DGIUgJINxde/SGdQDI8vdusmpLz+SLP5x9zXY3sGQqg=; b=Nim3Oei5As3X+yuNHPehAIreISpQzPnU6jlJEIU8//SVTe3AxZQJTSIFjS1zfzeVak feyoqRWLd671h5/r4lT5SolnGZReq7CsAjis48I+Aec0Fg5yz4vU5mF5p1qZj39vrt3Q s+RSQIUIJ8GEbE6BkQeOsz8wWIHmUXKUs3bHVEO43hFT7NlvNOyynFq11yekLDngtwhy 4UxYM8QUDH9pIUG69swkTkpbm0Gaev1cVUKX1ixtcQ0GJR1gSFMhoy59dARTD9WVRvaH 3OlL7SrUM1uRl9LMrTLnuAES2B4318SwI5Y/BmXJUCKgTo2lN9+xvH8oSYwQRhsInqWp 9TFA== X-Gm-Message-State: AOJu0YydRllJXoetbX8pDSv54n9gAcoEpqajlOSIXPsPslkYeou8KklS El3bHwandYtpMowjpjtB+pqeKGSZyHYyEncEmU7fW2NSOfoyC6KIn5FE4JwIL6t/tO+1DYl4pOs xCxojUfyAw9nZdUM7qVU5l6VgyY5pg6DIhl7povMgQqRN1i5smhGp X-Gm-Gg: ASbGncu2qcqs37WqmbNnazoSrxcITporR7sq7oDMzjz/722qZd1gD0GFAb9cn309lRl Q+1vWhBDTPMtOhoG08VOk8jsU0sbGeBufslAWFgQKRQg2bq5dnZX9HlIr2u7r5yZEmLYIwrK//M LnarZHq7EH/UcJ2D7jcfTUGlgQKA+p/F10kCeLsw71zptSAb6DLzfXIwxzp5cTd33DpfZ1Mxi43 9ebt5eUn2IqUm71Nemw7AWLruQnsEL9ssNGKtcDnphOSuazChRQZFT32XUq0qfGxNzcDVETme9H a2zrbIeHahQmSAdc6D8Lw8HuK4egqzGEvQmZ X-Google-Smtp-Source: AGHT+IGUSYU5xPjBe97DZF3+A4q9VfTfT4y6j91G6jANLq86u7mvCT8Ah606hAFGY/Y/7C4Scz2sEFBZjM55 X-Received: by 2002:a05:6102:2c0f:b0:4c5:904d:f358 with SMTP id ada2fe7eead31-4dfa6c495a4mr19846901137.23.1747816829375; Wed, 21 May 2025 01:40:29 -0700 (PDT) Received: from postal.iol.unh.edu (postal.iol.unh.edu. [2606:4100:3880:1234::84]) by smtp-relay.gmail.com with ESMTPS id a1e0cc1a2514c-87bec117ad4sm144051241.6.2025.05.21.01.40.29 (version=TLS1_2 cipher=ECDHE-ECDSA-AES128-GCM-SHA256 bits=128/128); Wed, 21 May 2025 01:40:29 -0700 (PDT) X-Relaying-Domain: iol.unh.edu Date: Wed, 21 May 2025 01:40:29 -0700 (PDT) Message-ID: <682d917d.050a0220.24a604.9148SMTPIN_ADDED_MISSING@mx.google.com> Received: from [172.21.0.5] (unknown [172.18.0.240]) by postal.iol.unh.edu (Postfix) with ESMTP id BFCC96052471; Wed, 21 May 2025 04:40:28 -0400 (EDT) Subject: |FAILURE| [GIT MASTER] 4401486b5e30d43a134f80f9802f60b5f43e74a8 From: dpdklab@iol.unh.edu To: Test Report Cc: dpdk-test-reports@iol.unh.edu, Xueming Li , Christian Ehrhardt , Kevin Traynor , Luca Boccassi Content-Type: text/plain X-BeenThere: test-report@dpdk.org X-Mailman-Version: 2.1.29 Precedence: list List-Id: automatic DPDK test reports List-Unsubscribe: , List-Archive: List-Post: List-Help: List-Subscribe: , Errors-To: test-report-bounces@dpdk.org _Testing issues_ Branch: tags/v22.11 4401486b5e30d43a134f80f9802f60b5f43e74a8 --> testing issues Upstream job id: Generic-Unit-Test-DPDK#339421 Test environment and result as below: +---------------------+----------------+ | Environment | dpdk_unit_test | +=====================+================+ | CentOS Stream 10 | FAIL | +---------------------+----------------+ | CentOS Stream 9 | FAIL | +---------------------+----------------+ | Debian 12 | FAIL | +---------------------+----------------+ | Ubuntu 20.04 | PASS | +---------------------+----------------+ | RHEL9 | FAIL | +---------------------+----------------+ | RHEL8 | FAIL | +---------------------+----------------+ | Fedora 40 | FAIL | +---------------------+----------------+ | Fedora 41 (Clang) | FAIL | +---------------------+----------------+ | Ubuntu 22.04 | FAIL | +---------------------+----------------+ | Fedora 40 (Clang) | FAIL | +---------------------+----------------+ | Ubuntu 24.04 | FAIL | +---------------------+----------------+ | Fedora 41 | FAIL | +---------------------+----------------+ | Windows Server 2022 | FAIL | +---------------------+----------------+ ==== Unit test summary for Windows Server 2022 (dpdk_unit_test): ==== Failed to get the unit test results. Displaying the unit test results is not supported for some environments, such as our aarch32 testing, where meson is not used to run the tests. Download the logs available on our CI site. ==== End log output ==== CentOS Stream 10 Kernel: Depends on container host Compiler: gcc 14.2.1 20241104 (Red Hat 14.2.1-6) CentOS Stream 9 Kernel: Depends on container host Compiler: gcc 11.5.0 20240719 (Red Hat 11.5.0-2) Debian 12 Kernel: Depends on container host Compiler: gcc (Debian 12.2.0-14) 12.2.0 Ubuntu 20.04 Kernel: Depends on container host Compiler: gcc (Ubuntu 9.4.0-1ubuntu1~20.04.2) 9.4.0 RHEL9 Kernel: Depends on container host Compiler: gcc 11.5.0 20240719 (Red Hat 11.5.0-2) RHEL8 Kernel: Depends on container host Compiler: gcc 8.5.0 20210514 (Red Hat 8.5.0-22) Fedora 40 Kernel: Depends on container host Compiler: gcc 14.2.1 20240912 (Red Hat 14.2.1-3) Fedora 41 (Clang) Kernel: Depends on container host Compiler: clang 19.1.5 (Fedora 19.1.5-1.fc41) Ubuntu 22.04 Kernel: Depends on container host Compiler: gcc (Ubuntu 11.4.0-1ubuntu1~22.04) 11.4.0 Fedora 40 (Clang) Kernel: Depends on container host Compiler: clang 18.1.8 (Fedora 18.1.8-1.fc40) Ubuntu 24.04 Kernel: Depends on container host Compiler: gcc (Ubuntu 13.3.0-6ubuntu2~24.04) 13.3.0 Fedora 41 Kernel: Depends on container host Compiler: gcc 14.2.1 20240912 (Red Hat 14.2.1-3) Windows Server 2022 Kernel: 10.0.20348.2031 Compiler: clang 15.0.7, gcc 14.1.0 (MinGW), and MSVC VS 19.39.33521 To view detailed results, visit: https://lab.dpdk.org/results/dashboard/tarballs/33595/ UNH-IOL DPDK Community Lab To manage your email subscriptions, visit: https://lab.dpdk.org/results/dashboard/preferences/subscriptions/