From: dpdklab@iol.unh.edu
To: Test Report <test-report@dpdk.org>
Cc: dpdk-test-reports@iol.unh.edu
Subject: |SUCCESS| pw153559 [PATCH] examples/flow_filtering: add re-route to
Date: Wed, 21 May 2025 01:53:57 -0700 (PDT) [thread overview]
Message-ID: <682d94a5.050a0220.2697f.e79bSMTPIN_ADDED_MISSING@mx.google.com> (raw)
In-Reply-To: <20250521072736.141817-1-shperetz@nvidia.com>
Test-Label: iol-sample-apps-testing
Test-Status: SUCCESS
http://dpdk.org/patch/153559
_Testing PASS_
Submitter: Shani Peretz <shperetz@nvidia.com>
Date: Wednesday, May 21 2025 07:27:36
DPDK git baseline: Repo:dpdk
Branch: master
CommitID:117e86c4b96ed761e9a7ab766261208fe81bf5ca
153559 --> testing pass
Upstream job id: Template-DTS-Pipeline#226903
Test environment and result as below:
+--------------+----------------------+
| Environment | compressdev_zlib_pmd |
+==============+======================+
| Ubuntu 22.04 | PASS |
+--------------+----------------------+
Ubuntu 22.04
Kernel: 5.15.0-100-generic
Compiler: gcc gcc (Ubuntu 11.4.0-1ubuntu1~22.04) 11.4.0
To view detailed results, visit:
https://lab.dpdk.org/results/dashboard/patchsets/33219/
UNH-IOL DPDK Community Lab
To manage your email subscriptions, visit:
https://lab.dpdk.org/results/dashboard/preferences/subscriptions/
next prev parent reply other threads:[~2025-05-21 8:53 UTC|newest]
Thread overview: 28+ messages / expand[flat|nested] mbox.gz Atom feed top
[not found] <20250521072736.141817-1-shperetz@nvidia.com>
2025-05-21 6:53 ` |SUCCESS| pw153559 [PATCH] examples/flow_filtering: add re-route to kernel snippet qemudev
2025-05-21 6:57 ` qemudev
2025-05-21 7:29 ` checkpatch
2025-05-21 8:16 ` |SUCCESS| pw153559 [PATCH] examples/flow_filtering: add re-route to dpdklab
2025-05-21 8:28 ` dpdklab
2025-05-21 8:30 ` dpdklab
2025-05-21 8:31 ` dpdklab
2025-05-21 8:33 ` dpdklab
2025-05-21 8:42 ` dpdklab
2025-05-21 8:43 ` dpdklab
2025-05-21 8:53 ` dpdklab [this message]
2025-05-21 8:57 ` dpdklab
2025-05-21 9:15 ` |PENDING| " dpdklab
2025-05-21 9:23 ` |FAILURE| pw153559 [PATCH] examples/flow_filtering: add re-route to kernel snippet 0-day Robot
2025-05-21 10:13 ` |PENDING| pw153559 [PATCH] examples/flow_filtering: add re-route to dpdklab
2025-05-21 10:17 ` dpdklab
2025-05-21 10:22 ` dpdklab
2025-05-21 11:18 ` |SUCCESS| " dpdklab
2025-05-21 12:06 ` dpdklab
2025-05-21 12:08 ` dpdklab
2025-05-21 13:02 ` |WARNING| " dpdklab
2025-05-21 13:03 ` dpdklab
2025-05-21 13:03 ` dpdklab
2025-05-21 13:04 ` dpdklab
2025-05-21 13:05 ` dpdklab
2025-05-21 13:05 ` dpdklab
2025-05-21 13:14 ` dpdklab
2025-05-21 14:20 ` |SUCCESS| " dpdklab
Reply instructions:
You may reply publicly to this message via plain-text email
using any one of the following methods:
* Save the following mbox file, import it into your mail client,
and reply-to-all from there: mbox
Avoid top-posting and favor interleaved quoting:
https://en.wikipedia.org/wiki/Posting_style#Interleaved_style
* Reply using the --to, --cc, and --in-reply-to
switches of git-send-email(1):
git send-email \
--in-reply-to=682d94a5.050a0220.2697f.e79bSMTPIN_ADDED_MISSING@mx.google.com \
--to=dpdklab@iol.unh.edu \
--cc=dpdk-test-reports@iol.unh.edu \
--cc=test-report@dpdk.org \
/path/to/YOUR_REPLY
https://kernel.org/pub/software/scm/git/docs/git-send-email.html
* If your mail client supports setting the In-Reply-To header
via mailto: links, try the mailto: link
Be sure your reply has a Subject: header at the top and a blank line
before the message body.
This is a public inbox, see mirroring instructions
for how to clone and mirror all data and code used for this inbox;
as well as URLs for NNTP newsgroup(s).