From mboxrd@z Thu Jan 1 00:00:00 1970 Return-Path: Received: from mails.dpdk.org (mails.dpdk.org [217.70.189.124]) by inbox.dpdk.org (Postfix) with ESMTP id DF74F467AA for ; Wed, 21 May 2025 11:38:41 +0200 (CEST) Received: from mails.dpdk.org (localhost [127.0.0.1]) by mails.dpdk.org (Postfix) with ESMTP id C4D7242709; Wed, 21 May 2025 11:38:41 +0200 (CEST) Received: from mail-pg1-f225.google.com (mail-pg1-f225.google.com [209.85.215.225]) by mails.dpdk.org (Postfix) with ESMTP id 9421842708 for ; Wed, 21 May 2025 11:38:40 +0200 (CEST) Received: by mail-pg1-f225.google.com with SMTP id 41be03b00d2f7-b1f7357b5b6so4323759a12.0 for ; Wed, 21 May 2025 02:38:40 -0700 (PDT) DKIM-Signature: v=1; a=rsa-sha256; c=relaxed/relaxed; d=iol.unh.edu; s=unh-iol; t=1747820319; x=1748425119; darn=dpdk.org; h=cc:to:from:subject:message-id:date:from:to:cc:subject:date :message-id:reply-to; bh=Je+CKCGH+sKMkqyraK4QJhmBRNZmLDs1Plv7B/eLhHY=; b=U42quFIEn0u9JBV6nO7UifYpHrqbChrUoZ1nBJWyXEenSAj6VP/9bd217fG8Z+dgX+ XAkGsJ9LvE5yZ6m5IelV+rqT6iMhlA7KzGc6hit72A8tH4xP+bCqJQ3/r9/MNYkl3oXj SNHPeosrMbYl+SoXQ+mGQ7eaGXHfZ9i3TCNcw= X-Google-DKIM-Signature: v=1; a=rsa-sha256; c=relaxed/relaxed; d=1e100.net; s=20230601; t=1747820319; x=1748425119; h=cc:to:from:subject:message-id:date:x-gm-message-state:from:to:cc :subject:date:message-id:reply-to; bh=Je+CKCGH+sKMkqyraK4QJhmBRNZmLDs1Plv7B/eLhHY=; b=ZKJd+baJjg85X0fYbeg9iQxL6seMFRmuyY9WF2HG6b9MPJ8KJihADuVqnSYDAUvztM cjCriqF3Ml+1y0+p3LwG+RN3Go4K5CIrbALgUy4hFb/U42Hwonl/8HtLA86vEHnIMTFF oqdpBDn1oWIbo5se+heVNC6iIvgIHJ6+oCrJpRtsg5Z1kEXpErgM4KMq6wkw5J+/Hj4d 8wLPeU9Ok/K4gnpNjlAf1oqC++qLJc9o8A6zEDGsZ1NVKDbFcZ0b0xp2qGy3xTGkVQk6 Wh740wP67zSiEcsK/goNoHRXWzVrua0KOoS1H9afKSCMUmsbD0NY5L+gSOOWbtXIB8fW AIEg== X-Gm-Message-State: AOJu0YwqfSWT09TAdy+YKUnGE8rEFUo6T9flZcRzBIldEVheXw1isiGa lemwHy8x5kD/DyMssIOZK8GgcxI8+NvO1ebKjw19ZkzYj5t6itZbr9DK5WHLTt0msKqVDXch0oy Sxb43qA31Pp/PxxS2NwY9y4oYZxUZwC6ptMwftwE2I8x2cqQLBv3p X-Gm-Gg: ASbGncscygxdZSUNURG4SzyumUvFX4+FsH8L4zeR4W88jr7AdJ4OICkdgJjSHQVlu80 f5SjgcGynxeKT13uhnLYNIPi1hcw8iQ7QeQ+twJmVfXRQYW34UuJXdZwONEfPiLPo7Xr/qoWZ5X TXm5jRf/o3qWoJ5dgE2zcHcw7YGuED3/I73Z0R6hBviTKHogOqpllBKSEuJWoRN+uWGOuxymO1r 2ych4Oi3rJA9nY9LhxgDmX6r3gqDXDZcQReOmF9Lg3jDvUJ15hEj0NzEX07RPb8FUV6MEj4OfAS DF9nqAT6E/icJYdzSXcH50xIzi5H1HixnXsK X-Google-Smtp-Source: AGHT+IGBvlDnQ9ynwbijHabCyGSbArKN8204RDbHQFb9y2Hvm9/UDtA6sAy1edaMGqmAnyWEjMx+xo3Pipi7 X-Received: by 2002:a17:903:2449:b0:231:c2e8:89df with SMTP id d9443c01a7336-231d4535a98mr308966905ad.28.1747820319565; Wed, 21 May 2025 02:38:39 -0700 (PDT) Received: from postal.iol.unh.edu (postal.iol.unh.edu. [2606:4100:3880:1234::84]) by smtp-relay.gmail.com with ESMTPS id d9443c01a7336-231d4aa7057sm6186775ad.19.2025.05.21.02.38.39 (version=TLS1_2 cipher=ECDHE-ECDSA-AES128-GCM-SHA256 bits=128/128); Wed, 21 May 2025 02:38:39 -0700 (PDT) X-Relaying-Domain: iol.unh.edu Date: Wed, 21 May 2025 02:38:39 -0700 (PDT) Message-ID: <682d9f1f.170a0220.34ce23.200bSMTPIN_ADDED_MISSING@mx.google.com> Received: from [172.21.0.6] (unknown [172.18.0.240]) by postal.iol.unh.edu (Postfix) with ESMTP id EDDCB6052471; Wed, 21 May 2025 05:38:38 -0400 (EDT) Subject: |WARNING| [GIT MASTER] 4401486b5e30d43a134f80f9802f60b5f43e74a8 From: dpdklab@iol.unh.edu To: Test Report Cc: dpdk-test-reports@iol.unh.edu, Xueming Li , Christian Ehrhardt , Kevin Traynor , Luca Boccassi Content-Type: text/plain X-BeenThere: test-report@dpdk.org X-Mailman-Version: 2.1.29 Precedence: list List-Id: automatic DPDK test reports List-Unsubscribe: , List-Archive: List-Post: List-Help: List-Subscribe: , Errors-To: test-report-bounces@dpdk.org _Testing issues_ Branch: tags/v22.11 4401486b5e30d43a134f80f9802f60b5f43e74a8 --> testing issues Upstream job id: Generic-DPDK-Compile-Meson#389860 Test environment and result as below: +---------------------+--------------------+-------------------------+----------------------+ | Environment | dpdk_meson_compile | dpdk_llvm_clang_compile | dpdk_mingw64_compile | +=====================+====================+=========================+======================+ | CentOS Stream 10 | PASS | SKIPPED | SKIPPED | +---------------------+--------------------+-------------------------+----------------------+ | CentOS Stream 9 | PASS | SKIPPED | SKIPPED | +---------------------+--------------------+-------------------------+----------------------+ | Fedora 40 | PASS | SKIPPED | SKIPPED | +---------------------+--------------------+-------------------------+----------------------+ | Debian 12 | PASS | SKIPPED | SKIPPED | +---------------------+--------------------+-------------------------+----------------------+ | Fedora 41 | PASS | SKIPPED | SKIPPED | +---------------------+--------------------+-------------------------+----------------------+ | Fedora 41 (Clang) | PASS | SKIPPED | SKIPPED | +---------------------+--------------------+-------------------------+----------------------+ | openSUSE Leap 15 | PASS | SKIPPED | SKIPPED | +---------------------+--------------------+-------------------------+----------------------+ | RHEL9 | PASS | SKIPPED | SKIPPED | +---------------------+--------------------+-------------------------+----------------------+ | Ubuntu 24.04 | PASS | SKIPPED | SKIPPED | +---------------------+--------------------+-------------------------+----------------------+ | Ubuntu 20.04 | PASS | SKIPPED | SKIPPED | +---------------------+--------------------+-------------------------+----------------------+ | RHEL8 | PASS | SKIPPED | SKIPPED | +---------------------+--------------------+-------------------------+----------------------+ | Ubuntu 22.04 | PASS | SKIPPED | SKIPPED | +---------------------+--------------------+-------------------------+----------------------+ | FreeBSD 13.5 | PASS | SKIPPED | SKIPPED | +---------------------+--------------------+-------------------------+----------------------+ | FreeBSD 14.2 | PASS | SKIPPED | SKIPPED | +---------------------+--------------------+-------------------------+----------------------+ | Fedora 40 (Clang) | PASS | SKIPPED | SKIPPED | +---------------------+--------------------+-------------------------+----------------------+ | Windows Server 2022 | SKIPPED | FAIL | PASS | +---------------------+--------------------+-------------------------+----------------------+ ==== 20 line log output for Windows Server 2022 (dpdk_llvm_clang_compile): ==== ..\lib\eal\include/rte_common.h:850:32: note: expanded from macro 'RTE_FMT_TAIL' #define RTE_FMT_TAIL(fmt, ...) __VA_ARGS__ ^~~~~~~~~~~ ..\lib\eal\include/rte_common.h:848:39: note: expanded from macro 'RTE_FMT' #define RTE_FMT(fmt, ...) fmt "%.0s", __VA_ARGS__ "" ^~~~~~~~~~~ ../drivers/crypto/mlx5/mlx5_crypto.c:463:18: note: forward declaration of 'struct mlx5_err_cqe' volatile struct mlx5_err_cqe *cqe = (volatile struct mlx5_err_cqe *) ^ 3 errors generated. [618/788] Compiling C object drivers/libtmp_rte_crypto_mlx5.a.p/crypto_mlx5_mlx5_crypto_dek.c.obj [619/788] Compiling C object drivers/libtmp_rte_net_vmxnet3.a.p/net_vmxnet3_vmxnet3_rxtx.c.obj [620/788] Compiling C object drivers/libtmp_rte_net_vmxnet3.a.p/net_vmxnet3_vmxnet3_ethdev.c.obj [621/788] Compiling C object app/dpdk-testpmd.exe.p/test-pmd_5tswap.c.obj [622/788] Generating rte_net_octeon_ep.pmd.c with a custom command (wrapped by meson to set PATH) [623/788] Compiling C object drivers/libtmp_rte_net_mlx5.a.p/net_mlx5_mlx5_tx_nompw.c.obj [624/788] Compiling C object app/dpdk-testpmd.exe.p/test-pmd_cmdline_flow.c.obj [625/788] Compiling C object drivers/libtmp_rte_net_mlx5.a.p/net_mlx5_mlx5_tx_empw.c.obj [626/788] Compiling C object drivers/libtmp_rte_net_mlx5.a.p/net_mlx5_mlx5_tx_txpp.c.obj ninja: build stopped: subcommand failed. ==== End log output ==== CentOS Stream 10 Kernel: Depends on container host Compiler: gcc 14.2.1 20241104 (Red Hat 14.2.1-6) CentOS Stream 9 Kernel: Depends on container host Compiler: gcc 11.5.0 20240719 (Red Hat 11.5.0-2) Fedora 40 Kernel: Depends on container host Compiler: gcc 14.2.1 20240912 (Red Hat 14.2.1-3) Debian 12 Kernel: Depends on container host Compiler: gcc (Debian 12.2.0-14) 12.2.0 Fedora 41 Kernel: Depends on container host Compiler: gcc 14.2.1 20240912 (Red Hat 14.2.1-3) Fedora 41 (Clang) Kernel: Depends on container host Compiler: clang 19.1.5 (Fedora 19.1.5-1.fc41) openSUSE Leap 15 Kernel: Depends on container host Compiler: gcc (SUSE Linux) 7.5.0 RHEL9 Kernel: Depends on container host Compiler: gcc 11.5.0 20240719 (Red Hat 11.5.0-2) Ubuntu 24.04 Kernel: Depends on container host Compiler: gcc (Ubuntu 13.3.0-6ubuntu2~24.04) 13.3.0 Ubuntu 20.04 Kernel: Depends on container host Compiler: gcc (Ubuntu 9.4.0-1ubuntu1~20.04.2) 9.4.0 RHEL8 Kernel: Depends on container host Compiler: gcc 8.5.0 20210514 (Red Hat 8.5.0-22) Ubuntu 22.04 Kernel: Depends on container host Compiler: gcc (Ubuntu 11.4.0-1ubuntu1~22.04) 11.4.0 FreeBSD 13.5 Kernel: 13.5-RELEASE Compiler: clang 19.1.7 FreeBSD 14.2 Kernel: 14.2-RELEASE Compiler: clang 18.1.6 Fedora 40 (Clang) Kernel: Depends on container host Compiler: clang 18.1.8 (Fedora 18.1.8-1.fc40) Windows Server 2022 Kernel: 10.0.20348.2031 Compiler: clang 15.0.7, gcc 14.1.0 (MinGW), and MSVC VS 19.39.33521 To view detailed results, visit: https://lab.dpdk.org/results/dashboard/tarballs/33595/ UNH-IOL DPDK Community Lab To manage your email subscriptions, visit: https://lab.dpdk.org/results/dashboard/preferences/subscriptions/