From mboxrd@z Thu Jan 1 00:00:00 1970 Return-Path: Received: from mails.dpdk.org (mails.dpdk.org [217.70.189.124]) by inbox.dpdk.org (Postfix) with ESMTP id 42C16467AB for ; Wed, 21 May 2025 12:52:30 +0200 (CEST) Received: from mails.dpdk.org (localhost [127.0.0.1]) by mails.dpdk.org (Postfix) with ESMTP id 226D5427AA; Wed, 21 May 2025 12:52:30 +0200 (CEST) Received: from mail-pl1-f228.google.com (mail-pl1-f228.google.com [209.85.214.228]) by mails.dpdk.org (Postfix) with ESMTP id 72D72427A5 for ; Wed, 21 May 2025 12:52:28 +0200 (CEST) Received: by mail-pl1-f228.google.com with SMTP id d9443c01a7336-2320e53167dso44453275ad.3 for ; Wed, 21 May 2025 03:52:28 -0700 (PDT) DKIM-Signature: v=1; a=rsa-sha256; c=relaxed/relaxed; d=iol.unh.edu; s=unh-iol; t=1747824747; x=1748429547; darn=dpdk.org; h=references:in-reply-to:cc:to:from:subject:message-id:date:from:to :cc:subject:date:message-id:reply-to; bh=GdLuwlE0dXM6g59+z8dOidChcgUxlBvRUKeSvgdhLH8=; b=Xso1oLgflObr1dpqloUSUBiGWKdR1Jm1O0JwQI6cL2ECQ8Zcjdg8SXvhmudPf0lzgz k++7y0PVsoWVdUeXJ2tvHOTVqRFQtTezjfc8OHw3JrS1AMcjPz1fCwRndBW5sxmx8SKv gtfWywduXU0ZJ8GabHQaNA/Uq7oAzcLvqWulw= X-Google-DKIM-Signature: v=1; a=rsa-sha256; c=relaxed/relaxed; d=1e100.net; s=20230601; t=1747824747; x=1748429547; h=references:in-reply-to:cc:to:from:subject:message-id:date :x-gm-message-state:from:to:cc:subject:date:message-id:reply-to; bh=GdLuwlE0dXM6g59+z8dOidChcgUxlBvRUKeSvgdhLH8=; b=ZdC7lY5vSOQOeMUdePb4kFQSNlasGxv2jxPhmEthS2S0t3MRCbC2CLPahjCKOXNgdE EEjxRHEM/VJ100uuXQzgQWngwFM9Fr7c0T3X3SZmml6j/JzpQsFvROuqgzx1UvexZ26p 9aFC5P4ioX9qbF+mv8DQKbqx1X7M7cadHJrJjspOweALCx+nsay8TvLE4l/W6kEx1rNV MxHcPN1vBan1Fvxf7sKFEIjbaT0BxrEgo3XhmhQQgCv59oW7x1S/q0DJl8UyN+aj8yGW BYRKE+55W6P5f69ysp9b2cwzwkkv/DjJoGRQahGpweIQGQbARFSN59/3qlx75mtLDW9u eNzw== X-Gm-Message-State: AOJu0YxvhSB+P37z8L/OcLs5Vy7m1T3AQwEd+V3a0z1hXRKVaEMumZ/v mPsVcFnjVVFVKrcJ1sUeC98e7S25jWENtkqRlWKafiG3cRXGN2lbfQFRj4SHUQX944Ch9suWmBm 9c555XXJLwq/2L0E27FJyNNfDsFOYHCuTRZoPiFdHD2TU X-Gm-Gg: ASbGnct/snsuFgnF9M4gFMYPgIytprh202WryawksClFKeUHQfnFVBKHTyTF72JIEZE DPWyCGFjJFqAi07v6YFPCq3DCUTj7PS/CYTAcU6wPLw//NnV5OUPHm/gDCXzQjpQUiZeyZNoXQH p5wv6iPH601pv9xfj033ks2ke+6W1b7SsSUsKzDvarc/ob12D1P39vaELloaVjtH8QxHDEFt6L7 1VbH0/+y/4d28G9TnRABAPdwGqWmJDhk7k9Sv+aHZsl0hATy1t5VmtXlaAtfgRlCHtMM0ZuKyzQ 3RlisnV8davEQSIH+VLestCNeEpAYhR1sZZgLr63mCe3RChYiWKz3Zv4P8A= X-Google-Smtp-Source: AGHT+IFZa6p0PnVA26Ttufg22Gu+N0nBnzFPrb+zM82DD2H4938/N7Qt2pGm4dGiOB+VHF5lQ1FaOZfnzcxY X-Received: by 2002:a17:902:efd3:b0:233:ab04:27a with SMTP id d9443c01a7336-233ab04033fmr53555195ad.53.1747824747508; Wed, 21 May 2025 03:52:27 -0700 (PDT) Received: from postal.iol.unh.edu (postal.iol.unh.edu. [132.177.123.84]) by smtp-relay.gmail.com with ESMTPS id d9443c01a7336-231d4ebcfc8sm5840765ad.120.2025.05.21.03.52.27 (version=TLS1_2 cipher=ECDHE-ECDSA-AES128-GCM-SHA256 bits=128/128); Wed, 21 May 2025 03:52:27 -0700 (PDT) X-Relaying-Domain: iol.unh.edu Date: Wed, 21 May 2025 03:52:27 -0700 (PDT) Message-ID: <682db06b.170a0220.1d2752.f703SMTPIN_ADDED_MISSING@mx.google.com> Received: from [172.21.0.5] (unknown [172.18.0.240]) by postal.iol.unh.edu (Postfix) with ESMTP id AC8E06052471; Wed, 21 May 2025 06:52:26 -0400 (EDT) Subject: |WARNING| pw153548-153549 [PATCH] [v2,2/2] app/testpmd: clear stale From: dpdklab@iol.unh.edu To: Test Report Cc: dpdk-test-reports@iol.unh.edu In-Reply-To: <20250521051154.19595-2-skori@marvell.com> References: <20250521051154.19595-2-skori@marvell.com> Content-Type: text/plain X-BeenThere: test-report@dpdk.org X-Mailman-Version: 2.1.29 Precedence: list List-Id: automatic DPDK test reports List-Unsubscribe: , List-Archive: List-Post: List-Help: List-Subscribe: , Errors-To: test-report-bounces@dpdk.org Test-Label: iol-abi-testing Test-Status: WARNING http://dpdk.org/patch/153549 _Testing issues_ Submitter: Sunil Kumar Kori Date: Wednesday, May 21 2025 05:11:43 DPDK git baseline: Repo:dpdk Branch: master CommitID:a0dde342cc312fd75b63281f63d757db7482cdab 153548-153549 --> testing issues Upstream job id: Generic-DPDK-Compile-ABI#127142 Test environment and result as below: +-------------------+----------+ | Environment | abi_test | +===================+==========+ | openSUSE Leap 15 | FAIL | +-------------------+----------+ | RHEL8 | FAIL | +-------------------+----------+ | CentOS Stream 10 | FAIL | +-------------------+----------+ | Fedora 41 (Clang) | FAIL | +-------------------+----------+ | CentOS Stream 9 | FAIL | +-------------------+----------+ | Fedora 40 | FAIL | +-------------------+----------+ | Ubuntu 22.04 | FAIL | +-------------------+----------+ | Debian 12 | FAIL | +-------------------+----------+ | Fedora 40 (Clang) | FAIL | +-------------------+----------+ | Fedora 41 | FAIL | +-------------------+----------+ | RHEL9 | FAIL | +-------------------+----------+ | Ubuntu 24.04 | FAIL | +-------------------+----------+ ==== 20 line log output for Ubuntu 24.04 (abi_test): ==== Variables changes summary: 0 Removed, 0 Changed, 0 Added variable Functions changes summary: 0 Removed, 0 Changed (14 filtered out), 0 Added (4 filtered out) functions Variables changes summary: 0 Removed, 0 Changed, 0 Added variable Functions changes summary: 0 Removed, 0 Changed (5 filtered out), 0 Added functions Variables changes summary: 0 Removed, 0 Changed, 0 Added variable Functions changes summary: 0 Removed, 0 Changed (7 filtered out), 0 Added functions Variables changes summary: 0 Removed, 0 Changed, 0 Added variable Functions changes summary: 0 Removed, 0 Changed (295 filtered out), 0 Added (8 filtered out) functions Variables changes summary: 0 Removed, 0 Changed, 0 Added variable Functions changes summary: 0 Removed, 0 Changed (4 filtered out), 0 Added (1 filtered out) functions Variables changes summary: 0 Removed, 0 Changed (1 filtered out), 0 Added variable Functions changes summary: 0 Removed, 0 Changed (215 filtered out), 0 Added (2 filtered out) functions Variables changes summary: 0 Removed, 0 Changed, 0 Added variable ==== End log output ==== openSUSE Leap 15 Kernel: Depends on container host Compiler: gcc (SUSE Linux) 7.5.0 RHEL8 Kernel: Depends on container host Compiler: gcc 8.5.0 20210514 (Red Hat 8.5.0-22) CentOS Stream 10 Kernel: Depends on container host Compiler: gcc 14.2.1 20241104 (Red Hat 14.2.1-6) Fedora 41 (Clang) Kernel: Depends on container host Compiler: clang 19.1.5 (Fedora 19.1.5-1.fc41) CentOS Stream 9 Kernel: Depends on container host Compiler: gcc 11.5.0 20240719 (Red Hat 11.5.0-2) Fedora 40 Kernel: Depends on container host Compiler: gcc 14.2.1 20240912 (Red Hat 14.2.1-3) Ubuntu 22.04 Kernel: Depends on container host Compiler: gcc (Ubuntu 11.4.0-1ubuntu1~22.04) 11.4.0 Debian 12 Kernel: Depends on container host Compiler: gcc (Debian 12.2.0-14) 12.2.0 Fedora 40 (Clang) Kernel: Depends on container host Compiler: clang 18.1.8 (Fedora 18.1.8-1.fc40) Fedora 41 Kernel: Depends on container host Compiler: gcc 14.2.1 20240912 (Red Hat 14.2.1-3) RHEL9 Kernel: Depends on container host Compiler: gcc 11.5.0 20240719 (Red Hat 11.5.0-2) Ubuntu 24.04 Kernel: Depends on container host Compiler: gcc (Ubuntu 13.3.0-6ubuntu2~24.04) 13.3.0 To view detailed results, visit: https://lab.dpdk.org/results/dashboard/patchsets/33217/ UNH-IOL DPDK Community Lab To manage your email subscriptions, visit: https://lab.dpdk.org/results/dashboard/preferences/subscriptions/