From mboxrd@z Thu Jan 1 00:00:00 1970 Return-Path: Received: from mails.dpdk.org (mails.dpdk.org [217.70.189.124]) by inbox.dpdk.org (Postfix) with ESMTP id E93E2467AF for ; Wed, 21 May 2025 17:14:02 +0200 (CEST) Received: from mails.dpdk.org (localhost [127.0.0.1]) by mails.dpdk.org (Postfix) with ESMTP id BF8C442DC1; Wed, 21 May 2025 17:14:02 +0200 (CEST) Received: from mail-ot1-f100.google.com (mail-ot1-f100.google.com [209.85.210.100]) by mails.dpdk.org (Postfix) with ESMTP id 3000542DB0 for ; Wed, 21 May 2025 17:14:00 +0200 (CEST) Received: by mail-ot1-f100.google.com with SMTP id 46e09a7af769-730580b0de8so4765843a34.1 for ; Wed, 21 May 2025 08:14:00 -0700 (PDT) DKIM-Signature: v=1; a=rsa-sha256; c=relaxed/relaxed; d=iol.unh.edu; s=unh-iol; t=1747840439; x=1748445239; darn=dpdk.org; h=references:in-reply-to:cc:to:from:subject:message-id:date:from:to :cc:subject:date:message-id:reply-to; bh=D+huYhjyWDSj+Wo2h0PaO7zWnU413fVYwK3E7DlFSQU=; b=SzWoEsbKO7H1PO1xW+WAyjhyL0I8Lh5aWb7FvYR4Keg9dOdFPmy5zMQpXOY1Nk39k4 GjOBC8BD7IuW+qEom/iPM4UXn42/fJy/25x4rQR5cr2ld+AQVS+rK6ozj+7tebLOF89V fp7OOutAPBDyTs/HFFXBHmWvR6PdVWTSF8FPc= X-Google-DKIM-Signature: v=1; a=rsa-sha256; c=relaxed/relaxed; d=1e100.net; s=20230601; t=1747840439; x=1748445239; h=references:in-reply-to:cc:to:from:subject:message-id:date :x-gm-message-state:from:to:cc:subject:date:message-id:reply-to; bh=D+huYhjyWDSj+Wo2h0PaO7zWnU413fVYwK3E7DlFSQU=; b=xA4KXi9kjKLcNLgl8cGTtiBByekj+1bo8nMIYKPHkpybF7ackZybI7UXUzvSHzLZ79 nOWgo3YzquZxjm2jzMpe4MJ+a6T+JgFnm2HlzpOoRBlRifATXIfu8pg8qi+IrOPp2QWA 2hbgOhNhE0XuF8bFnn8Ti56YnP0xS4t60MlJ/5udGvNjCPqRrj/lzblvdNKPYlhULtUC nxg+txlzacbpQWOTH5s6xM+MwWJKJw4kpFAbvHbXonrq+IeljkpvraayqQwgZPZeswmy ZiGxBJJGdfG0Jg8TUjqpv2cRftDHf2iSoaUKbenl+jlqAEhugESQnL6eH5ph6gnKOtn8 Z1cg== X-Gm-Message-State: AOJu0YyZcqEPUneu9Bv30WHhCKMjoPHH3xVNtuA2LixoLOzZXCIoa3Gl KHGRTHDpd6aipA6kM2+KS3BsTeIXi+QDv0Blfkye+whYHwwk1keTA/VutqpcOQ2x6HvG5IRYUmR sY9fdq0AYcwm1m2dNOIasuirGZOEkX+2ckJ8UcbB9/CLA X-Gm-Gg: ASbGncvL5J3wu0ESd1pSeeNc5+sCk9G2ixIZjNBoGBjhcLEuec0nYkfFVmJe7vcyarB CDI/IVeQz7KLtjjzzbSN0g8P5bCzvoAknEDsdJ1K7lc27cvWfu2HjPOSHJGuyhBR31unazUA/3V YcxoI6WidvjgxSILi+UdEjJfTDEUNiOL61+xWN3LY6df0L/wckC/tPgUqS5ff8PyRuC8T3X2bXk Myi92aGVlOTc5rUzjrRpF6IqCZsHEV/vctVmi2LbfSMDVEek0Mv8cNkPJyE5TC5LPv9lpYozivO ut1DhPyPzk5d0xgol5QV64Xi+4qi6XbjmFROWBmzEzVGYbbjes7BhGTBT5A= X-Google-Smtp-Source: AGHT+IExOz2LPejYqjZtMC8VktxC5Xn7VUiAt1qK+vp7hzU1Z4+JdyPKIP9YlKKQ5DbrMhXTdMAamBjjc+T6 X-Received: by 2002:a05:6870:30b:b0:2d5:2360:4e7d with SMTP id 586e51a60fabf-2e3c28698bbmr12843016fac.8.1747840439512; Wed, 21 May 2025 08:13:59 -0700 (PDT) Received: from postal.iol.unh.edu (postal.iol.unh.edu. [132.177.123.84]) by smtp-relay.gmail.com with ESMTPS id 586e51a60fabf-2e3c0c9394esm565817fac.36.2025.05.21.08.13.59 (version=TLS1_2 cipher=ECDHE-ECDSA-AES128-GCM-SHA256 bits=128/128); Wed, 21 May 2025 08:13:59 -0700 (PDT) X-Relaying-Domain: iol.unh.edu Date: Wed, 21 May 2025 08:13:59 -0700 (PDT) Message-ID: <682dedb7.050a0220.21600a.f4c3SMTPIN_ADDED_MISSING@mx.google.com> Received: from [172.21.0.7] (unknown [172.18.0.240]) by postal.iol.unh.edu (Postfix) with ESMTP id 1F6946052471; Wed, 21 May 2025 11:13:59 -0400 (EDT) Subject: |WARNING| pw153561 [PATCH] [v2] ethdev: optimize how the values of t From: dpdklab@iol.unh.edu To: Test Report Cc: dpdk-test-reports@iol.unh.edu In-Reply-To: <20250521101531.34240-1-sunyang.wu@jaguarmicro.com> References: <20250521101531.34240-1-sunyang.wu@jaguarmicro.com> Content-Type: text/plain X-BeenThere: test-report@dpdk.org X-Mailman-Version: 2.1.29 Precedence: list List-Id: automatic DPDK test reports List-Unsubscribe: , List-Archive: List-Post: List-Help: List-Subscribe: , Errors-To: test-report-bounces@dpdk.org Test-Label: iol-abi-testing Test-Status: WARNING http://dpdk.org/patch/153561 _Testing issues_ Submitter: Sunyang Wu Date: Wednesday, May 21 2025 10:15:31 DPDK git baseline: Repo:dpdk Branch: master CommitID:a0dde342cc312fd75b63281f63d757db7482cdab 153561 --> testing issues Upstream job id: Generic-DPDK-Compile-ABI#127185 Test environment and result as below: +-------------------+----------+ | Environment | abi_test | +===================+==========+ | CentOS Stream 10 | FAIL | +-------------------+----------+ | CentOS Stream 9 | FAIL | +-------------------+----------+ | Fedora 40 (Clang) | FAIL | +-------------------+----------+ | Debian 12 | FAIL | +-------------------+----------+ | Fedora 40 | FAIL | +-------------------+----------+ | Fedora 41 (Clang) | FAIL | +-------------------+----------+ | Fedora 41 | FAIL | +-------------------+----------+ | openSUSE Leap 15 | FAIL | +-------------------+----------+ | RHEL8 | FAIL | +-------------------+----------+ | RHEL9 | FAIL | +-------------------+----------+ | Ubuntu 22.04 | FAIL | +-------------------+----------+ | Ubuntu 24.04 | FAIL | +-------------------+----------+ ==== 20 line log output for Ubuntu 24.04 (abi_test): ==== Variables changes summary: 0 Removed, 0 Changed, 0 Added variable Functions changes summary: 0 Removed, 0 Changed (7 filtered out), 0 Added functions Variables changes summary: 0 Removed, 0 Changed, 0 Added variable Functions changes summary: 0 Removed, 0 Changed (24 filtered out), 0 Added functions Variables changes summary: 0 Removed, 0 Changed (2 filtered out), 0 Added variables Functions changes summary: 0 Removed, 0 Changed (5 filtered out), 0 Added functions Variables changes summary: 0 Removed, 0 Changed, 0 Added variable Functions changes summary: 0 Removed, 0 Changed (4 filtered out), 0 Added (1 filtered out) functions Variables changes summary: 0 Removed, 0 Changed (1 filtered out), 0 Added variable Functions changes summary: 0 Removed, 0 Changed (295 filtered out), 0 Added (8 filtered out) functions Variables changes summary: 0 Removed, 0 Changed, 0 Added variable Functions changes summary: 0 Removed, 0 Changed (215 filtered out), 0 Added (2 filtered out) functions Variables changes summary: 0 Removed, 0 Changed, 0 Added variable ==== End log output ==== CentOS Stream 10 Kernel: Depends on container host Compiler: gcc 14.2.1 20241104 (Red Hat 14.2.1-6) CentOS Stream 9 Kernel: Depends on container host Compiler: gcc 11.5.0 20240719 (Red Hat 11.5.0-2) Fedora 40 (Clang) Kernel: Depends on container host Compiler: clang 18.1.8 (Fedora 18.1.8-1.fc40) Debian 12 Kernel: Depends on container host Compiler: gcc (Debian 12.2.0-14) 12.2.0 Fedora 40 Kernel: Depends on container host Compiler: gcc 14.2.1 20240912 (Red Hat 14.2.1-3) Fedora 41 (Clang) Kernel: Depends on container host Compiler: clang 19.1.5 (Fedora 19.1.5-1.fc41) Fedora 41 Kernel: Depends on container host Compiler: gcc 14.2.1 20240912 (Red Hat 14.2.1-3) openSUSE Leap 15 Kernel: Depends on container host Compiler: gcc (SUSE Linux) 7.5.0 RHEL8 Kernel: Depends on container host Compiler: gcc 8.5.0 20210514 (Red Hat 8.5.0-22) RHEL9 Kernel: Depends on container host Compiler: gcc 11.5.0 20240719 (Red Hat 11.5.0-2) Ubuntu 22.04 Kernel: Depends on container host Compiler: gcc (Ubuntu 11.4.0-1ubuntu1~22.04) 11.4.0 Ubuntu 24.04 Kernel: Depends on container host Compiler: gcc (Ubuntu 13.3.0-6ubuntu2~24.04) 13.3.0 To view detailed results, visit: https://lab.dpdk.org/results/dashboard/patchsets/33221/ UNH-IOL DPDK Community Lab To manage your email subscriptions, visit: https://lab.dpdk.org/results/dashboard/preferences/subscriptions/