From mboxrd@z Thu Jan 1 00:00:00 1970 Return-Path: Received: from mails.dpdk.org (mails.dpdk.org [217.70.189.124]) by inbox.dpdk.org (Postfix) with ESMTP id 9894E467B0 for ; Wed, 21 May 2025 18:05:52 +0200 (CEST) Received: from mails.dpdk.org (localhost [127.0.0.1]) by mails.dpdk.org (Postfix) with ESMTP id 6D3E342DCB; Wed, 21 May 2025 18:05:52 +0200 (CEST) Received: from mail-pf1-f226.google.com (mail-pf1-f226.google.com [209.85.210.226]) by mails.dpdk.org (Postfix) with ESMTP id 6799E42DB0 for ; Wed, 21 May 2025 18:05:50 +0200 (CEST) Received: by mail-pf1-f226.google.com with SMTP id d2e1a72fcca58-7398d65476eso5416465b3a.1 for ; Wed, 21 May 2025 09:05:50 -0700 (PDT) DKIM-Signature: v=1; a=rsa-sha256; c=relaxed/relaxed; d=iol.unh.edu; s=unh-iol; t=1747843549; x=1748448349; darn=dpdk.org; h=references:in-reply-to:cc:to:from:subject:message-id:date:from:to :cc:subject:date:message-id:reply-to; bh=mJNh1ENvH50L20ytsDPLCF/fNu/P2PiurH3CGLooO90=; b=UBtpeKO8i0t+cpZeTcYW1JlhDQtE30VvYuDzIK5T573DzuPglRRhhs59W45NP2oMdD guwcbdPj1EGuMyh7jfxNv8AQi4k9NYfUH3XiQmpABRSYEcP8OuxwMWrST4CnSAjhDBNS TYQu+qwZS4sV/DxGXlj3UU/QmWB0SulEpLRw8= X-Google-DKIM-Signature: v=1; a=rsa-sha256; c=relaxed/relaxed; d=1e100.net; s=20230601; t=1747843549; x=1748448349; h=references:in-reply-to:cc:to:from:subject:message-id:date :x-gm-message-state:from:to:cc:subject:date:message-id:reply-to; bh=mJNh1ENvH50L20ytsDPLCF/fNu/P2PiurH3CGLooO90=; b=MCScanWy27dceq57bwbjkDnIFqrl0obwYnFb1v97hIBXgT8nGpIRiFhphNgYANBDQz AZN3ARuueFBD5AYSA+m//uEoDcwzirxMYV+cTWqEJH5bySI45Jy/PDRPNiOiWKbaUZ0V vjjBEgNzRkzwW7sA1GqPvMe07pJcbBYPEiVY4fal7qRUYKTqd3qvWk0A5XHQUUC1DV5c PjoH92ORhvz6ph7tcn+nMThLcLHfYmlqFWWdza1roARUmg+BFcHchb2MifyPab0xeaYM JbNght1Dy7wNmPjuFM6hC1qQcBCUT6mqnQhO1F2viX2A5mE23nffR8rk+HHBLiLez+BA WGeA== X-Gm-Message-State: AOJu0YwCFGcOYEYtFgWF5i3FOepQJ5kF306X2aLuWgQbGad+EV69Bg3r UbiOGK+w1PY2MJfUWjXet/+UR8GDwys8EkF0+y7W5VPVwQ5XH02YEdxDGs1wvRhfkpYIIcm9g1O jDTrWCfHyQCI3jAa/dZdyyS/NmKFbu3yPwXj1k1w7Uk19WrkjuXWHAUqFuvNM X-Gm-Gg: ASbGnct1kajrCtavOu1n3HQH1TL3uXaD8LTqXvdJqFa+sLwkQSBkHs/7ydb7q14IGMv Sj/MgNKCHZ+7WiJ0Tg7fAp+pIUcL9inJEsneUU1qOwWMFW8UKyWvoso2kRt+CrLdBvKLb/EV4/S LDh824/sv8vvLRDzoSn5LBrWAVr0ymnfwVbLuQ+3o4sdJxDe1ZD1ZGkJlzok330YWA+NBklrwEL d82MAE/Cp0JnZAGlNlg9Txxpjmd4dgaGCSOmGNPGZhBWRwb9uc5dryryvIAXdvKe63z6GQCMNJj cJ+rK02+nGWVNKDwfh29MtU7Xj7tTbOuIzNW X-Google-Smtp-Source: AGHT+IHmOjjNyTt8AQlkO9+R9ki2zFmfMRnBPdaXxZWPWb8jhVjM4JM1Ok9LUkhjf1KZzKj2pBgD9I8JTB0v X-Received: by 2002:a05:6a00:1994:b0:736:4d05:2e35 with SMTP id d2e1a72fcca58-742a99fc950mr28265188b3a.3.1747843549329; Wed, 21 May 2025 09:05:49 -0700 (PDT) Received: from postal.iol.unh.edu (postal.iol.unh.edu. [2606:4100:3880:1234::84]) by smtp-relay.gmail.com with ESMTPS id d2e1a72fcca58-742a9886185sm675725b3a.22.2025.05.21.09.05.49 (version=TLS1_2 cipher=ECDHE-ECDSA-AES128-GCM-SHA256 bits=128/128); Wed, 21 May 2025 09:05:49 -0700 (PDT) X-Relaying-Domain: iol.unh.edu Date: Wed, 21 May 2025 09:05:49 -0700 (PDT) Message-ID: <682df9dd.050a0220.3a707a.34e8SMTPIN_ADDED_MISSING@mx.google.com> Received: from [172.21.0.5] (unknown [172.18.0.240]) by postal.iol.unh.edu (Postfix) with ESMTP id 7B5146052471; Wed, 21 May 2025 12:05:48 -0400 (EDT) Subject: |WARNING| pw153560 [PATCH] [v2] net/tap: fix add qdisc failed when c From: dpdklab@iol.unh.edu To: Test Report Cc: dpdk-test-reports@iol.unh.edu In-Reply-To: References: Content-Type: text/plain X-BeenThere: test-report@dpdk.org X-Mailman-Version: 2.1.29 Precedence: list List-Id: automatic DPDK test reports List-Unsubscribe: , List-Archive: List-Post: List-Help: List-Subscribe: , Errors-To: test-report-bounces@dpdk.org Test-Label: iol-abi-testing Test-Status: WARNING http://dpdk.org/patch/153560 _Testing issues_ Submitter: Yan Lu <973788536@qq.com> Date: Wednesday, May 21 2025 01:33:13 DPDK git baseline: Repo:dpdk Branch: master CommitID:a0dde342cc312fd75b63281f63d757db7482cdab 153560 --> testing issues Upstream job id: Generic-DPDK-Compile-ABI#127195 Test environment and result as below: +-------------------+----------+ | Environment | abi_test | +===================+==========+ | CentOS Stream 9 | FAIL | +-------------------+----------+ | CentOS Stream 10 | FAIL | +-------------------+----------+ | Debian 12 | FAIL | +-------------------+----------+ | Fedora 40 | FAIL | +-------------------+----------+ | Fedora 40 (Clang) | FAIL | +-------------------+----------+ | RHEL8 | FAIL | +-------------------+----------+ | Fedora 41 | FAIL | +-------------------+----------+ | openSUSE Leap 15 | FAIL | +-------------------+----------+ | Fedora 41 (Clang) | FAIL | +-------------------+----------+ | Ubuntu 22.04 | FAIL | +-------------------+----------+ | RHEL9 | FAIL | +-------------------+----------+ | Ubuntu 24.04 | FAIL | +-------------------+----------+ ==== 20 line log output for Ubuntu 24.04 (abi_test): ==== Variables changes summary: 0 Removed, 0 Changed, 0 Added variable Functions changes summary: 0 Removed, 0 Changed (24 filtered out), 0 Added functions Variables changes summary: 0 Removed, 0 Changed (2 filtered out), 0 Added variables Functions changes summary: 0 Removed, 0 Changed (1 filtered out), 0 Added function Variables changes summary: 0 Removed, 0 Changed, 0 Added variable Functions changes summary: 0 Removed, 0 Changed (5 filtered out), 0 Added functions Variables changes summary: 0 Removed, 0 Changed, 0 Added variable Functions changes summary: 0 Removed, 0 Changed (7 filtered out), 0 Added functions Variables changes summary: 0 Removed, 0 Changed, 0 Added variable Functions changes summary: 0 Removed, 0 Changed (4 filtered out), 0 Added (1 filtered out) functions Variables changes summary: 0 Removed, 0 Changed (1 filtered out), 0 Added variable Functions changes summary: 0 Removed, 0 Changed (215 filtered out), 0 Added (2 filtered out) functions Variables changes summary: 0 Removed, 0 Changed, 0 Added variable ==== End log output ==== CentOS Stream 9 Kernel: Depends on container host Compiler: gcc 11.5.0 20240719 (Red Hat 11.5.0-2) CentOS Stream 10 Kernel: Depends on container host Compiler: gcc 14.2.1 20241104 (Red Hat 14.2.1-6) Debian 12 Kernel: Depends on container host Compiler: gcc (Debian 12.2.0-14) 12.2.0 Fedora 40 Kernel: Depends on container host Compiler: gcc 14.2.1 20240912 (Red Hat 14.2.1-3) Fedora 40 (Clang) Kernel: Depends on container host Compiler: clang 18.1.8 (Fedora 18.1.8-1.fc40) RHEL8 Kernel: Depends on container host Compiler: gcc 8.5.0 20210514 (Red Hat 8.5.0-22) Fedora 41 Kernel: Depends on container host Compiler: gcc 14.2.1 20240912 (Red Hat 14.2.1-3) openSUSE Leap 15 Kernel: Depends on container host Compiler: gcc (SUSE Linux) 7.5.0 Fedora 41 (Clang) Kernel: Depends on container host Compiler: clang 19.1.5 (Fedora 19.1.5-1.fc41) Ubuntu 22.04 Kernel: Depends on container host Compiler: gcc (Ubuntu 11.4.0-1ubuntu1~22.04) 11.4.0 RHEL9 Kernel: Depends on container host Compiler: gcc 11.5.0 20240719 (Red Hat 11.5.0-2) Ubuntu 24.04 Kernel: Depends on container host Compiler: gcc (Ubuntu 13.3.0-6ubuntu2~24.04) 13.3.0 To view detailed results, visit: https://lab.dpdk.org/results/dashboard/patchsets/33220/ UNH-IOL DPDK Community Lab To manage your email subscriptions, visit: https://lab.dpdk.org/results/dashboard/preferences/subscriptions/