From mboxrd@z Thu Jan 1 00:00:00 1970 Return-Path: Received: from mails.dpdk.org (mails.dpdk.org [217.70.189.124]) by inbox.dpdk.org (Postfix) with ESMTP id 0CAF2467B0 for ; Wed, 21 May 2025 19:40:19 +0200 (CEST) Received: from mails.dpdk.org (localhost [127.0.0.1]) by mails.dpdk.org (Postfix) with ESMTP id E5F8942DDC; Wed, 21 May 2025 19:40:18 +0200 (CEST) Received: from mail-pj1-f99.google.com (mail-pj1-f99.google.com [209.85.216.99]) by mails.dpdk.org (Postfix) with ESMTP id 09B0D40298 for ; Wed, 21 May 2025 19:40:18 +0200 (CEST) Received: by mail-pj1-f99.google.com with SMTP id 98e67ed59e1d1-30ea7770bd2so5806075a91.0 for ; Wed, 21 May 2025 10:40:17 -0700 (PDT) DKIM-Signature: v=1; a=rsa-sha256; c=relaxed/relaxed; d=iol.unh.edu; s=unh-iol; t=1747849217; x=1748454017; darn=dpdk.org; h=references:in-reply-to:cc:to:from:subject:message-id:date:from:to :cc:subject:date:message-id:reply-to; bh=L4LfmZ24ulwLGBF/qRkN7K0MeW9EcxszH0zElsQhzFE=; b=jQqXKkru8nNoeZbvC+NsATsEMgPzv6+rEoJ4C0ys+5AkJk+dC1uJKM6mT3/kDEYSPQ OEEcQDHMAmpNLYQnuffDXdI9y9JPl29WiNBirRra9PkZZRmgY2X0/WqDstf4oPxVO1mS LVhaRLbW8yyzl3dWs5nfhAvqQRtOSWMyzSgF8= X-Google-DKIM-Signature: v=1; a=rsa-sha256; c=relaxed/relaxed; d=1e100.net; s=20230601; t=1747849217; x=1748454017; h=references:in-reply-to:cc:to:from:subject:message-id:date :x-gm-message-state:from:to:cc:subject:date:message-id:reply-to; bh=L4LfmZ24ulwLGBF/qRkN7K0MeW9EcxszH0zElsQhzFE=; b=fHoYs3J7AR9CfzHuvzA+Gu0/b5jVh/6l1D+YikW/5h64qotXBVPTS+rBq5n9ZvCrP+ FFDHJnF57StaclT6fjOBWyYdQ3+1cb0Zkda1uGdinzNhqbUWOUmMpLGlr52vDbzajc5Z 5Q4qB/sLKum2EQYOK+mEOgrtkFcXsjX7Ewsl83QDxaZW4PqGsC8pAI3n+q9Qf9k5LHr7 5URUZhhxTjJwq6mQ0ejoU51KiLoYY3jI2h34U3dUg2VE6txRO9f5kAnfVkbnyQbU47CA cmamHv9rpe5JJeAAxbHKBFvK0lbsYUCMA/f3uU8JSwvcwT7NLatNcCL9UYShwNT50PLt Ha8g== X-Gm-Message-State: AOJu0YxO5DHrEEew0tu/95imPmNehLrnPP2Wa8YN4aK0fME9c8Af92PI ORsE03/uld6QQESE1vzy1rrfTb6IyzEjBVui+piN64+aC3qbkxatTMLQj2RiL+08xMJGl5WQA1m rItofXddz2vkGvF5HL0XukSjGJGVsinRzPvvJ2hou3b3l X-Gm-Gg: ASbGnctC/gfO0fp4G4CswrWIH3dmJu91NLsCIfvbYXVouCmSHdnTSa26QGmmpng+olC cDXXa8iV3FdCI81gF2zw20jIMGGP+prX6mypvvilzuHJmXIfl1TH4+qipakZXgrgZQRX5yaOviK VFlJ2bB+jt6sj2SKGP4jhYjhuLm0zUJtbLW1cm9U/XnhoRupBdAXbh+bQ0yMx9LBLnKwFo57hV4 hWbY3utkkxH4g1dncJUfz5etj9acZeRxIsH8wPYDX3UmO8NYtgM1d2sav6X3MlXz94IR0VS4jEs Iwnmqq+fEDqJ9+AQ+2Jqm+YfTW09sln9eR1I9xx9qe6pjb7hz540+D1cz8M= X-Google-Smtp-Source: AGHT+IFgKVLKGHhrUvoQ34STLnIQ2dldO3iG/K1kbhjltIuJ4tN5raQTV/yleadw7Y/caC/yvDKuL0ZCY1Dm X-Received: by 2002:a17:90a:d2ce:b0:2f9:c56b:6ec8 with SMTP id 98e67ed59e1d1-30e7d52214amr35025171a91.10.1747849217004; Wed, 21 May 2025 10:40:17 -0700 (PDT) Received: from postal.iol.unh.edu (postal.iol.unh.edu. [132.177.123.84]) by smtp-relay.gmail.com with ESMTPS id 98e67ed59e1d1-30f364f9bbasm306879a91.12.2025.05.21.10.40.16 (version=TLS1_2 cipher=ECDHE-ECDSA-AES128-GCM-SHA256 bits=128/128); Wed, 21 May 2025 10:40:16 -0700 (PDT) X-Relaying-Domain: iol.unh.edu Date: Wed, 21 May 2025 10:40:16 -0700 (PDT) Message-ID: <682e1000.170a0220.181f3.1407SMTPIN_ADDED_MISSING@mx.google.com> Received: from [172.21.0.6] (unknown [172.18.0.240]) by postal.iol.unh.edu (Postfix) with ESMTP id 297076052471; Wed, 21 May 2025 13:40:16 -0400 (EDT) Subject: |WARNING| pw153566-153573 [PATCH] [8/8] net/ena: upgrade driver vers From: dpdklab@iol.unh.edu To: Test Report Cc: dpdk-test-reports@iol.unh.edu In-Reply-To: <20250521140620.2841-1-shaibran@amazon.com> References: <20250521140620.2841-1-shaibran@amazon.com> Content-Type: text/plain X-BeenThere: test-report@dpdk.org X-Mailman-Version: 2.1.29 Precedence: list List-Id: automatic DPDK test reports List-Unsubscribe: , List-Archive: List-Post: List-Help: List-Subscribe: , Errors-To: test-report-bounces@dpdk.org Test-Label: iol-abi-testing Test-Status: WARNING http://dpdk.org/patch/153573 _Testing issues_ Submitter: Shai Brandes Date: Wednesday, May 21 2025 14:06:20 DPDK git baseline: Repo:dpdk Branch: master CommitID:a0dde342cc312fd75b63281f63d757db7482cdab 153566-153573 --> testing issues Upstream job id: Generic-DPDK-Compile-ABI#127204 Test environment and result as below: +-------------------+----------+ | Environment | abi_test | +===================+==========+ | CentOS Stream 9 | FAIL | +-------------------+----------+ | CentOS Stream 10 | FAIL | +-------------------+----------+ | Debian 12 | FAIL | +-------------------+----------+ | Fedora 40 (Clang) | FAIL | +-------------------+----------+ | Fedora 40 | FAIL | +-------------------+----------+ | Fedora 41 (Clang) | FAIL | +-------------------+----------+ | Fedora 41 | FAIL | +-------------------+----------+ | openSUSE Leap 15 | FAIL | +-------------------+----------+ | RHEL8 | FAIL | +-------------------+----------+ | RHEL9 | FAIL | +-------------------+----------+ | Ubuntu 22.04 | FAIL | +-------------------+----------+ | Ubuntu 24.04 | FAIL | +-------------------+----------+ ==== 20 line log output for Ubuntu 24.04 (abi_test): ==== Variables changes summary: 0 Removed, 0 Changed (2 filtered out), 0 Added variables Functions changes summary: 0 Removed, 0 Changed (1 filtered out), 0 Added function Variables changes summary: 0 Removed, 0 Changed, 0 Added variable Functions changes summary: 0 Removed, 0 Changed (7 filtered out), 0 Added functions Variables changes summary: 0 Removed, 0 Changed, 0 Added variable Functions changes summary: 0 Removed, 0 Changed (1 filtered out), 0 Added function Variables changes summary: 0 Removed, 0 Changed, 0 Added variable Functions changes summary: 0 Removed, 0 Changed (4 filtered out), 0 Added (1 filtered out) functions Variables changes summary: 0 Removed, 0 Changed (1 filtered out), 0 Added variable Functions changes summary: 0 Removed, 0 Changed (295 filtered out), 0 Added (8 filtered out) functions Variables changes summary: 0 Removed, 0 Changed, 0 Added variable Functions changes summary: 0 Removed, 0 Changed (215 filtered out), 0 Added (2 filtered out) functions Variables changes summary: 0 Removed, 0 Changed, 0 Added variable ==== End log output ==== CentOS Stream 9 Kernel: Depends on container host Compiler: gcc 11.5.0 20240719 (Red Hat 11.5.0-2) CentOS Stream 10 Kernel: Depends on container host Compiler: gcc 14.2.1 20241104 (Red Hat 14.2.1-6) Debian 12 Kernel: Depends on container host Compiler: gcc (Debian 12.2.0-14) 12.2.0 Fedora 40 (Clang) Kernel: Depends on container host Compiler: clang 18.1.8 (Fedora 18.1.8-1.fc40) Fedora 40 Kernel: Depends on container host Compiler: gcc 14.2.1 20240912 (Red Hat 14.2.1-3) Fedora 41 (Clang) Kernel: Depends on container host Compiler: clang 19.1.5 (Fedora 19.1.5-1.fc41) Fedora 41 Kernel: Depends on container host Compiler: gcc 14.2.1 20240912 (Red Hat 14.2.1-3) openSUSE Leap 15 Kernel: Depends on container host Compiler: gcc (SUSE Linux) 7.5.0 RHEL8 Kernel: Depends on container host Compiler: gcc 8.5.0 20210514 (Red Hat 8.5.0-22) RHEL9 Kernel: Depends on container host Compiler: gcc 11.5.0 20240719 (Red Hat 11.5.0-2) Ubuntu 22.04 Kernel: Depends on container host Compiler: gcc (Ubuntu 11.4.0-1ubuntu1~22.04) 11.4.0 Ubuntu 24.04 Kernel: Depends on container host Compiler: gcc (Ubuntu 13.3.0-6ubuntu2~24.04) 13.3.0 To view detailed results, visit: https://lab.dpdk.org/results/dashboard/patchsets/33223/ UNH-IOL DPDK Community Lab To manage your email subscriptions, visit: https://lab.dpdk.org/results/dashboard/preferences/subscriptions/