From mboxrd@z Thu Jan 1 00:00:00 1970 Return-Path: Received: from mails.dpdk.org (mails.dpdk.org [217.70.189.124]) by inbox.dpdk.org (Postfix) with ESMTP id 07DB6467B1 for ; Wed, 21 May 2025 20:33:09 +0200 (CEST) Received: from mails.dpdk.org (localhost [127.0.0.1]) by mails.dpdk.org (Postfix) with ESMTP id 040D442DDC; Wed, 21 May 2025 20:33:09 +0200 (CEST) Received: from mail-qt1-f228.google.com (mail-qt1-f228.google.com [209.85.160.228]) by mails.dpdk.org (Postfix) with ESMTP id AA9E54065B for ; Wed, 21 May 2025 20:33:07 +0200 (CEST) Received: by mail-qt1-f228.google.com with SMTP id d75a77b69052e-4947635914aso73999021cf.3 for ; Wed, 21 May 2025 11:33:07 -0700 (PDT) DKIM-Signature: v=1; a=rsa-sha256; c=relaxed/relaxed; d=iol.unh.edu; s=unh-iol; t=1747852387; x=1748457187; darn=dpdk.org; h=references:in-reply-to:cc:to:from:subject:message-id:date:from:to :cc:subject:date:message-id:reply-to; bh=3LCJh9Bri8YjePun/Hzih4m4B07/lGdoIS10obpeuCw=; b=h67FZ/AozPTRbBWnOnVpGuaBwnjdbPXPNNF2R8Jho6ffHqlPW5WM+6fq/a/NbQkzd2 wui3cpCfFmJgMZkcpKMeqdokRRo4VCr30y3sRaOtI6OX4wukfWirHuwUEsnRtEUSAHkr jxwUSJcXqQXgKbW4bcSfgFs65rra1qUOu9fGs= X-Google-DKIM-Signature: v=1; a=rsa-sha256; c=relaxed/relaxed; d=1e100.net; s=20230601; t=1747852387; x=1748457187; h=references:in-reply-to:cc:to:from:subject:message-id:date :x-gm-message-state:from:to:cc:subject:date:message-id:reply-to; bh=3LCJh9Bri8YjePun/Hzih4m4B07/lGdoIS10obpeuCw=; b=gI75y6u+QpNRVoQy4DkhOHKZ0BdqKuxaw/uNzaccsgmRKlUupa5Z7AxK5lrrZyBpTq Y+F3m7aPYI13H6gZ+l9TT7Js+kcomuP0ZufPyTRW0hiA4NCXB4twwKzV8p33GbSjBZvG h1PyIcZMHs7lxSam2KIOKx5bdmWc/ujzzSJpbSV/Ol5MkMIt2qzA5PQg3jIOsc2V2Bs0 g97duDv3vWnmUkDTofJR9TCls37t5ZmfPeh04vzd7g1LKqjkxsCWpWR8Wraj0sSVKxPa N3nSq//6NDDdafyIvnuHrioCt8yJvjZFExvVeeqch4nLXse6w281fdUB+S/EWkM4aJxm 5vsQ== X-Gm-Message-State: AOJu0Yz0+8Ax/A9vLa2zCAhpwVGIAjC8/sMVW3dTJuPwy9lAArDBic+P RD29janrI/qHeAzZ6bAVVxPUmYMlkwGgJZoXyLacdCtv2COo9cHdMxednfvZgZDHPWUp3XEg6fP DvNE+U+CkpTA5pFAvhoHmx/yy59D7supIKvFUzlOG6yQc X-Gm-Gg: ASbGncv/7xWng8ZiOs7rQiylOtmfMp3HwFJRwHyeLxobx50q2GyCb84xIc2sYz5Ymxw 2aAT7+623zhWDorhbuub51FLzyOBh2IhIBxE7Ipvn7psNLoQAUR+pfxRVDL2E/dKjWvUKt02sb/ FMSe1t5cCKeEwyovBWHMHMq/AUsBAtovUTNPtc3IUJbGy7KUd4X4pACt86LnCBGWDxhTuvJf7M+ PJQOeb8/euosaRQ7yoT+viCI99mbU3EMt2qkjf1JtB/Al057JrzuHyrD3G4KUb6i9OCZzxu0Yk9 XuIDXtOmMwPzZXMqigUSPLGf97PRibHUwx32CPnlBc60nIWsE2hsQZbSqKY= X-Google-Smtp-Source: AGHT+IGOGlbV8iPIfx4iCVa9QZDTQhejB2+rdmv/vrYMlwWpjDrbsJ47P3L184NqlVsXFgxwA4oGx110iV2U X-Received: by 2002:a05:6e02:1a83:b0:3dc:87c7:a5a6 with SMTP id e9e14a558f8ab-3dc87c7a757mr27332465ab.4.1747852375987; Wed, 21 May 2025 11:32:55 -0700 (PDT) Received: from postal.iol.unh.edu (postal.iol.unh.edu. [132.177.123.84]) by smtp-relay.gmail.com with ESMTPS id e9e14a558f8ab-3dc764c1288sm2745725ab.20.2025.05.21.11.32.55 (version=TLS1_2 cipher=ECDHE-ECDSA-AES128-GCM-SHA256 bits=128/128); Wed, 21 May 2025 11:32:55 -0700 (PDT) X-Relaying-Domain: iol.unh.edu Date: Wed, 21 May 2025 11:32:55 -0700 (PDT) Message-ID: <682e1c57.050a0220.3a614c.e8e3SMTPIN_ADDED_MISSING@mx.google.com> Received: from [172.21.0.6] (unknown [172.18.0.240]) by postal.iol.unh.edu (Postfix) with ESMTP id 7BCFF6052471; Wed, 21 May 2025 14:32:55 -0400 (EDT) Subject: |FAILURE| pw153562-153565 [PATCH] [v1,4/4] config/x86: enable RTE_US From: dpdklab@iol.unh.edu To: Test Report Cc: dpdk-test-reports@iol.unh.edu, Konstantin Ananyev In-Reply-To: <20250521111432.207936-5-konstantin.ananyev@huawei.com> References: <20250521111432.207936-5-konstantin.ananyev@huawei.com> Content-Type: text/plain X-BeenThere: test-report@dpdk.org X-Mailman-Version: 2.1.29 Precedence: list List-Id: automatic DPDK test reports List-Unsubscribe: , List-Archive: List-Post: List-Help: List-Subscribe: , Errors-To: test-report-bounces@dpdk.org Test-Label: iol-unit-arm64-testing Test-Status: FAILURE http://dpdk.org/patch/153565 _Testing issues_ Submitter: Konstantin Ananyev Date: Wednesday, May 21 2025 11:14:32 DPDK git baseline: Repo:dpdk Branch: master CommitID:117e86c4b96ed761e9a7ab766261208fe81bf5ca 153562-153565 --> testing issues Upstream job id: Generic-Unit-Test-DPDK#339653 Test environment and result as below: +-----------------------------+--------------+---------------------------+----------------+------------------------------+ | Environment | lpm_autotest | cryptodev_sw_zuc_autotest | dpdk_unit_test | cryptodev_sw_snow3g_autotest | +=============================+==============+===========================+================+==============================+ | Ubuntu 20.04 ARM SVE | PASS | SKIPPED | SKIPPED | SKIPPED | +-----------------------------+--------------+---------------------------+----------------+------------------------------+ | Debian 12 (arm) | SKIPPED | PASS | PEND | PASS | +-----------------------------+--------------+---------------------------+----------------+------------------------------+ | Fedora 41 (ARM) | SKIPPED | SKIPPED | FAIL | SKIPPED | +-----------------------------+--------------+---------------------------+----------------+------------------------------+ | Fedora 41 (ARM Clang) | SKIPPED | SKIPPED | PASS | SKIPPED | +-----------------------------+--------------+---------------------------+----------------+------------------------------+ | CentOS Stream 10 (ARM) | SKIPPED | SKIPPED | PASS | SKIPPED | +-----------------------------+--------------+---------------------------+----------------+------------------------------+ | Fedora 40 (ARM Clang) | SKIPPED | SKIPPED | PEND | SKIPPED | +-----------------------------+--------------+---------------------------+----------------+------------------------------+ | Ubuntu 20.04 (ARM) | SKIPPED | SKIPPED | PEND | SKIPPED | +-----------------------------+--------------+---------------------------+----------------+------------------------------+ | RHEL9 (ARM) | SKIPPED | SKIPPED | PEND | SKIPPED | +-----------------------------+--------------+---------------------------+----------------+------------------------------+ | Ubuntu 22.04 (ARM) | SKIPPED | SKIPPED | PEND | SKIPPED | +-----------------------------+--------------+---------------------------+----------------+------------------------------+ | Ubuntu 24.04 (ARM) | SKIPPED | SKIPPED | PEND | SKIPPED | +-----------------------------+--------------+---------------------------+----------------+------------------------------+ | CentOS Stream 9 (ARM) | SKIPPED | SKIPPED | PEND | SKIPPED | +-----------------------------+--------------+---------------------------+----------------+------------------------------+ | Fedora 40 (ARM) | SKIPPED | SKIPPED | PEND | SKIPPED | +-----------------------------+--------------+---------------------------+----------------+------------------------------+ | 32-bit Ubuntu 22.04.4 (ARM) | SKIPPED | SKIPPED | PASS | SKIPPED | +-----------------------------+--------------+---------------------------+----------------+------------------------------+ ==== Unit test summary for Fedora 41 (ARM) (dpdk_unit_test): ==== ninja: Entering directory `/home-local/jenkins-local/jenkins-agent/workspace/Generic-Unit-Test-DPDK/dpdk/build' ninja: no work to do. 1/119 DPDK:fast-tests / acl_autotest OK 11.09s 2/119 DPDK:fast-tests / alarm_autotest OK 1.32s 3/119 DPDK:fast-tests / argparse_autotest OK 0.33s 4/119 DPDK:fast-tests / atomic_autotest OK 9.47s 5/119 DPDK:fast-tests / bitcount_autotest OK 0.35s 6/119 DPDK:fast-tests / bitmap_autotest OK 0.31s 7/119 DPDK:fast-tests / bitops_autotest OK 1.82s 8/119 DPDK:fast-tests / bitratestats_autotest OK 0.37s 9/119 DPDK:fast-tests / bitset_autotest OK 5.98s 10/119 DPDK:fast-tests / bpf_autotest OK 0.37s 11/119 DPDK:fast-tests / bpf_convert_autotest OK 0.35s 12/119 DPDK:fast-tests / byteorder_autotest OK 0.31s 13/119 DPDK:fast-tests / cfgfile_autotest OK 0.35s 14/119 DPDK:fast-tests / cksum_autotest OK 0.33s 15/119 DPDK:fast-tests / cmdline_autotest OK 0.32s 16/119 DPDK:fast-tests / common_autotest OK 2.16s 17/119 DPDK:fast-tests / compressdev_autotest SKIP 0.20s exit status 77 18/119 DPDK:fast-tests / cpuflags_autotest OK 0.37s 19/119 DPDK:fast-tests / crc_autotest OK 0.32s 20/119 DPDK:fast-tests / user_delay_us OK 0.33s 21/119 DPDK:fast-tests / debug_autotest OK 1.80s 22/119 DPDK:fast-tests / devargs_autotest OK 0.31s Ok: 21 Expected Fail: 0 Fail: 0 Unexpected Pass: 0 Skipped: 1 Timeout: 0 Full log written to /home-local/jenkins-local/jenkins-agent/workspace/Generic-Unit-Test-DPDK/dpdk/build/meson-logs/testlog.txt ==== End log output ==== Ubuntu 20.04 ARM SVE Kernel: Depends on container host Compiler: gcc (Ubuntu 10.5.0-1ubuntu1~20.04) 10.5.0 Debian 12 (arm) Kernel: Depends on container host Compiler: gcc (Debian 12.2.0-14) 12.2.0 Fedora 41 (ARM) Kernel: Depends on container host Compiler: gcc 14.2.1 20240912 (Red Hat 14.2.1-3) Fedora 41 (ARM Clang) Kernel: Depends on container host Compiler: clang 19.1.5 (Fedora 19.1.5-1.fc41) CentOS Stream 10 (ARM) Kernel: Depends on container host Compiler: gcc 14.2.1 20241104 (Red Hat 14.2.1-6) Fedora 40 (ARM Clang) Kernel: Depends on container host Compiler: clang 18.1.8 (Fedora 18.1.8-1.fc40) Ubuntu 20.04 (ARM) Kernel: Depends on container host Compiler: gcc (Ubuntu 9.4.0-1ubuntu1~20.04.2) 9.4.0 RHEL9 (ARM) Kernel: Depends on container host Compiler: gcc 11.5.0 20240719 (Red Hat 11.5.0-2) Ubuntu 22.04 (ARM) Kernel: Depends on container host Compiler: gcc (Ubuntu 11.4.0-1ubuntu1~22.04) 11.4.0 Ubuntu 24.04 (ARM) Kernel: Depends on container host Compiler: gcc (Ubuntu 13.3.0-6ubuntu2~24.04) 13.3.0 CentOS Stream 9 (ARM) Kernel: Depends on container host Compiler: gcc 11.5.0 20240719 (Red Hat 11.5.0-2) Fedora 40 (ARM) Kernel: Depends on container host Compiler: gcc 14.2.1 20240912 (Red Hat 14.2.1-3) 32-bit Ubuntu 22.04.4 (ARM) Kernel: 5.15.83+ aarch64 Compiler: gcc (Ubuntu 11.4.0-1ubuntu1~22.04) 11.4.0 To view detailed results, visit: https://lab.dpdk.org/results/dashboard/patchsets/33222/ UNH-IOL DPDK Community Lab To manage your email subscriptions, visit: https://lab.dpdk.org/results/dashboard/preferences/subscriptions/