From: dpdklab@iol.unh.edu
To: Test Report <test-report@dpdk.org>
Cc: dpdk-test-reports@iol.unh.edu
Subject: |SUCCESS| pw153574 [PATCH] [v1] net/virtio-user: implement MAC setti
Date: Wed, 21 May 2025 12:26:41 -0700 (PDT) [thread overview]
Message-ID: <682e28f1.050a0220.334a7e.6c0dSMTPIN_ADDED_MISSING@mx.google.com> (raw)
In-Reply-To: <20250521142305.343264-1-maxime.coquelin@redhat.com>
Test-Label: iol-sample-apps-testing
Test-Status: SUCCESS
http://dpdk.org/patch/153574
_Testing PASS_
Submitter: Maxime Coquelin <maxime.coquelin@redhat.com>
Date: Wednesday, May 21 2025 14:23:05
DPDK git baseline: Repo:dpdk
Branch: master
CommitID:3223019e73391066cbb0d248051b163e5373034c
153574 --> testing pass
Upstream job id: Template-DTS-Pipeline#227035
Test environment and result as below:
+--------------+----------------------+
| Environment | compressdev_zlib_pmd |
+==============+======================+
| Ubuntu 22.04 | PASS |
+--------------+----------------------+
Ubuntu 22.04
Kernel: 5.15.0-100-generic
Compiler: gcc gcc (Ubuntu 11.4.0-1ubuntu1~22.04) 11.4.0
To view detailed results, visit:
https://lab.dpdk.org/results/dashboard/patchsets/33224/
UNH-IOL DPDK Community Lab
To manage your email subscriptions, visit:
https://lab.dpdk.org/results/dashboard/preferences/subscriptions/
next prev parent reply other threads:[~2025-05-21 19:26 UTC|newest]
Thread overview: 28+ messages / expand[flat|nested] mbox.gz Atom feed top
[not found] <20250521142305.343264-1-maxime.coquelin@redhat.com>
2025-05-21 13:49 ` |SUCCESS| pw153574 [PATCH v1] net/virtio-user: implement MAC setting for Vhost-kernel qemudev
2025-05-21 13:53 ` qemudev
2025-05-21 14:24 ` checkpatch
2025-05-21 15:43 ` 0-day Robot
2025-05-21 18:33 ` |SUCCESS| pw153574 [PATCH] [v1] net/virtio-user: implement MAC setti dpdklab
2025-05-21 18:43 ` dpdklab
2025-05-21 18:48 ` dpdklab
2025-05-21 18:49 ` |FAILURE| " dpdklab
2025-05-21 18:53 ` |SUCCESS| " dpdklab
2025-05-21 18:58 ` dpdklab
2025-05-21 19:06 ` |PENDING| " dpdklab
2025-05-21 19:06 ` |FAILURE| " dpdklab
2025-05-21 19:09 ` |PENDING| " dpdklab
2025-05-21 19:12 ` |SUCCESS| " dpdklab
2025-05-21 19:14 ` dpdklab
2025-05-21 19:17 ` dpdklab
2025-05-21 19:26 ` dpdklab [this message]
2025-05-21 19:35 ` |FAILURE| " dpdklab
2025-05-21 20:17 ` |PENDING| " dpdklab
2025-05-21 21:08 ` dpdklab
2025-05-21 21:10 ` |SUCCESS| " dpdklab
2025-05-21 21:16 ` dpdklab
2025-05-21 21:44 ` |WARNING| " dpdklab
2025-05-21 22:00 ` dpdklab
2025-05-21 22:04 ` dpdklab
2025-05-21 23:09 ` |SUCCESS| " dpdklab
2025-05-22 0:32 ` dpdklab
2025-05-22 6:13 ` dpdklab
Reply instructions:
You may reply publicly to this message via plain-text email
using any one of the following methods:
* Save the following mbox file, import it into your mail client,
and reply-to-all from there: mbox
Avoid top-posting and favor interleaved quoting:
https://en.wikipedia.org/wiki/Posting_style#Interleaved_style
* Reply using the --to, --cc, and --in-reply-to
switches of git-send-email(1):
git send-email \
--in-reply-to=682e28f1.050a0220.334a7e.6c0dSMTPIN_ADDED_MISSING@mx.google.com \
--to=dpdklab@iol.unh.edu \
--cc=dpdk-test-reports@iol.unh.edu \
--cc=test-report@dpdk.org \
/path/to/YOUR_REPLY
https://kernel.org/pub/software/scm/git/docs/git-send-email.html
* If your mail client supports setting the In-Reply-To header
via mailto: links, try the mailto: link
Be sure your reply has a Subject: header at the top and a blank line
before the message body.
This is a public inbox, see mirroring instructions
for how to clone and mirror all data and code used for this inbox;
as well as URLs for NNTP newsgroup(s).