From mboxrd@z Thu Jan 1 00:00:00 1970 Return-Path: Received: from mails.dpdk.org (mails.dpdk.org [217.70.189.124]) by inbox.dpdk.org (Postfix) with ESMTP id BC4EC467B2 for ; Wed, 21 May 2025 22:12:39 +0200 (CEST) Received: from mails.dpdk.org (localhost [127.0.0.1]) by mails.dpdk.org (Postfix) with ESMTP id 98B0642E37; Wed, 21 May 2025 22:12:39 +0200 (CEST) Received: from mail-pg1-f225.google.com (mail-pg1-f225.google.com [209.85.215.225]) by mails.dpdk.org (Postfix) with ESMTP id A8993402CD for ; Wed, 21 May 2025 22:12:38 +0200 (CEST) Received: by mail-pg1-f225.google.com with SMTP id 41be03b00d2f7-af523f4511fso5536878a12.0 for ; Wed, 21 May 2025 13:12:38 -0700 (PDT) DKIM-Signature: v=1; a=rsa-sha256; c=relaxed/relaxed; d=iol.unh.edu; s=unh-iol; t=1747858358; x=1748463158; darn=dpdk.org; h=references:in-reply-to:cc:to:from:subject:message-id:date:from:to :cc:subject:date:message-id:reply-to; bh=kGYXZZMcHd1jcX1lzaFxY2njyY8pMFAP3aOie6Kn7Kk=; b=aS5SIOmGdV1NBuPWrAqWRuTlo3Q2OGAQ3JDGh5inUWop0VzjYG8NEBFkWebJe7DNmL uMHwKxzcTw+2hZAXh60wgrNRvobSR4viFuTlLq6PzckkAAmw7ylbcQ0vKQAk42y/iDW9 nFrYdySbT/7s9zJQ2bWOoyz/xrQtsPR4lC6Ks= X-Google-DKIM-Signature: v=1; a=rsa-sha256; c=relaxed/relaxed; d=1e100.net; s=20230601; t=1747858358; x=1748463158; h=references:in-reply-to:cc:to:from:subject:message-id:date :x-gm-message-state:from:to:cc:subject:date:message-id:reply-to; bh=kGYXZZMcHd1jcX1lzaFxY2njyY8pMFAP3aOie6Kn7Kk=; b=xE8pzk8bkcSSr76VplEcuDCUVrCuv7M3atK7MEh2pZNzg/wPKoIyG4CQz9kze77GLq DMc2oxcj2Qf3tdGDbPk+G9eb8y3vv7fQmv2Kxvgp3Mip/6MomyxkavYhnPhIY0BHfTq8 ny+vpT9eik9CpOT1cukLtEphFc7zN4vu9fy/84Lf0EPdR58a7PgBkJp3FVTjLTqjTF4B bF/Mpx4UVt7nt8I81oiK5Jvkb80zXt/7nymaTopthavIG+83395JAJsXKdWRuXiTub7b PjX7vFFDy7tTsR6VzO5IWOUn9X9zAEzM7cEKWPgmWSIvZCk5nB5/bRQ3cnf9Oyyz6ZkI RIAg== X-Gm-Message-State: AOJu0YydELDnCFG+Xf775gSY+zZPt+TImCxPW8ekwFG4ctu4Ighku1lu 7047Hpzh4RAJv78OsCJlG+ReOaWpa/rokQwe8AjqmsSp6h3ibt8vN9/CcK1gKnb9gb4X+MXva7o CPikc1ltqzFLjXIM0jNtBv0i6k/VtvBxl5p1Z X-Gm-Gg: ASbGncv2ZmZ3Sx23AoivMir0WXS6zTXYnubYwFcgxCS4ZdEM7WFm2cLJ8bhrJPVlHb7 9JXSeRt+hopsTbRqt42OHGQfQTZ47OUSh/OZ+FVBFOSZegfIrZRE+AMXF0uaAhLvt0MQMfJz26o J/YNzPxZ4yaFYdzVDcIgHe7r1C4ujQwxLjdRqRWxQd7Y8neWdxhYIdgjuQk8vvvWDVkHsJnchF/ is1sU/+McJtEZYmkjd26uvwHqQPhmxhnUfIYptRk8F/WeY/VN3jJlztEvtRMaQU8EurO6JVL5/X iHyRBLT8cJ6yKKy/0VYW4siHT0Hq/gUw9epi+73Itv5XkH4ocS3NAS4G4YY= X-Google-Smtp-Source: AGHT+IH2mTlftuygYrDPc+4qDGOiQ0RoDzaK7GQlJs1CvH4ni2LDPA0JQHge2H6kj8/mSiMr4c4I/qRJylCn X-Received: by 2002:a17:902:d488:b0:231:f97c:f2cc with SMTP id d9443c01a7336-231f97ddb1fmr253292955ad.39.1747858357702; Wed, 21 May 2025 13:12:37 -0700 (PDT) Received: from postal.iol.unh.edu (postal.iol.unh.edu. [132.177.123.84]) by smtp-relay.gmail.com with ESMTPS id d9443c01a7336-231d4ebb99esm6296965ad.111.2025.05.21.13.12.37 (version=TLS1_2 cipher=ECDHE-ECDSA-AES128-GCM-SHA256 bits=128/128); Wed, 21 May 2025 13:12:37 -0700 (PDT) X-Relaying-Domain: iol.unh.edu Date: Wed, 21 May 2025 13:12:37 -0700 (PDT) Message-ID: <682e33b5.170a0220.42b2.13a9SMTPIN_ADDED_MISSING@mx.google.com> Received: from [172.21.0.5] (unknown [172.18.0.240]) by postal.iol.unh.edu (Postfix) with ESMTP id 310726052471; Wed, 21 May 2025 16:12:37 -0400 (EDT) Subject: |FAILURE| pw153566-153573 [PATCH] [8/8] net/ena: upgrade driver vers From: dpdklab@iol.unh.edu To: Test Report Cc: dpdk-test-reports@iol.unh.edu, Shai Brandes In-Reply-To: <20250521140620.2841-1-shaibran@amazon.com> References: <20250521140620.2841-1-shaibran@amazon.com> Content-Type: text/plain X-BeenThere: test-report@dpdk.org X-Mailman-Version: 2.1.29 Precedence: list List-Id: automatic DPDK test reports List-Unsubscribe: , List-Archive: List-Post: List-Help: List-Subscribe: , Errors-To: test-report-bounces@dpdk.org Test-Label: iol-compile-arm64-testing Test-Status: FAILURE http://dpdk.org/patch/153573 _Testing issues_ Submitter: Shai Brandes Date: Wednesday, May 21 2025 14:06:20 DPDK git baseline: Repo:dpdk Branch: master CommitID:a0dde342cc312fd75b63281f63d757db7482cdab 153566-153573 --> testing issues Upstream job id: Generic-DPDK-Compile-Meson#390093 Test environment and result as below: +----------------------------------------+--------------------+ | Environment | dpdk_meson_compile | +========================================+====================+ | RHEL9 (ARM) | PASS | +----------------------------------------+--------------------+ | Ubuntu 20.04 ARM SVE | PASS | +----------------------------------------+--------------------+ | Ubuntu 20.04 ARM GCC Cross Compile | PASS | +----------------------------------------+--------------------+ | Debian 12 with MUSDK | PASS | +----------------------------------------+--------------------+ | Fedora 40 (ARM) | PASS | +----------------------------------------+--------------------+ | Fedora 40 (ARM Clang) | PASS | +----------------------------------------+--------------------+ | Fedora 41 (ARM) | PASS | +----------------------------------------+--------------------+ | Ubuntu 20.04 (ARM) | PASS | +----------------------------------------+--------------------+ | Ubuntu 22.04 (ARM) | PASS | +----------------------------------------+--------------------+ | Ubuntu 24.04 (ARM) | PASS | +----------------------------------------+--------------------+ | CentOS Stream 9 (ARM) | PASS | +----------------------------------------+--------------------+ | Debian 12 (arm) | PASS | +----------------------------------------+--------------------+ | Ubuntu 20.04 aarch32 GCC Cross Compile | FAIL | +----------------------------------------+--------------------+ | CentOS Stream 10 (ARM) | PASS | +----------------------------------------+--------------------+ | Ubuntu 20.04 ARM Clang Cross Compile | PASS | +----------------------------------------+--------------------+ | Fedora 41 (ARM Clang) | PASS | +----------------------------------------+--------------------+ ==== 20 line log output for Ubuntu 20.04 aarch32 GCC Cross Compile (dpdk_meson_compile): ==== [1154/2647] Linking static target drivers/librte_net_dpaa2.a [1155/2647] Generating rte_net_dpaa2_map with a custom command [1156/2647] Generating rte_net_dpaa2.sym_chk with a custom command (wrapped by meson to capture output) [1157/2647] Compiling C object drivers/librte_net_dpaa2.so.25.2.p/meson-generated_.._rte_net_dpaa2.pmd.c.o [1158/2647] Linking target drivers/librte_net_dpaa2.so.25.2 [1159/2647] Generating symbol file drivers/librte_net_dpaa2.so.25.2.p/librte_net_dpaa2.so.25.2.symbols [1160/2647] Compiling C object drivers/libtmp_rte_net_ena.a.p/net_ena_ena_ethdev.c.o FAILED: drivers/libtmp_rte_net_ena.a.p/net_ena_ena_ethdev.c.o ccache arm-linux-gnueabihf-gcc -Idrivers/libtmp_rte_net_ena.a.p -Idrivers -I../drivers -Idrivers/net/ena -I../drivers/net/ena -I../drivers/net/ena/base -I../drivers/net/ena/base/ena_defs -Ilib/ethdev -I../lib/ethdev -Ilib/eal/common -I../lib/eal/common -I. -I.. -Iconfig -I../config -Ilib/eal/include -I../lib/eal/include -Ilib/eal/linux/include -I../lib/eal/linux/include -Ilib/eal/arm/include -I../lib/eal/arm/include -I../kernel/linux -Ilib/eal -I../lib/eal -Ilib/kvargs -I../lib/kvargs -Ilib/log -I../lib/log -Ilib/metrics -I../lib/metrics -Ilib/telemetry -I../lib/telemetry -Ilib/net -I../lib/net -Ilib/mbuf -I../lib/mbuf -Ilib/mempool -I../lib/mempool -Ilib/ring -I../lib/ring -Ilib/meter -I../lib/meter -Idrivers/bus/pci -I../drivers/bus/pci -I../drivers/bus/pci/linux -Ilib/pci -I../lib/pci -Idrivers/bus/vdev -I../drivers/bus/vdev -Ilib/timer -I../lib/timer -fdiagnostics-color=always -pipe -D_FILE_OFFSET_BITS=64 -Wall -Winvalid-pch -Wextra -Werror -std=c11 -O3 -include rte_config.h -Wvl a -Wcast-qual -Wdeprecated -Wformat -Wformat-nonliteral -Wformat-security -Wmissing-declarations -Wmissing-prototypes -Wnested-externs -Wold-style-definition -Wpointer-arith -Wsign-compare -Wstrict-prototypes -Wundef -Wwrite-strings -Wno-packed-not-aligned -Wno-missing-field-initializers -Wno-pointer-to-int-cast -D_GNU_SOURCE -fPIC -march=armv8-a+simd -mfpu=auto -DALLOW_EXPERIMENTAL_API -DALLOW_INTERNAL_API -Wno-format-truncation -Wno-address-of-packed-member -DRTE_LOG_DEFAULT_LOGTYPE=pmd.net.ena -MD -MQ drivers/libtmp_rte_net_ena.a.p/net_ena_ena_ethdev.c.o -MF drivers/libtmp_rte_net_ena.a.p/net_ena_ena_ethdev.c.o.d -o drivers/libtmp_rte_net_ena.a.p/net_ena_ena_ethdev.c.o -c ../drivers/net/ena/ena_ethdev.c In file included from ../lib/eal/include/rte_string_fns.h:18, from ../drivers/net/ena/ena_ethdev.c:7: ../drivers/net/ena/ena_ethdev.c: In function 'pci_bar_addr': ../lib/eal/include/rte_common.h:554:30: error: cast to pointer from integer of different size [-Werror=int-to-pointer-cast] 554 | #define RTE_PTR_ADD(ptr, x) ((void*)((uintptr_t)(ptr) + (x))) | ^ ../drivers/net/ena/ena_ethdev.c:2295:9: note: in expansion of macro 'RTE_PTR_ADD' 2295 | return RTE_PTR_ADD(resource->addr, resource->phys_addr & PAGE_MASK); | ^~~~~~~~~~~ cc1: all warnings being treated as errors ninja: build stopped: subcommand failed. ==== End log output ==== RHEL9 (ARM) Kernel: Depends on container host Compiler: gcc 11.5.0 20240719 (Red Hat 11.5.0-2) Ubuntu 20.04 ARM SVE Kernel: Depends on container host Compiler: gcc (Ubuntu 10.5.0-1ubuntu1~20.04) 10.5.0 Ubuntu 20.04 ARM GCC Cross Compile Kernel: Depends on container host Compiler: aarch64-linux-gnu-gcc (Ubuntu 9.4.0-1ubuntu1~20.04.2) 9.4.0 Debian 12 with MUSDK Kernel: Depends on container host Compiler: gcc (Debian 12.2.0-14) 12.2.0 Fedora 40 (ARM) Kernel: Depends on container host Compiler: gcc 14.2.1 20240912 (Red Hat 14.2.1-3) Fedora 40 (ARM Clang) Kernel: Depends on container host Compiler: clang 18.1.8 (Fedora 18.1.8-1.fc40) Fedora 41 (ARM) Kernel: Depends on container host Compiler: gcc 14.2.1 20240912 (Red Hat 14.2.1-3) Ubuntu 20.04 (ARM) Kernel: Depends on container host Compiler: gcc (Ubuntu 9.4.0-1ubuntu1~20.04.2) 9.4.0 Ubuntu 22.04 (ARM) Kernel: Depends on container host Compiler: gcc (Ubuntu 11.4.0-1ubuntu1~22.04) 11.4.0 Ubuntu 24.04 (ARM) Kernel: Depends on container host Compiler: gcc (Ubuntu 13.3.0-6ubuntu2~24.04) 13.3.0 CentOS Stream 9 (ARM) Kernel: Depends on container host Compiler: gcc 11.5.0 20240719 (Red Hat 11.5.0-2) Debian 12 (arm) Kernel: Depends on container host Compiler: gcc (Debian 12.2.0-14) 12.2.0 Ubuntu 20.04 aarch32 GCC Cross Compile Kernel: Depends on container host Compiler: gcc 9.4.0 CentOS Stream 10 (ARM) Kernel: Depends on container host Compiler: gcc 14.2.1 20241104 (Red Hat 14.2.1-6) Ubuntu 20.04 ARM Clang Cross Compile Kernel: Depends on container host Compiler: clang 10.0.0-4ubuntu1 Fedora 41 (ARM Clang) Kernel: Depends on container host Compiler: clang 19.1.5 (Fedora 19.1.5-1.fc41) To view detailed results, visit: https://lab.dpdk.org/results/dashboard/patchsets/33223/ UNH-IOL DPDK Community Lab To manage your email subscriptions, visit: https://lab.dpdk.org/results/dashboard/preferences/subscriptions/