From mboxrd@z Thu Jan 1 00:00:00 1970 Return-Path: Received: from mails.dpdk.org (mails.dpdk.org [217.70.189.124]) by inbox.dpdk.org (Postfix) with ESMTP id 03E96467AB for ; Wed, 21 May 2025 23:47:19 +0200 (CEST) Received: from mails.dpdk.org (localhost [127.0.0.1]) by mails.dpdk.org (Postfix) with ESMTP id DC96942E4E; Wed, 21 May 2025 23:47:19 +0200 (CEST) Received: from mail-qv1-f97.google.com (mail-qv1-f97.google.com [209.85.219.97]) by mails.dpdk.org (Postfix) with ESMTP id D179E402D1 for ; Wed, 21 May 2025 23:47:18 +0200 (CEST) Received: by mail-qv1-f97.google.com with SMTP id 6a1803df08f44-6f8b27c2d7bso75277576d6.1 for ; Wed, 21 May 2025 14:47:18 -0700 (PDT) DKIM-Signature: v=1; a=rsa-sha256; c=relaxed/relaxed; d=iol.unh.edu; s=unh-iol; t=1747864038; x=1748468838; darn=dpdk.org; h=references:in-reply-to:cc:to:from:subject:message-id:date:from:to :cc:subject:date:message-id:reply-to; bh=agYKMY0ANar0ydEWxQjWTGHOTz4KS4P9OwCViZxdg6Q=; b=Hi+fxNuAZFf1ptE+ZwJNjHAoCSaxpSt4sPdYpc0JMndg7Mr336noXYRj59IKNLbYER XhQoQGkMEwaR23cKKibR8bXgPJvcHplAMwri+6f5NppFIkJot0GkmTSW0gcagqfufmIm TJ3Q8lLEUx9fLS9urLlfo1z4A6MAFOT8yBOoU= X-Google-DKIM-Signature: v=1; a=rsa-sha256; c=relaxed/relaxed; d=1e100.net; s=20230601; t=1747864038; x=1748468838; h=references:in-reply-to:cc:to:from:subject:message-id:date :x-gm-message-state:from:to:cc:subject:date:message-id:reply-to; bh=agYKMY0ANar0ydEWxQjWTGHOTz4KS4P9OwCViZxdg6Q=; b=O8m/q/OVCoCxo2+wjXzo2cNv2iqPk1y+vJRsEo97+t9zXPJX860PBEOayuTALLxM6S D2EZZshgf88WFXyX6e6NGXDTK7jNtvBGG1YYU66F2JunYDwuwQfR1tel0YLwX7VFpSbY 0uCed/yl/C8JzW+mIxjJepyVRiQYus9/4TPLjiB7YAw7rBknd32Fu7h3VK2eC7vRigZK lwtSTNIjepkdD2ec5le9inVM4EAtUMcufQn6ddKckNyf9ERVT+Znd0/WLg1C4yYDoYNF RGuMmQ5eR5jPGYwG6Vi/3haQtcix6VTUzh19sigXxCH71JJUR0MAxq9SLbDDIn6r3Tzi t+Bg== X-Gm-Message-State: AOJu0YzD75tLrk/Jo0H8Izy3cMrV7vKr3y4lqRpcK8j2E0xwm4jwRn68 mVQ6GvafKBdgwJV8FBKHrHyEPmXG1+3gfzCvmeDOEZ1gsMFvm2LwL8KKmmQaX03dLqN72EgQEBg 1wHhCinLTyIyLRgoSkoMxnPeo1p3RJdlI0OdlA9c4ZyNaOq2ZwJJ8w1DcWsd+ X-Gm-Gg: ASbGncvg8dQHl8NBAj8XKdp+8HxaMNfzNLI2F1357cRfWyF++pEYy1KpIkfXTHTDGyo fHcX2r9xpa7GOfnBKb6OZ4uSA+cNHdX+aRNxaHZGhFrp2TQ2vzv0HxRWKgAKPVS/Qbu3vy9sVwI Hg6HvABSxtO822Mo0zEHtxgztum5llNzjTzwZ3YRd0B1JHLH2KPBc4fBHdsk8yrLl5VPDDjW06G 7M8lDTKiA5OAwJoG6QYR6oOVPGLwmMK3e7Ihr1AusWF8gCi+nwDv8azUHGGJczn1lokS41UkKFz mNSZV2sYeAbMx2zmGeUdzsZbVXmg/wutRgx9 X-Google-Smtp-Source: AGHT+IEA1qtmkCUZiIoCyhEfNZASDUf6iwoega/9NOoS2rJokzRUnb5IikvgTUEHsn6IQp1MCsDdrZDvqYXY X-Received: by 2002:a05:6214:20ab:b0:6e4:4274:aaf8 with SMTP id 6a1803df08f44-6f8b2d08d6emr347477196d6.17.1747864037992; Wed, 21 May 2025 14:47:17 -0700 (PDT) Received: from postal.iol.unh.edu (postal.iol.unh.edu. [2606:4100:3880:1234::84]) by smtp-relay.gmail.com with ESMTPS id 6a1803df08f44-6f8b089cc9asm4855276d6.7.2025.05.21.14.47.17 (version=TLS1_2 cipher=ECDHE-ECDSA-AES128-GCM-SHA256 bits=128/128); Wed, 21 May 2025 14:47:17 -0700 (PDT) X-Relaying-Domain: iol.unh.edu Date: Wed, 21 May 2025 14:47:17 -0700 (PDT) Message-ID: <682e49e5.d40a0220.2ac901.9a8aSMTPIN_ADDED_MISSING@mx.google.com> Received: from [172.21.0.5] (unknown [172.18.0.240]) by postal.iol.unh.edu (Postfix) with ESMTP id A11C46052471; Wed, 21 May 2025 17:47:17 -0400 (EDT) Subject: |FAILURE| pw153562-153565 [PATCH] [v1,4/4] config/x86: enable RTE_US From: dpdklab@iol.unh.edu To: Test Report Cc: dpdk-test-reports@iol.unh.edu, Konstantin Ananyev In-Reply-To: <20250521111432.207936-5-konstantin.ananyev@huawei.com> References: <20250521111432.207936-5-konstantin.ananyev@huawei.com> Content-Type: text/plain X-BeenThere: test-report@dpdk.org X-Mailman-Version: 2.1.29 Precedence: list List-Id: automatic DPDK test reports List-Unsubscribe: , List-Archive: List-Post: List-Help: List-Subscribe: , Errors-To: test-report-bounces@dpdk.org Test-Label: iol-unit-arm64-testing Test-Status: FAILURE http://dpdk.org/patch/153565 _Testing issues_ Submitter: Konstantin Ananyev Date: Wednesday, May 21 2025 11:14:32 DPDK git baseline: Repo:dpdk Branch: master CommitID:117e86c4b96ed761e9a7ab766261208fe81bf5ca 153562-153565 --> testing issues Upstream job id: Generic-Unit-Test-DPDK#339664 Test environment and result as below: +-----------------------------+--------------+---------------------------+----------------+------------------------------+ | Environment | lpm_autotest | cryptodev_sw_zuc_autotest | dpdk_unit_test | cryptodev_sw_snow3g_autotest | +=============================+==============+===========================+================+==============================+ | Ubuntu 20.04 ARM SVE | PASS | SKIPPED | SKIPPED | SKIPPED | +-----------------------------+--------------+---------------------------+----------------+------------------------------+ | Debian 12 (arm) | SKIPPED | PASS | FAIL | PASS | +-----------------------------+--------------+---------------------------+----------------+------------------------------+ | Fedora 41 (ARM) | SKIPPED | SKIPPED | FAIL | SKIPPED | +-----------------------------+--------------+---------------------------+----------------+------------------------------+ | Fedora 41 (ARM Clang) | SKIPPED | SKIPPED | PASS | SKIPPED | +-----------------------------+--------------+---------------------------+----------------+------------------------------+ | CentOS Stream 10 (ARM) | SKIPPED | SKIPPED | PASS | SKIPPED | +-----------------------------+--------------+---------------------------+----------------+------------------------------+ | Fedora 40 (ARM Clang) | SKIPPED | SKIPPED | FAIL | SKIPPED | +-----------------------------+--------------+---------------------------+----------------+------------------------------+ | Ubuntu 20.04 (ARM) | SKIPPED | SKIPPED | FAIL | SKIPPED | +-----------------------------+--------------+---------------------------+----------------+------------------------------+ | RHEL9 (ARM) | SKIPPED | SKIPPED | FAIL | SKIPPED | +-----------------------------+--------------+---------------------------+----------------+------------------------------+ | Ubuntu 22.04 (ARM) | SKIPPED | SKIPPED | FAIL | SKIPPED | +-----------------------------+--------------+---------------------------+----------------+------------------------------+ | Ubuntu 24.04 (ARM) | SKIPPED | SKIPPED | FAIL | SKIPPED | +-----------------------------+--------------+---------------------------+----------------+------------------------------+ | CentOS Stream 9 (ARM) | SKIPPED | SKIPPED | FAIL | SKIPPED | +-----------------------------+--------------+---------------------------+----------------+------------------------------+ | Fedora 40 (ARM) | SKIPPED | SKIPPED | FAIL | SKIPPED | +-----------------------------+--------------+---------------------------+----------------+------------------------------+ | 32-bit Ubuntu 22.04.4 (ARM) | SKIPPED | SKIPPED | PASS | SKIPPED | +-----------------------------+--------------+---------------------------+----------------+------------------------------+ ==== Unit test summary for Fedora 40 (ARM) (dpdk_unit_test): ==== ninja: Entering directory `/home-local/jenkins-local/jenkins-agent/workspace/Generic-Unit-Test-DPDK/dpdk/build' ninja: no work to do. 1/119 DPDK:fast-tests / acl_autotest OK 10.08s 2/119 DPDK:fast-tests / alarm_autotest OK 1.33s 3/119 DPDK:fast-tests / argparse_autotest OK 0.31s 4/119 DPDK:fast-tests / atomic_autotest OK 8.26s 5/119 DPDK:fast-tests / bitcount_autotest OK 0.37s 6/119 DPDK:fast-tests / bitmap_autotest OK 0.31s 7/119 DPDK:fast-tests / bitops_autotest OK 1.90s 8/119 DPDK:fast-tests / bitratestats_autotest OK 0.36s 9/119 DPDK:fast-tests / bitset_autotest OK 5.16s 10/119 DPDK:fast-tests / bpf_autotest OK 0.35s 11/119 DPDK:fast-tests / bpf_convert_autotest OK 0.42s 12/119 DPDK:fast-tests / byteorder_autotest OK 0.33s 13/119 DPDK:fast-tests / cfgfile_autotest OK 0.36s 14/119 DPDK:fast-tests / cksum_autotest OK 0.34s 15/119 DPDK:fast-tests / cmdline_autotest OK 0.37s 16/119 DPDK:fast-tests / common_autotest OK 2.15s 17/119 DPDK:fast-tests / compressdev_autotest SKIP 0.17s exit status 77 18/119 DPDK:fast-tests / cpuflags_autotest OK 0.36s 19/119 DPDK:fast-tests / crc_autotest OK 0.32s 20/119 DPDK:fast-tests / user_delay_us OK 0.32s 21/119 DPDK:fast-tests / debug_autotest OK 2.19s 22/119 DPDK:fast-tests / devargs_autotest OK 0.32s 23/119 DPDK:fast-tests / dispatcher_autotest OK 4.46s 24/119 DPDK:fast-tests / distributor_autotest OK 1.14s 25/119 DPDK:fast-tests / eal_flags_c_opt_autotest OK 6.14s 26/119 DPDK:fast-tests / eal_flags_main_opt_autotest OK 1.46s 27/119 DPDK:fast-tests / eal_flags_n_opt_autotest OK 0.89s 28/119 DPDK:fast-tests / eal_flags_hpet_autotest OK 0.46s 29/119 DPDK:fast-tests / eal_flags_no_huge_autotest OK 0.98s 30/119 DPDK:fast-tests / eal_flags_a_opt_autotest OK 1.30s 31/119 DPDK:fast-tests / eal_flags_b_opt_autotest OK 1.03s 32/119 DPDK:fast-tests / eal_flags_vdev_opt_autotest OK 0.76s 33/119 DPDK:fast-tests / eal_flags_r_opt_autotest OK 0.75s 34/119 DPDK:fast-tests / eal_flags_mem_autotest OK 1.32s 35/119 DPDK:fast-tests / eal_flags_file_prefix_autotest OK 3.47s 36/119 DPDK:fast-tests / eal_flags_misc_autotest OK 4.58s 37/119 DPDK:fast-tests / eal_fs_autotest OK 0.47s 38/119 DPDK:fast-tests / errno_autotest OK 0.35s 39/119 DPDK:fast-tests / ethdev_link_status OK 0.33s 40/119 DPDK:fast-tests / event_eth_tx_adapter_autotest OK 1.77s 41/119 DPDK:fast-tests / event_ring_autotest OK 0.37s 42/119 DPDK:fast-tests / eventdev_common_autotest OK 0.33s Ok: 41 Expected Fail: 0 Fail: 0 Unexpected Pass: 0 Skipped: 1 Timeout: 0 Full log written to /home-local/jenkins-local/jenkins-agent/workspace/Generic-Unit-Test-DPDK/dpdk/build/meson-logs/testlog.txt ==== End log output ==== Ubuntu 20.04 ARM SVE Kernel: Depends on container host Compiler: gcc (Ubuntu 10.5.0-1ubuntu1~20.04) 10.5.0 Debian 12 (arm) Kernel: Depends on container host Compiler: gcc (Debian 12.2.0-14) 12.2.0 Fedora 41 (ARM) Kernel: Depends on container host Compiler: gcc 14.2.1 20240912 (Red Hat 14.2.1-3) Fedora 41 (ARM Clang) Kernel: Depends on container host Compiler: clang 19.1.5 (Fedora 19.1.5-1.fc41) CentOS Stream 10 (ARM) Kernel: Depends on container host Compiler: gcc 14.2.1 20241104 (Red Hat 14.2.1-6) Fedora 40 (ARM Clang) Kernel: Depends on container host Compiler: clang 18.1.8 (Fedora 18.1.8-1.fc40) Ubuntu 20.04 (ARM) Kernel: Depends on container host Compiler: gcc (Ubuntu 9.4.0-1ubuntu1~20.04.2) 9.4.0 RHEL9 (ARM) Kernel: Depends on container host Compiler: gcc 11.5.0 20240719 (Red Hat 11.5.0-2) Ubuntu 22.04 (ARM) Kernel: Depends on container host Compiler: gcc (Ubuntu 11.4.0-1ubuntu1~22.04) 11.4.0 Ubuntu 24.04 (ARM) Kernel: Depends on container host Compiler: gcc (Ubuntu 13.3.0-6ubuntu2~24.04) 13.3.0 CentOS Stream 9 (ARM) Kernel: Depends on container host Compiler: gcc 11.5.0 20240719 (Red Hat 11.5.0-2) Fedora 40 (ARM) Kernel: Depends on container host Compiler: gcc 14.2.1 20240912 (Red Hat 14.2.1-3) 32-bit Ubuntu 22.04.4 (ARM) Kernel: 5.15.83+ aarch64 Compiler: gcc (Ubuntu 11.4.0-1ubuntu1~22.04) 11.4.0 To view detailed results, visit: https://lab.dpdk.org/results/dashboard/patchsets/33222/ UNH-IOL DPDK Community Lab To manage your email subscriptions, visit: https://lab.dpdk.org/results/dashboard/preferences/subscriptions/