From mboxrd@z Thu Jan 1 00:00:00 1970 Return-Path: Received: from mails.dpdk.org (mails.dpdk.org [217.70.189.124]) by inbox.dpdk.org (Postfix) with ESMTP id B91FA46714 for ; Thu, 22 May 2025 09:27:23 +0200 (CEST) Received: from mails.dpdk.org (localhost [127.0.0.1]) by mails.dpdk.org (Postfix) with ESMTP id B5C99402B9; Thu, 22 May 2025 09:27:23 +0200 (CEST) Received: from mail-qv1-f98.google.com (mail-qv1-f98.google.com [209.85.219.98]) by mails.dpdk.org (Postfix) with ESMTP id EAD9240144 for ; Thu, 22 May 2025 09:27:21 +0200 (CEST) Received: by mail-qv1-f98.google.com with SMTP id 6a1803df08f44-6f8a70fe146so121205046d6.0 for ; Thu, 22 May 2025 00:27:21 -0700 (PDT) DKIM-Signature: v=1; a=rsa-sha256; c=relaxed/relaxed; d=iol.unh.edu; s=unh-iol; t=1747898841; x=1748503641; darn=dpdk.org; h=cc:to:from:subject:message-id:date:from:to:cc:subject:date :message-id:reply-to; bh=172Up5BaTWO+cLBzDqjvRKq0i9Qxf+umhAIzcXXevzk=; b=d/pdM81QaAJ5YUuzmWWyAP69+vJ+2Kpc6SoqgA5ci+sI1/DNlq6hS4FZyY6e6JnaU/ 5mYvfZIJ7XNAF8yzc7RwbHC6SQpDsGEYMllOPWLp4/dJFVdaZuKJ60Huz1TMKODdnPMd SRb4gKItTF95tciF78OafKKXtQDevUBZ05hsY= X-Google-DKIM-Signature: v=1; a=rsa-sha256; c=relaxed/relaxed; d=1e100.net; s=20230601; t=1747898841; x=1748503641; h=cc:to:from:subject:message-id:date:x-gm-message-state:from:to:cc :subject:date:message-id:reply-to; bh=172Up5BaTWO+cLBzDqjvRKq0i9Qxf+umhAIzcXXevzk=; b=LzdUK915CjL7JvVKXRR0zcqk/SuMHCO1/kagYFKiJ+nXEvNFamk6fLTY5uD0OIsKqx OKKqHdcHlipSb4+ewAR+e7iEQAEQlfFB8fyzamjNBd2OcYfBFG4Z9m21IE0ik+1PmPwe Qd446r5hCED8n6Daby3fjyW5UHoQ7DPtaCcozg5eN9Hsj7/uDuwS5fMSqqicBOmVWI8w 4SIrxoqKSanpIX/Cs4omOxjQKFVdKvUbB/sq4bjDp149Q1m4GrddpKcFbv3aviIY84hI P8sZ8w4mXsjHXudyOsL0//eYGoq3tucRyw/X1SLDdN/CMJkFOLkGKKWyF6c5AMT/5aoW AU7A== X-Gm-Message-State: AOJu0Yx+yvHLXvefF7Lj7dpU5sn9KeTh+8CrAMELB0xgG03jun7AcqSF AoqUpFRDAOJW8PKu53r6jR7R0WSKxzSczJCKF7apj01r2FiX27vOL/E/qjdGXwziZnEC6t4JMqo kHEeobN2U7Z1ZX9hq2lKh5yDXxMoDdWOiDf49vLhZLJEdYmVYEskB X-Gm-Gg: ASbGncvQQp/f6reFG75LMXxjy9I2IwV1Dd7I60HPlBmdtTmsvdcuXns/6WznF4VtErn f5D/YwoYAx1Nfq9+5Aqsmgrz2zyxsOnEtk847lMFF9I8MlwwymuH/54hztLqMresDpU4bqzdy7f 7ibn9iP9bVD0ofGF6CE/rh8eUMt4AFrT24yGgIihVOAbkMmen3DUAu22+JL7tjaYbfw1E6f/nbZ 2tS7usswhjUL89XmOtJgY6iRkhe0sEwJbhEyrOZunuGvP/lLiT9j7at2rjr7XE+uRtbk4aNjLIi wv+l4uOr3JnavovFLZPX80h2bTYvWxgKwUZL X-Google-Smtp-Source: AGHT+IGpETg9DAyWHbiVK+CFLaCofwHCInjZnVacPihnl6y864xblZIfibi4TVEiu5+TPxjpnnTXvhUvg8d6 X-Received: by 2002:ad4:5948:0:b0:6f5:2cb3:c167 with SMTP id 6a1803df08f44-6f8b2c3336bmr349898766d6.4.1747898841294; Thu, 22 May 2025 00:27:21 -0700 (PDT) Received: from postal.iol.unh.edu (postal.iol.unh.edu. [2606:4100:3880:1234::84]) by smtp-relay.gmail.com with ESMTPS id 6a1803df08f44-6f8b3f2955bsm4418576d6.8.2025.05.22.00.27.21 (version=TLS1_2 cipher=ECDHE-ECDSA-AES128-GCM-SHA256 bits=128/128); Thu, 22 May 2025 00:27:21 -0700 (PDT) X-Relaying-Domain: iol.unh.edu Date: Thu, 22 May 2025 00:27:21 -0700 (PDT) Message-ID: <682ed1d9.0c0a0220.dc1a2.6d01SMTPIN_ADDED_MISSING@mx.google.com> Received: from [172.21.0.6] (unknown [172.18.0.240]) by postal.iol.unh.edu (Postfix) with ESMTP id E9C646052471; Thu, 22 May 2025 03:27:20 -0400 (EDT) Subject: |FAILURE| [GIT MASTER] 4401486b5e30d43a134f80f9802f60b5f43e74a8 From: dpdklab@iol.unh.edu To: Test Report Cc: dpdk-test-reports@iol.unh.edu, Xueming Li , Christian Ehrhardt , Kevin Traynor , Luca Boccassi Content-Type: text/plain X-BeenThere: test-report@dpdk.org X-Mailman-Version: 2.1.29 Precedence: list List-Id: automatic DPDK test reports List-Unsubscribe: , List-Archive: List-Post: List-Help: List-Subscribe: , Errors-To: test-report-bounces@dpdk.org _Testing issues_ Branch: tags/v22.11 4401486b5e30d43a134f80f9802f60b5f43e74a8 --> testing issues Upstream job id: Generic-VM-Unit-Test-DPDK#28682 Test environment and result as below: +---------------------+----------------+ | Environment | dpdk_unit_test | +=====================+================+ | CentOS Stream 10 | FAIL | +---------------------+----------------+ | Fedora 40 | FAIL | +---------------------+----------------+ | Fedora 41 | FAIL | +---------------------+----------------+ | Debian 12 | PEND | +---------------------+----------------+ | CentOS Stream 9 | PEND | +---------------------+----------------+ | Fedora 40 (Clang) | PEND | +---------------------+----------------+ | RHEL9 | PEND | +---------------------+----------------+ | RHEL8 | PEND | +---------------------+----------------+ | Ubuntu 22.04 | PEND | +---------------------+----------------+ | Ubuntu 20.04 | PASS | +---------------------+----------------+ | Ubuntu 24.04 | FAIL | +---------------------+----------------+ | Fedora 41 (Clang) | PEND | +---------------------+----------------+ | Windows Server 2022 | FAIL | +---------------------+----------------+ ==== Unit test summary for Windows Server 2022 (dpdk_unit_test): ==== Failed to get the unit test results. Displaying the unit test results is not supported for some environments, such as our aarch32 testing, where meson is not used to run the tests. Download the logs available on our CI site. ==== End log output ==== CentOS Stream 10 Kernel: Depends on container host Compiler: gcc 14.2.1 20241104 (Red Hat 14.2.1-6) Fedora 40 Kernel: Depends on container host Compiler: gcc 14.2.1 20240912 (Red Hat 14.2.1-3) Fedora 41 Kernel: Depends on container host Compiler: gcc 14.2.1 20240912 (Red Hat 14.2.1-3) Debian 12 Kernel: Depends on container host Compiler: gcc (Debian 12.2.0-14) 12.2.0 CentOS Stream 9 Kernel: Depends on container host Compiler: gcc 11.5.0 20240719 (Red Hat 11.5.0-2) Fedora 40 (Clang) Kernel: Depends on container host Compiler: clang 18.1.8 (Fedora 18.1.8-1.fc40) RHEL9 Kernel: Depends on container host Compiler: gcc 11.5.0 20240719 (Red Hat 11.5.0-2) RHEL8 Kernel: Depends on container host Compiler: gcc 8.5.0 20210514 (Red Hat 8.5.0-22) Ubuntu 22.04 Kernel: Depends on container host Compiler: gcc (Ubuntu 11.4.0-1ubuntu1~22.04) 11.4.0 Ubuntu 20.04 Kernel: Depends on container host Compiler: gcc (Ubuntu 9.4.0-1ubuntu1~20.04.2) 9.4.0 Ubuntu 24.04 Kernel: Depends on container host Compiler: gcc (Ubuntu 13.3.0-6ubuntu2~24.04) 13.3.0 Fedora 41 (Clang) Kernel: Depends on container host Compiler: clang 19.1.5 (Fedora 19.1.5-1.fc41) Windows Server 2022 Kernel: 10.0.20348.2031 Compiler: clang 15.0.7, gcc 14.1.0 (MinGW), and MSVC VS 19.39.33521 To view detailed results, visit: https://lab.dpdk.org/results/dashboard/tarballs/33612/ UNH-IOL DPDK Community Lab To manage your email subscriptions, visit: https://lab.dpdk.org/results/dashboard/preferences/subscriptions/