From mboxrd@z Thu Jan  1 00:00:00 1970
Return-Path: <test-report-bounces@dpdk.org>
Received: from mails.dpdk.org (mails.dpdk.org [217.70.189.124])
	by inbox.dpdk.org (Postfix) with ESMTP id 0BCF046714
	for <public@inbox.dpdk.org>; Thu, 22 May 2025 09:29:16 +0200 (CEST)
Received: from mails.dpdk.org (localhost [127.0.0.1])
	by mails.dpdk.org (Postfix) with ESMTP id E1707402B9;
	Thu, 22 May 2025 09:29:15 +0200 (CEST)
Received: from mail-yw1-f226.google.com (mail-yw1-f226.google.com
 [209.85.128.226])
 by mails.dpdk.org (Postfix) with ESMTP id 7B7B440144
 for <test-report@dpdk.org>; Thu, 22 May 2025 09:29:14 +0200 (CEST)
Received: by mail-yw1-f226.google.com with SMTP id
 00721157ae682-6ff4faf858cso54312977b3.2
 for <test-report@dpdk.org>; Thu, 22 May 2025 00:29:14 -0700 (PDT)
DKIM-Signature: v=1; a=rsa-sha256; c=relaxed/relaxed;
 d=iol.unh.edu; s=unh-iol; t=1747898953; x=1748503753; darn=dpdk.org;
 h=cc:to:from:subject:message-id:date:from:to:cc:subject:date
 :message-id:reply-to;
 bh=qwVMddA48T/plmxabGwEjokYRMkjuOBzVIoza8oPGkk=;
 b=eeQcnprz6qsyKC9uDhsJ+4pHuTLmDgIsCWTkpwcYMzHxuNi7WFTGbI/e+8PVxXOBD2
 QQdbIuk4g5w3/5OVZ7P8riLnvfXqrPw3rVYDYuIWMCUIrZHwzzc03VWq5qqtq1/T4hit
 BcFlCbrGYDZ8+UK+i+1+jxZ+wJAOfq3LtsAfI=
X-Google-DKIM-Signature: v=1; a=rsa-sha256; c=relaxed/relaxed;
 d=1e100.net; s=20230601; t=1747898953; x=1748503753;
 h=cc:to:from:subject:message-id:date:x-gm-message-state:from:to:cc
 :subject:date:message-id:reply-to;
 bh=qwVMddA48T/plmxabGwEjokYRMkjuOBzVIoza8oPGkk=;
 b=RRIbNcJdfW7eepJ4o0GcK33tqRx+VzgbDCCu7NjoVVc2Naa3kJ8lv+DZyF0Fce7xx7
 UXpC7GHufk5EMYQIalZg+KnaEO7C5OdMJpx5nsh0ii2OdB4He/48eOmlF8KhTBtb6K8i
 +vw0cs/jed6wRq4frTZp2ikaxZqigtTDqybUzIQyX+huxDYWmmdmbrdRFUGzgeoVfojl
 b6vlp6/y6kQSsc/JBO0Ar0f1tkmmo+1B2J4Zb9rD1AGzTxT2n9h0rKIXnSN3yNKnZpXU
 96p9rWxWs4EUlCdwKbz5uK07LJKC+QzzVXkaz8wxQkB4UM1Y0lPceHegrHfdeC6A16sU
 2ZCw==
X-Gm-Message-State: AOJu0YxEOWDxy4kAHKTwuiVutYHjqpr/tQ84gaQ3v3BY30Or6h2Gxz+F
 2hOIbS0gCxQTHKGK5fJRura3DrKJofX16duf1oN8q35mhqLEkHTW4NcIlPUSzNwjYp++vq5lWC4
 RrJBz5x2X0B5t4oykNpkChYZMRbRiPxyxasRLHfX9jxRhmQowxxb6
X-Gm-Gg: ASbGncsaRlATUqG6iRQZwV7WofPBmOJCzNYPAPB9Av8za8eBMQ/GTjlNpDDfKE9DZCh
 6KcyvnX3QqDFRQJanBnNC1mBD8FVUmUHhs/wGShxbVc23Wu9G6sOqyF6I1oS6DtzaMtJzZRPvrS
 qqzHIu0vi6I9AQFtivmX+RhGLt8YvKluIyv0XeX/B+6pNEs6n2fy808iDGA0sjqUxYaSWSBC0Rz
 5v5G9uB+2O3tJVp+YG3IC3GJ64kwcdB1RssphGtFKODClt23lAWtJQkYOjcEjGVZGixJpbR98iL
 9SzH5ksjzipixBjasLEju4capJx//rP3Cn8v
X-Google-Smtp-Source: AGHT+IFccllvHI54zC3Keol9t4o4wUGr/76Qy3HG+ubIf3DsiKvpF3N3xVE6Sv888W5H+BvWIQwq54xoB0Mo
X-Received: by 2002:a05:690c:6602:b0:700:a6a2:690a with SMTP id
 00721157ae682-70ca799b8cemr310374747b3.7.1747898953671; 
 Thu, 22 May 2025 00:29:13 -0700 (PDT)
Received: from postal.iol.unh.edu (postal.iol.unh.edu.
 [2606:4100:3880:1234::84]) by smtp-relay.gmail.com with ESMTPS id
 00721157ae682-70ca8300009sm2752267b3.6.2025.05.22.00.29.13
 (version=TLS1_2 cipher=ECDHE-ECDSA-AES128-GCM-SHA256 bits=128/128);
 Thu, 22 May 2025 00:29:13 -0700 (PDT)
X-Relaying-Domain: iol.unh.edu
Date: Thu, 22 May 2025 00:29:13 -0700 (PDT)
Message-ID: <682ed249.050a0220.12dc84.f43eSMTPIN_ADDED_MISSING@mx.google.com>
Received: from [172.21.0.5] (unknown [172.18.0.240])
 by postal.iol.unh.edu (Postfix) with ESMTP id 0955A6052471;
 Thu, 22 May 2025 03:29:12 -0400 (EDT)
Subject: |FAILURE| [GIT MASTER] 4401486b5e30d43a134f80f9802f60b5f43e74a8
From: dpdklab@iol.unh.edu
To: Test Report <test-report@dpdk.org>
Cc: dpdk-test-reports@iol.unh.edu, Xueming Li <xuemingl@nvidia.com>,
 Christian Ehrhardt <christian.ehrhardt@canonical.com>,
 Kevin Traynor <ktraynor@redhat.com>, Luca Boccassi <bluca@debian.org>
Content-Type: text/plain
X-BeenThere: test-report@dpdk.org
X-Mailman-Version: 2.1.29
Precedence: list
List-Id: automatic DPDK test reports <test-report.dpdk.org>
List-Unsubscribe: <https://mails.dpdk.org/options/test-report>,
 <mailto:test-report-request@dpdk.org?subject=unsubscribe>
List-Archive: <http://mails.dpdk.org/archives/test-report/>
List-Post: <mailto:test-report@dpdk.org>
List-Help: <mailto:test-report-request@dpdk.org?subject=help>
List-Subscribe: <https://mails.dpdk.org/listinfo/test-report>,
 <mailto:test-report-request@dpdk.org?subject=subscribe>
Errors-To: test-report-bounces@dpdk.org

_Testing issues_

Branch: tags/v22.11

4401486b5e30d43a134f80f9802f60b5f43e74a8 --> testing issues

Upstream job id: Generic-Unit-Test-DPDK#339832

Test environment and result as below:

+---------------------+----------------+
|     Environment     | dpdk_unit_test |
+=====================+================+
| CentOS Stream 10    | FAIL           |
+---------------------+----------------+
| Fedora 40           | FAIL           |
+---------------------+----------------+
| Fedora 41           | FAIL           |
+---------------------+----------------+
| Debian 12           | PEND           |
+---------------------+----------------+
| CentOS Stream 9     | PEND           |
+---------------------+----------------+
| Fedora 40 (Clang)   | PEND           |
+---------------------+----------------+
| RHEL9               | PEND           |
+---------------------+----------------+
| RHEL8               | PEND           |
+---------------------+----------------+
| Ubuntu 22.04        | FAIL           |
+---------------------+----------------+
| Ubuntu 20.04        | PASS           |
+---------------------+----------------+
| Ubuntu 24.04        | FAIL           |
+---------------------+----------------+
| Fedora 41 (Clang)   | PEND           |
+---------------------+----------------+
| Windows Server 2022 | FAIL           |
+---------------------+----------------+

==== Unit test summary for Windows Server 2022 (dpdk_unit_test): ====
Failed to get the unit test results.
Displaying the unit test results is not supported for some environments,
such as our aarch32 testing, where meson is not used to run the tests.
Download the logs available on our CI site.
==== End log output ====

CentOS Stream 10
	Kernel: Depends on container host
	Compiler: gcc 14.2.1 20241104 (Red Hat 14.2.1-6)

Fedora 40
	Kernel: Depends on container host
	Compiler: gcc 14.2.1 20240912 (Red Hat 14.2.1-3)

Fedora 41
	Kernel: Depends on container host
	Compiler: gcc 14.2.1 20240912 (Red Hat 14.2.1-3)

Debian 12
	Kernel: Depends on container host
	Compiler: gcc (Debian 12.2.0-14) 12.2.0

CentOS Stream 9
	Kernel: Depends on container host
	Compiler: gcc 11.5.0 20240719 (Red Hat 11.5.0-2)

Fedora 40 (Clang)
	Kernel: Depends on container host
	Compiler: clang 18.1.8 (Fedora 18.1.8-1.fc40)

RHEL9
	Kernel: Depends on container host
	Compiler: gcc 11.5.0 20240719 (Red Hat 11.5.0-2)

RHEL8
	Kernel: Depends on container host
	Compiler: gcc 8.5.0 20210514 (Red Hat 8.5.0-22)

Ubuntu 22.04
	Kernel: Depends on container host
	Compiler: gcc (Ubuntu 11.4.0-1ubuntu1~22.04) 11.4.0

Ubuntu 20.04
	Kernel: Depends on container host
	Compiler: gcc (Ubuntu 9.4.0-1ubuntu1~20.04.2) 9.4.0

Ubuntu 24.04
	Kernel: Depends on container host
	Compiler: gcc (Ubuntu 13.3.0-6ubuntu2~24.04) 13.3.0

Fedora 41 (Clang)
	Kernel: Depends on container host
	Compiler: clang 19.1.5 (Fedora 19.1.5-1.fc41)

Windows Server 2022
	Kernel: 10.0.20348.2031
	Compiler: clang 15.0.7, gcc 14.1.0 (MinGW), and MSVC VS 19.39.33521

To view detailed results, visit:
https://lab.dpdk.org/results/dashboard/tarballs/33612/

UNH-IOL DPDK Community Lab

To manage your email subscriptions, visit: 
https://lab.dpdk.org/results/dashboard/preferences/subscriptions/