From mboxrd@z Thu Jan 1 00:00:00 1970 Return-Path: Received: from mails.dpdk.org (mails.dpdk.org [217.70.189.124]) by inbox.dpdk.org (Postfix) with ESMTP id BC41746714 for ; Thu, 22 May 2025 09:35:50 +0200 (CEST) Received: from mails.dpdk.org (localhost [127.0.0.1]) by mails.dpdk.org (Postfix) with ESMTP id 9CCA3402B9; Thu, 22 May 2025 09:35:50 +0200 (CEST) Received: from mail-pl1-f227.google.com (mail-pl1-f227.google.com [209.85.214.227]) by mails.dpdk.org (Postfix) with ESMTP id 84CAA40144 for ; Thu, 22 May 2025 09:35:49 +0200 (CEST) Received: by mail-pl1-f227.google.com with SMTP id d9443c01a7336-2322bace4ceso41397795ad.2 for ; Thu, 22 May 2025 00:35:49 -0700 (PDT) DKIM-Signature: v=1; a=rsa-sha256; c=relaxed/relaxed; d=iol.unh.edu; s=unh-iol; t=1747899348; x=1748504148; darn=dpdk.org; h=cc:to:from:subject:message-id:date:from:to:cc:subject:date :message-id:reply-to; bh=80krMmigvUBAwMJZAyIUQPH/F5rcWZvquMy0bSjTUoA=; b=N3YQ7lMk74UKjufDGsqJj+HEQ7VPs5fw89Loa84b8uMhDKk28nqrQp9a2tZa47ZMxR 32kj0xqbeQ2X5K3UxFZMO5920aF7u1oF9MZhMGLZ010JGG1r1AP5h2Db7KA+ZyR6ZPwP Rjc5g3rmiFthLfW4BuPaDO2yLWyMQn8I4PbQY= X-Google-DKIM-Signature: v=1; a=rsa-sha256; c=relaxed/relaxed; d=1e100.net; s=20230601; t=1747899348; x=1748504148; h=cc:to:from:subject:message-id:date:x-gm-message-state:from:to:cc :subject:date:message-id:reply-to; bh=80krMmigvUBAwMJZAyIUQPH/F5rcWZvquMy0bSjTUoA=; b=kouHU2GepxN79XvmqVtcDn7MQE8pAfN4Mar+p6LJj4hk8qA/AjQBMTNv8/yYOlAaix UgTxDxISIT10Nfoz5WKgrPbsqxIYThtKZ/5oIsZwO9xEnnvCA0mAmhz4cbXTmOaKQTAl C9iPErWpSqTHpjGM8F8QKqzUs0tnI2FbLzBLjVOw7BZpvjed0z16MatO/ITgCRX8B75V zP9oq1KUPwte390yxMzkKJTVN927RCWkTWpVWQyIXF6vD8mLz7K4HRTuiVXcDLxyUgmh /hi72lgCPglZKndttI+XPfBazNZfbF/b84ksPTqLfJkaZX957BiN3p+XcrhTmQxO3eea Lc6Q== X-Gm-Message-State: AOJu0YwmVKQN5jYDSBfjzz1c2fbshohawcSBUB1BjXvfE8SY33IbFYuH kDkOLNehbI5MSmRhTs1wQLQhI+7tX5UUQcxlZ1a0ZYresHj1Cmr2OFTor4ExQlM1bUcVd8+4QVF 0y4d7X6hK1sSA5Avyk+JnDTkJd1g7YGU5l5nB X-Gm-Gg: ASbGnctI+L13+v32XuQrYqPkYugUUbczQ/n5bldBdXuKajHuPB3/FVZB9B9O7oM6H1h z8RNHyUj+Ik8GsgRJrQXuCElrR2MElhw1GKRYVwCe4I7a+V2JniSIm8c+SbpXeUtObtwYO19zdc npYN3GKuNRaRC2Es7CGRxOzFW+fpgYapxf90pkTM6gKiEU56lSGa/rfJm4ucSeVm5k8Dbl5Roqi Pe3ZtP8r5CBFuFeC5HGMtFaod9g8OG0g9/RpyJ9GJkthUm6QANGV4vhWKY5SPBD+gnG3ShdbEFw 1dYiYGzsP5Kq9U4Mxt0GUu0N46A+2OUGFMQUwK/ZMt9SkVGVfgn2ZEugsv8= X-Google-Smtp-Source: AGHT+IHWmx2u1YFbW8OO9KQtgXnZyOT4/3qHvVVR9kj+EJfM80eLGdT/Fe6qScj0Tghi//IB+3U3mQ2Ld6Lt X-Received: by 2002:a17:903:2f47:b0:22d:c52e:2dae with SMTP id d9443c01a7336-231d43a55c8mr288877055ad.18.1747899348354; Thu, 22 May 2025 00:35:48 -0700 (PDT) Received: from postal.iol.unh.edu (postal.iol.unh.edu. [132.177.123.84]) by smtp-relay.gmail.com with ESMTPS id d9443c01a7336-231d4aa746csm7303205ad.15.2025.05.22.00.35.48 (version=TLS1_2 cipher=ECDHE-ECDSA-AES128-GCM-SHA256 bits=128/128); Thu, 22 May 2025 00:35:48 -0700 (PDT) X-Relaying-Domain: iol.unh.edu Date: Thu, 22 May 2025 00:35:48 -0700 (PDT) Message-ID: <682ed3d4.170a0220.4390c.6cf7SMTPIN_ADDED_MISSING@mx.google.com> Received: from [172.21.0.7] (unknown [172.18.0.240]) by postal.iol.unh.edu (Postfix) with ESMTP id C05D86052471; Thu, 22 May 2025 03:35:47 -0400 (EDT) Subject: |FAILURE| [GIT MASTER] 4401486b5e30d43a134f80f9802f60b5f43e74a8 From: dpdklab@iol.unh.edu To: Test Report Cc: dpdk-test-reports@iol.unh.edu, Xueming Li , Christian Ehrhardt , Kevin Traynor , Luca Boccassi Content-Type: text/plain X-BeenThere: test-report@dpdk.org X-Mailman-Version: 2.1.29 Precedence: list List-Id: automatic DPDK test reports List-Unsubscribe: , List-Archive: List-Post: List-Help: List-Subscribe: , Errors-To: test-report-bounces@dpdk.org _Testing issues_ Branch: tags/v22.11 4401486b5e30d43a134f80f9802f60b5f43e74a8 --> testing issues Upstream job id: Generic-Unit-Test-DPDK#339822 Test environment and result as below: +---------------------+----------------+ | Environment | dpdk_unit_test | +=====================+================+ | CentOS Stream 10 | FAIL | +---------------------+----------------+ | Fedora 40 | FAIL | +---------------------+----------------+ | Fedora 41 | FAIL | +---------------------+----------------+ | Debian 12 | PEND | +---------------------+----------------+ | CentOS Stream 9 | FAIL | +---------------------+----------------+ | Fedora 40 (Clang) | FAIL | +---------------------+----------------+ | RHEL9 | PEND | +---------------------+----------------+ | RHEL8 | PEND | +---------------------+----------------+ | Ubuntu 22.04 | FAIL | +---------------------+----------------+ | Ubuntu 20.04 | PASS | +---------------------+----------------+ | Ubuntu 24.04 | FAIL | +---------------------+----------------+ | Fedora 41 (Clang) | PEND | +---------------------+----------------+ | Windows Server 2022 | FAIL | +---------------------+----------------+ ==== Unit test summary for Windows Server 2022 (dpdk_unit_test): ==== Failed to get the unit test results. Displaying the unit test results is not supported for some environments, such as our aarch32 testing, where meson is not used to run the tests. Download the logs available on our CI site. ==== End log output ==== CentOS Stream 10 Kernel: Depends on container host Compiler: gcc 14.2.1 20241104 (Red Hat 14.2.1-6) Fedora 40 Kernel: Depends on container host Compiler: gcc 14.2.1 20240912 (Red Hat 14.2.1-3) Fedora 41 Kernel: Depends on container host Compiler: gcc 14.2.1 20240912 (Red Hat 14.2.1-3) Debian 12 Kernel: Depends on container host Compiler: gcc (Debian 12.2.0-14) 12.2.0 CentOS Stream 9 Kernel: Depends on container host Compiler: gcc 11.5.0 20240719 (Red Hat 11.5.0-2) Fedora 40 (Clang) Kernel: Depends on container host Compiler: clang 18.1.8 (Fedora 18.1.8-1.fc40) RHEL9 Kernel: Depends on container host Compiler: gcc 11.5.0 20240719 (Red Hat 11.5.0-2) RHEL8 Kernel: Depends on container host Compiler: gcc 8.5.0 20210514 (Red Hat 8.5.0-22) Ubuntu 22.04 Kernel: Depends on container host Compiler: gcc (Ubuntu 11.4.0-1ubuntu1~22.04) 11.4.0 Ubuntu 20.04 Kernel: Depends on container host Compiler: gcc (Ubuntu 9.4.0-1ubuntu1~20.04.2) 9.4.0 Ubuntu 24.04 Kernel: Depends on container host Compiler: gcc (Ubuntu 13.3.0-6ubuntu2~24.04) 13.3.0 Fedora 41 (Clang) Kernel: Depends on container host Compiler: clang 19.1.5 (Fedora 19.1.5-1.fc41) Windows Server 2022 Kernel: 10.0.20348.2031 Compiler: clang 15.0.7, gcc 14.1.0 (MinGW), and MSVC VS 19.39.33521 To view detailed results, visit: https://lab.dpdk.org/results/dashboard/tarballs/33612/ UNH-IOL DPDK Community Lab To manage your email subscriptions, visit: https://lab.dpdk.org/results/dashboard/preferences/subscriptions/