From mboxrd@z Thu Jan 1 00:00:00 1970 Return-Path: Received: from mails.dpdk.org (mails.dpdk.org [217.70.189.124]) by inbox.dpdk.org (Postfix) with ESMTP id B19B946714 for ; Thu, 22 May 2025 09:36:12 +0200 (CEST) Received: from mails.dpdk.org (localhost [127.0.0.1]) by mails.dpdk.org (Postfix) with ESMTP id AE3BE402B9; Thu, 22 May 2025 09:36:12 +0200 (CEST) Received: from mail-oi1-f228.google.com (mail-oi1-f228.google.com [209.85.167.228]) by mails.dpdk.org (Postfix) with ESMTP id AA49C40144 for ; Thu, 22 May 2025 09:36:10 +0200 (CEST) Received: by mail-oi1-f228.google.com with SMTP id 5614622812f47-3fe83c8cbdbso2772385b6e.3 for ; Thu, 22 May 2025 00:36:10 -0700 (PDT) DKIM-Signature: v=1; a=rsa-sha256; c=relaxed/relaxed; d=iol.unh.edu; s=unh-iol; t=1747899369; x=1748504169; darn=dpdk.org; h=cc:to:from:subject:message-id:date:from:to:cc:subject:date :message-id:reply-to; bh=BFGsbNJqDDq5L9kO/L4HDQqrJltfRZ74JG7EJZTdixA=; b=CyOwscl4SSCTdHaFdcZ07t55hyamOv4CVFbQ0ZuevE4+GFuqXrUH5xjaUiPE/bJxHs +PDaw4znT9OGTy5aLO+6wL4Xb4mjVc0opgTL4vEL4FR9jGqzlB1eGzM4A6D0Sc176zPW a71GJbhWnImQ57veOpoeEzaNNxruwGo25bmlk= X-Google-DKIM-Signature: v=1; a=rsa-sha256; c=relaxed/relaxed; d=1e100.net; s=20230601; t=1747899369; x=1748504169; h=cc:to:from:subject:message-id:date:x-gm-message-state:from:to:cc :subject:date:message-id:reply-to; bh=BFGsbNJqDDq5L9kO/L4HDQqrJltfRZ74JG7EJZTdixA=; b=D7/IbeMYNO2ppP1DN+FerpWIcdDEJmcjwTq19OJzEtsGjqnUeIfqAiFVfux1PSRScc apYWLlsqYKS4FvRuMalNShbuKM/OoF9g52CqUhvt0qEpedyeykHoLhfYpcRMwPQJuVvd +bEmzmEq2AKbyQlD0S2YFmuYRKdhvbMmFhCHXLKIBZ4D2ukIvIjsG/EYbvp+T1MlzsFy DSaZWLjy54KOAA8kxOoGyxXyrX0XmuJnjB59S+AlTdDE2gFyDa7wyQyfFWsgSk8aij2l 8SHRMA+QaecgOzyjGctntcozdhTv0BI1hqTcKK11BwSM03BvzYT4rs1FppmZCybGZjWz suyw== X-Gm-Message-State: AOJu0YyfvxYPjJG+GqUr2+QzK7hvh51cwlTJZOBFPzjtwQs9kijagIW3 eLRNzFFNL9CqEy+v9ICWqGv16DTuiJU3aYgQZP6Rp3zLrmO82ydf/2klG931WmnanOB55WttKSo 1Sefc7osoBAk8MxnapjatNkpb1UqUBc21bOwm X-Gm-Gg: ASbGncv+DUgQ3uXcF9S4zF2nCQhkDxXns8evS439FuHT6/+tvP3tlLzYM/0JsXdJSw3 sYyqfoDkfEktfAjEyQF9FwQKwc3OcwXWmEkWWaewFycEDLKcQ894+pxVByy7wC0nI132Qrl6xRB OblfIMPNF01tgDOACmnpYn5r5kKBd4b1ATwBGdpvv/PtcjstfCgFixY4Xf7BUYyip7YqIJon5KE s/Fghv+iK+A4zuJL4VchUL6wIeOhlfGoXtEEwm8aCmfKw1qD04p7ANkexz/Oy5vjI7ZqCL8hqy/ mEIT0FBaIJbt8XRBaFRL0fCwkQxTZ2nyrrEDruSUdEICfcZB91cpfO9jBE8= X-Google-Smtp-Source: AGHT+IGgd1TTL852KjL4MXELiLVlRE3kxVCdXvn7z15a+PyXPjdZ7lAvbZp6PfDvyyQ4pHMBbMjpzJDBsSSD X-Received: by 2002:a05:6808:1b8c:b0:400:fa6b:a104 with SMTP id 5614622812f47-404da80a5a8mr14791484b6e.33.1747899369587; Thu, 22 May 2025 00:36:09 -0700 (PDT) Received: from postal.iol.unh.edu (postal.iol.unh.edu. [132.177.123.84]) by smtp-relay.gmail.com with ESMTPS id 006d021491bc7-609f2f9bb68sm420009eaf.9.2025.05.22.00.36.09 (version=TLS1_2 cipher=ECDHE-ECDSA-AES128-GCM-SHA256 bits=128/128); Thu, 22 May 2025 00:36:09 -0700 (PDT) X-Relaying-Domain: iol.unh.edu Date: Thu, 22 May 2025 00:36:09 -0700 (PDT) Message-ID: <682ed3e9.050a0220.18ec42.7512SMTPIN_ADDED_MISSING@mx.google.com> Received: from [172.21.0.5] (unknown [172.18.0.240]) by postal.iol.unh.edu (Postfix) with ESMTP id 9D67D6052471; Thu, 22 May 2025 03:36:08 -0400 (EDT) Subject: |FAILURE| [GIT MASTER] 4401486b5e30d43a134f80f9802f60b5f43e74a8 From: dpdklab@iol.unh.edu To: Test Report Cc: dpdk-test-reports@iol.unh.edu, Xueming Li , Christian Ehrhardt , Kevin Traynor , Luca Boccassi Content-Type: text/plain X-BeenThere: test-report@dpdk.org X-Mailman-Version: 2.1.29 Precedence: list List-Id: automatic DPDK test reports List-Unsubscribe: , List-Archive: List-Post: List-Help: List-Subscribe: , Errors-To: test-report-bounces@dpdk.org _Testing issues_ Branch: tags/v22.11 4401486b5e30d43a134f80f9802f60b5f43e74a8 --> testing issues Upstream job id: Generic-Unit-Test-DPDK#339826 Test environment and result as below: +---------------------+----------------+ | Environment | dpdk_unit_test | +=====================+================+ | CentOS Stream 10 | FAIL | +---------------------+----------------+ | Fedora 40 | FAIL | +---------------------+----------------+ | Fedora 41 | FAIL | +---------------------+----------------+ | Debian 12 | PEND | +---------------------+----------------+ | CentOS Stream 9 | FAIL | +---------------------+----------------+ | Fedora 40 (Clang) | FAIL | +---------------------+----------------+ | RHEL9 | PEND | +---------------------+----------------+ | RHEL8 | PEND | +---------------------+----------------+ | Ubuntu 22.04 | FAIL | +---------------------+----------------+ | Ubuntu 20.04 | PASS | +---------------------+----------------+ | Ubuntu 24.04 | FAIL | +---------------------+----------------+ | Fedora 41 (Clang) | PEND | +---------------------+----------------+ | Windows Server 2022 | FAIL | +---------------------+----------------+ ==== Unit test summary for Windows Server 2022 (dpdk_unit_test): ==== Failed to get the unit test results. Displaying the unit test results is not supported for some environments, such as our aarch32 testing, where meson is not used to run the tests. Download the logs available on our CI site. ==== End log output ==== CentOS Stream 10 Kernel: Depends on container host Compiler: gcc 14.2.1 20241104 (Red Hat 14.2.1-6) Fedora 40 Kernel: Depends on container host Compiler: gcc 14.2.1 20240912 (Red Hat 14.2.1-3) Fedora 41 Kernel: Depends on container host Compiler: gcc 14.2.1 20240912 (Red Hat 14.2.1-3) Debian 12 Kernel: Depends on container host Compiler: gcc (Debian 12.2.0-14) 12.2.0 CentOS Stream 9 Kernel: Depends on container host Compiler: gcc 11.5.0 20240719 (Red Hat 11.5.0-2) Fedora 40 (Clang) Kernel: Depends on container host Compiler: clang 18.1.8 (Fedora 18.1.8-1.fc40) RHEL9 Kernel: Depends on container host Compiler: gcc 11.5.0 20240719 (Red Hat 11.5.0-2) RHEL8 Kernel: Depends on container host Compiler: gcc 8.5.0 20210514 (Red Hat 8.5.0-22) Ubuntu 22.04 Kernel: Depends on container host Compiler: gcc (Ubuntu 11.4.0-1ubuntu1~22.04) 11.4.0 Ubuntu 20.04 Kernel: Depends on container host Compiler: gcc (Ubuntu 9.4.0-1ubuntu1~20.04.2) 9.4.0 Ubuntu 24.04 Kernel: Depends on container host Compiler: gcc (Ubuntu 13.3.0-6ubuntu2~24.04) 13.3.0 Fedora 41 (Clang) Kernel: Depends on container host Compiler: clang 19.1.5 (Fedora 19.1.5-1.fc41) Windows Server 2022 Kernel: 10.0.20348.2031 Compiler: clang 15.0.7, gcc 14.1.0 (MinGW), and MSVC VS 19.39.33521 To view detailed results, visit: https://lab.dpdk.org/results/dashboard/tarballs/33612/ UNH-IOL DPDK Community Lab To manage your email subscriptions, visit: https://lab.dpdk.org/results/dashboard/preferences/subscriptions/