From mboxrd@z Thu Jan 1 00:00:00 1970 Return-Path: Received: from mails.dpdk.org (mails.dpdk.org [217.70.189.124]) by inbox.dpdk.org (Postfix) with ESMTP id AA4F346714 for ; Thu, 22 May 2025 09:48:33 +0200 (CEST) Received: from mails.dpdk.org (localhost [127.0.0.1]) by mails.dpdk.org (Postfix) with ESMTP id A73DF402D1; Thu, 22 May 2025 09:48:33 +0200 (CEST) Received: from mail-pf1-f225.google.com (mail-pf1-f225.google.com [209.85.210.225]) by mails.dpdk.org (Postfix) with ESMTP id D67D840144 for ; Thu, 22 May 2025 09:48:32 +0200 (CEST) Received: by mail-pf1-f225.google.com with SMTP id d2e1a72fcca58-74267c68c11so6666532b3a.0 for ; Thu, 22 May 2025 00:48:32 -0700 (PDT) DKIM-Signature: v=1; a=rsa-sha256; c=relaxed/relaxed; d=iol.unh.edu; s=unh-iol; t=1747900112; x=1748504912; darn=dpdk.org; h=cc:to:from:subject:message-id:date:from:to:cc:subject:date :message-id:reply-to; bh=8kGAVpYtEkHXxqfwkc3Si1dZdKXE4nJ6HKdFrPt0TWM=; b=RusHeGRMf5O41PQ2Grjhd8vayhW88jizZ+HL3lrG0w7aZvxpPm9hDfNoK1zuGGdgPs DlKdqn5pLSKUD3EjU1VT+uPySMNAszc7yj7OEnH68N8fnYJXNM9Ydr3MEszh+t701j29 vcIXkzV9tTyOlyh7uV1kJ3aqJIp5/lBFx7kd0= X-Google-DKIM-Signature: v=1; a=rsa-sha256; c=relaxed/relaxed; d=1e100.net; s=20230601; t=1747900112; x=1748504912; h=cc:to:from:subject:message-id:date:x-gm-message-state:from:to:cc :subject:date:message-id:reply-to; bh=8kGAVpYtEkHXxqfwkc3Si1dZdKXE4nJ6HKdFrPt0TWM=; b=ANpJw+HmKeTM/jBfnLUftzz8MOllNfi2m4/5GrmwzLm4zd8+6oznnghlOJ1LFDHmmp WxJlWcjWiepPDkacjzuXHBW11xKMpd/kYgdl0KaQAhfC5nCA3GA8djZNUMJq+Pv3JZg1 z86FQH7wQVPrBS/LA9+silkJguzN/oEOKjh09m9LWb9/X6fbZa6Le6qaUABEyx1VG6s7 vrpN/w750mEdaiVsg+eezj221SHKMLuNQy0Rq/JjDSONXUBCkit99ZkdVcwa/Q+YoroM qUlFuW/m9jeY2ZcWz/yhnKhocTJbOX/x+jbVvOM0XMz1YIhtHsok/r/EfnJhHLczamYy Jg/w== X-Gm-Message-State: AOJu0YyNafl3RhH4WC+qaaEXRYZk3nQM8Kyq5h4FcIa5tA0d4FLxFtM6 lvNwPnbl35ZpQhDXmMpIjFNYCdNgbi2NU4D0botODaRpmVAtgzl+Zufy//YCfngs/52iElRpEwS W9I44bB5kFJf7+i67ahGBEFXmjE2j95A2Q+A6WXAgGvNo4E+sOPVo X-Gm-Gg: ASbGnctNC2HhJmA7nBMbVDhLcRAIUfraz3IX1cS0eUq+QhTKCz8je+zEh9fGnS3Ntp1 6875MXYR56GzZRL7BmDxCipCeqa++roSBhwCcgJIEPqH3lhM7uyU8AFHhu7MBSNmmGwRVtxfj6t PeWiynNxNX7mf7nBfp4iFpSFZOogixmtIRzMJg3J6KSktfu4FDD2/8L99DpKC01c4JfbV+49MOn Y5po87/5yiDSswK4nrkHZA7iWxxEhUYzlr+GgmenCZ4vjVCWtvVllr3TTix01qQx3B4bdk2f6kK UwLZjBuvDfhDoAcQjyKVOZyaxHvBPh0otOov X-Google-Smtp-Source: AGHT+IGW8DmcE/D0MipkAt9V+WQOB1TLrmwfkSDBL36TGCDAV/n2mH99KymnGITqhx9/BGX9Q+LukNKlCHqn X-Received: by 2002:a05:6a20:6a28:b0:201:4061:bd94 with SMTP id adf61e73a8af0-2170ccaf4e4mr31918030637.19.1747900111884; Thu, 22 May 2025 00:48:31 -0700 (PDT) Received: from postal.iol.unh.edu (postal.iol.unh.edu. [2606:4100:3880:1234::84]) by smtp-relay.gmail.com with ESMTPS id 41be03b00d2f7-b26eb08440esm385562a12.20.2025.05.22.00.48.31 (version=TLS1_2 cipher=ECDHE-ECDSA-AES128-GCM-SHA256 bits=128/128); Thu, 22 May 2025 00:48:31 -0700 (PDT) X-Relaying-Domain: iol.unh.edu Date: Thu, 22 May 2025 00:48:31 -0700 (PDT) Message-ID: <682ed6cf.650a0220.b989.3027SMTPIN_ADDED_MISSING@mx.google.com> Received: from [172.21.0.5] (unknown [172.18.0.240]) by postal.iol.unh.edu (Postfix) with ESMTP id 7DF976052471; Thu, 22 May 2025 03:48:30 -0400 (EDT) Subject: |FAILURE| [GIT MASTER] 4401486b5e30d43a134f80f9802f60b5f43e74a8 From: dpdklab@iol.unh.edu To: Test Report Cc: dpdk-test-reports@iol.unh.edu, Xueming Li , Christian Ehrhardt , Kevin Traynor , Luca Boccassi Content-Type: text/plain X-BeenThere: test-report@dpdk.org X-Mailman-Version: 2.1.29 Precedence: list List-Id: automatic DPDK test reports List-Unsubscribe: , List-Archive: List-Post: List-Help: List-Subscribe: , Errors-To: test-report-bounces@dpdk.org _Testing issues_ Branch: tags/v22.11 4401486b5e30d43a134f80f9802f60b5f43e74a8 --> testing issues Upstream job id: Generic-Unit-Test-DPDK#339829 Test environment and result as below: +---------------------+----------------+ | Environment | dpdk_unit_test | +=====================+================+ | CentOS Stream 10 | FAIL | +---------------------+----------------+ | Fedora 40 | FAIL | +---------------------+----------------+ | Fedora 41 | FAIL | +---------------------+----------------+ | Debian 12 | PEND | +---------------------+----------------+ | CentOS Stream 9 | FAIL | +---------------------+----------------+ | Fedora 40 (Clang) | FAIL | +---------------------+----------------+ | RHEL9 | PEND | +---------------------+----------------+ | RHEL8 | FAIL | +---------------------+----------------+ | Ubuntu 22.04 | FAIL | +---------------------+----------------+ | Ubuntu 20.04 | PASS | +---------------------+----------------+ | Ubuntu 24.04 | FAIL | +---------------------+----------------+ | Fedora 41 (Clang) | PEND | +---------------------+----------------+ | Windows Server 2022 | FAIL | +---------------------+----------------+ ==== Unit test summary for Windows Server 2022 (dpdk_unit_test): ==== Failed to get the unit test results. Displaying the unit test results is not supported for some environments, such as our aarch32 testing, where meson is not used to run the tests. Download the logs available on our CI site. ==== End log output ==== CentOS Stream 10 Kernel: Depends on container host Compiler: gcc 14.2.1 20241104 (Red Hat 14.2.1-6) Fedora 40 Kernel: Depends on container host Compiler: gcc 14.2.1 20240912 (Red Hat 14.2.1-3) Fedora 41 Kernel: Depends on container host Compiler: gcc 14.2.1 20240912 (Red Hat 14.2.1-3) Debian 12 Kernel: Depends on container host Compiler: gcc (Debian 12.2.0-14) 12.2.0 CentOS Stream 9 Kernel: Depends on container host Compiler: gcc 11.5.0 20240719 (Red Hat 11.5.0-2) Fedora 40 (Clang) Kernel: Depends on container host Compiler: clang 18.1.8 (Fedora 18.1.8-1.fc40) RHEL9 Kernel: Depends on container host Compiler: gcc 11.5.0 20240719 (Red Hat 11.5.0-2) RHEL8 Kernel: Depends on container host Compiler: gcc 8.5.0 20210514 (Red Hat 8.5.0-22) Ubuntu 22.04 Kernel: Depends on container host Compiler: gcc (Ubuntu 11.4.0-1ubuntu1~22.04) 11.4.0 Ubuntu 20.04 Kernel: Depends on container host Compiler: gcc (Ubuntu 9.4.0-1ubuntu1~20.04.2) 9.4.0 Ubuntu 24.04 Kernel: Depends on container host Compiler: gcc (Ubuntu 13.3.0-6ubuntu2~24.04) 13.3.0 Fedora 41 (Clang) Kernel: Depends on container host Compiler: clang 19.1.5 (Fedora 19.1.5-1.fc41) Windows Server 2022 Kernel: 10.0.20348.2031 Compiler: clang 15.0.7, gcc 14.1.0 (MinGW), and MSVC VS 19.39.33521 To view detailed results, visit: https://lab.dpdk.org/results/dashboard/tarballs/33612/ UNH-IOL DPDK Community Lab To manage your email subscriptions, visit: https://lab.dpdk.org/results/dashboard/preferences/subscriptions/