From mboxrd@z Thu Jan 1 00:00:00 1970 Return-Path: Received: from mails.dpdk.org (mails.dpdk.org [217.70.189.124]) by inbox.dpdk.org (Postfix) with ESMTP id CEAB946737 for ; Thu, 22 May 2025 09:49:35 +0200 (CEST) Received: from mails.dpdk.org (localhost [127.0.0.1]) by mails.dpdk.org (Postfix) with ESMTP id CB289402D1; Thu, 22 May 2025 09:49:35 +0200 (CEST) Received: from mail-yb1-f225.google.com (mail-yb1-f225.google.com [209.85.219.225]) by mails.dpdk.org (Postfix) with ESMTP id BEF2F40144 for ; Thu, 22 May 2025 09:49:34 +0200 (CEST) Received: by mail-yb1-f225.google.com with SMTP id 3f1490d57ef6-e7311e66a8eso6823394276.2 for ; Thu, 22 May 2025 00:49:34 -0700 (PDT) DKIM-Signature: v=1; a=rsa-sha256; c=relaxed/relaxed; d=iol.unh.edu; s=unh-iol; t=1747900174; x=1748504974; darn=dpdk.org; h=cc:to:from:subject:message-id:date:from:to:cc:subject:date :message-id:reply-to; bh=m1A66Xp/EjqjNEQYpZx+twvOLbC/jDC24II4OGf0JB0=; b=LSu3PxMeTHOom/BhjaLQ+OEp4K5pO9Sf4as8c3gECiavtVgxCNWTR+CS6hn2hmOaZw 8blViuXrigKjxodjn3mvRs/AMeMB+tS8au+UxcxJgxrZ0r89hiAohlWD2IbaZinbW0LU 1PqwgtGH5E82nt8tfxBdcGcEDWYu80yyPz7H0= X-Google-DKIM-Signature: v=1; a=rsa-sha256; c=relaxed/relaxed; d=1e100.net; s=20230601; t=1747900174; x=1748504974; h=cc:to:from:subject:message-id:date:x-gm-message-state:from:to:cc :subject:date:message-id:reply-to; bh=m1A66Xp/EjqjNEQYpZx+twvOLbC/jDC24II4OGf0JB0=; b=I9breVrPRzKtCprQYoAzlmUiBO4n+Ib1oh0weODia9xo86cwo8/Q4zMfvS9J1HUMH1 n4O03VOhKumHZlZioi/tmoL9Pw26LocXdU8NQogKYaIsVIViDc13hbBwLPXknD8SZ+Jd 0Yt1yPDCdtyF8Zb69tUHSjVtzzDYNzzLoq5Mtqbg6DiuB3wQpILOIkSwOcIiNcl+1AIJ NbIAfg7owOxgnml9BGDSc3bbaP6cBoojWmj0LebetIygEywodxIt95G17MsVHpWMbhL8 x5hRqYmTMKGAxTNZGi2jA7PFab509KQX5IbgO4fAykX97O0Vcb+GMeJuNq7JwmfFy9oY SbSw== X-Gm-Message-State: AOJu0Yz9OWLR9IBQLa75erXzjOpjvGfa4zh674CwReuCVkg2JOOLakl4 82GOH4Sc2SOzzanNvZGr2h81FyQeFmfHZPhQa2cayfcGSJUcdG+ud44MCHy1PaMMLGROFVuSTM9 NDoyNC2PbeHpa0afvYddpvUBJ7GkRXQclX2Ld X-Gm-Gg: ASbGnctPBukDwNKGBMG73z3AgYRqMwvkt56egsHZ+OMYmjW5aSgsBZpYOSZ49qQ+Cy9 Eyr/+ieAAB1WjxfgUV09xQu9GAFu+mGyG12P8rQPJKNn4FpCRYiJHqKjnWcpatXVVJjeI1MOThc NCGSWf4Qx4Ge8B9SsNWJZ8IKDkVupI4qku4215uNOfYGNU14iBP6dUOKbjHsxgNBFocQ/Fivaar UclXPHvnsOevTMx0Q3FmOz7KTVw+mvLmQhsfgW5tSK7Vm51jOD6Rt8/FvUWbe+4eZ7aDC/KkubI 3P+zgooR0CqsG664ox+s+O7rM36PpoeYBPsD6yKz1Rr2IWbJmu30VUO8HUk= X-Google-Smtp-Source: AGHT+IFiIZtKFyWsjeSjPU9Uw0DWqVMBeGhhH4/2NvWSivZqz7Iiy+oxBiq71xAtbXVsUdZUiNT8SeHVIBob X-Received: by 2002:a05:6902:72c:b0:e7d:65bd:3df6 with SMTP id 3f1490d57ef6-e7d65bd3ee9mr5323036276.22.1747900174095; Thu, 22 May 2025 00:49:34 -0700 (PDT) Received: from postal.iol.unh.edu (postal.iol.unh.edu. [132.177.123.84]) by smtp-relay.gmail.com with ESMTPS id 3f1490d57ef6-e7b6ae08978sm681239276.22.2025.05.22.00.49.34 (version=TLS1_2 cipher=ECDHE-ECDSA-AES128-GCM-SHA256 bits=128/128); Thu, 22 May 2025 00:49:34 -0700 (PDT) X-Relaying-Domain: iol.unh.edu Date: Thu, 22 May 2025 00:49:34 -0700 (PDT) Message-ID: <682ed70e.250a0220.8a8a3.51d5SMTPIN_ADDED_MISSING@mx.google.com> Received: from [172.21.0.6] (unknown [172.18.0.240]) by postal.iol.unh.edu (Postfix) with ESMTP id B28ED6052471; Thu, 22 May 2025 03:49:33 -0400 (EDT) Subject: |FAILURE| [GIT MASTER] 4401486b5e30d43a134f80f9802f60b5f43e74a8 From: dpdklab@iol.unh.edu To: Test Report Cc: dpdk-test-reports@iol.unh.edu, Xueming Li , Christian Ehrhardt , Kevin Traynor , Luca Boccassi Content-Type: text/plain X-BeenThere: test-report@dpdk.org X-Mailman-Version: 2.1.29 Precedence: list List-Id: automatic DPDK test reports List-Unsubscribe: , List-Archive: List-Post: List-Help: List-Subscribe: , Errors-To: test-report-bounces@dpdk.org _Testing issues_ Branch: tags/v22.11 4401486b5e30d43a134f80f9802f60b5f43e74a8 --> testing issues Upstream job id: Generic-Unit-Test-DPDK#339824 Test environment and result as below: +---------------------+----------------+ | Environment | dpdk_unit_test | +=====================+================+ | CentOS Stream 10 | FAIL | +---------------------+----------------+ | Fedora 40 | FAIL | +---------------------+----------------+ | Fedora 41 | FAIL | +---------------------+----------------+ | Debian 12 | FAIL | +---------------------+----------------+ | CentOS Stream 9 | FAIL | +---------------------+----------------+ | Fedora 40 (Clang) | FAIL | +---------------------+----------------+ | RHEL9 | PEND | +---------------------+----------------+ | RHEL8 | FAIL | +---------------------+----------------+ | Ubuntu 22.04 | FAIL | +---------------------+----------------+ | Ubuntu 20.04 | PASS | +---------------------+----------------+ | Ubuntu 24.04 | FAIL | +---------------------+----------------+ | Fedora 41 (Clang) | PEND | +---------------------+----------------+ | Windows Server 2022 | FAIL | +---------------------+----------------+ ==== Unit test summary for Windows Server 2022 (dpdk_unit_test): ==== Failed to get the unit test results. Displaying the unit test results is not supported for some environments, such as our aarch32 testing, where meson is not used to run the tests. Download the logs available on our CI site. ==== End log output ==== CentOS Stream 10 Kernel: Depends on container host Compiler: gcc 14.2.1 20241104 (Red Hat 14.2.1-6) Fedora 40 Kernel: Depends on container host Compiler: gcc 14.2.1 20240912 (Red Hat 14.2.1-3) Fedora 41 Kernel: Depends on container host Compiler: gcc 14.2.1 20240912 (Red Hat 14.2.1-3) Debian 12 Kernel: Depends on container host Compiler: gcc (Debian 12.2.0-14) 12.2.0 CentOS Stream 9 Kernel: Depends on container host Compiler: gcc 11.5.0 20240719 (Red Hat 11.5.0-2) Fedora 40 (Clang) Kernel: Depends on container host Compiler: clang 18.1.8 (Fedora 18.1.8-1.fc40) RHEL9 Kernel: Depends on container host Compiler: gcc 11.5.0 20240719 (Red Hat 11.5.0-2) RHEL8 Kernel: Depends on container host Compiler: gcc 8.5.0 20210514 (Red Hat 8.5.0-22) Ubuntu 22.04 Kernel: Depends on container host Compiler: gcc (Ubuntu 11.4.0-1ubuntu1~22.04) 11.4.0 Ubuntu 20.04 Kernel: Depends on container host Compiler: gcc (Ubuntu 9.4.0-1ubuntu1~20.04.2) 9.4.0 Ubuntu 24.04 Kernel: Depends on container host Compiler: gcc (Ubuntu 13.3.0-6ubuntu2~24.04) 13.3.0 Fedora 41 (Clang) Kernel: Depends on container host Compiler: clang 19.1.5 (Fedora 19.1.5-1.fc41) Windows Server 2022 Kernel: 10.0.20348.2031 Compiler: clang 15.0.7, gcc 14.1.0 (MinGW), and MSVC VS 19.39.33521 To view detailed results, visit: https://lab.dpdk.org/results/dashboard/tarballs/33612/ UNH-IOL DPDK Community Lab To manage your email subscriptions, visit: https://lab.dpdk.org/results/dashboard/preferences/subscriptions/