From mboxrd@z Thu Jan 1 00:00:00 1970 Return-Path: Received: from mails.dpdk.org (mails.dpdk.org [217.70.189.124]) by inbox.dpdk.org (Postfix) with ESMTP id EE1CA4676C for ; Thu, 22 May 2025 10:00:34 +0200 (CEST) Received: from mails.dpdk.org (localhost [127.0.0.1]) by mails.dpdk.org (Postfix) with ESMTP id E8E43402B9; Thu, 22 May 2025 10:00:34 +0200 (CEST) Received: from mail-oa1-f98.google.com (mail-oa1-f98.google.com [209.85.160.98]) by mails.dpdk.org (Postfix) with ESMTP id 8B9D140144 for ; Thu, 22 May 2025 10:00:33 +0200 (CEST) Received: by mail-oa1-f98.google.com with SMTP id 586e51a60fabf-2d4f8c42f49so3425595fac.1 for ; Thu, 22 May 2025 01:00:33 -0700 (PDT) DKIM-Signature: v=1; a=rsa-sha256; c=relaxed/relaxed; d=iol.unh.edu; s=unh-iol; t=1747900832; x=1748505632; darn=dpdk.org; h=cc:to:from:subject:message-id:date:from:to:cc:subject:date :message-id:reply-to; bh=crVsqk647izvThsqv/URErSxOeNxSUVz3cz/2m6sKko=; b=if4OgzunvgyQHQ6670nE35HlIgMKcnGNZZuO3ff2Q/aKG526u9Z2LEuIKyssByL0Je XeQLWPx0xZ1HWtbhqpJUh1NwWjdU6s3w/z6tfAb0UoJ/KK5pW5EHB7TpvPt5J6oRrIA2 qZt3AjgTq2gUe4Z0AIAdOJUgpYxgeU6nFpWCc= X-Google-DKIM-Signature: v=1; a=rsa-sha256; c=relaxed/relaxed; d=1e100.net; s=20230601; t=1747900832; x=1748505632; h=cc:to:from:subject:message-id:date:x-gm-message-state:from:to:cc :subject:date:message-id:reply-to; bh=crVsqk647izvThsqv/URErSxOeNxSUVz3cz/2m6sKko=; b=blTfSY4umeDGeTeIuoqDgw1fqdF3nlGUjNRoK0/0B0cM4zXWaVrsomhtquhlBvX4eh IaBfju+fh96peB+jjlxw1vT47b0CIj3OYNlRSsVoIJF/SDSxoxEywY7gTGHFZlsR2yjs cTo6N4IWuYmpXv0FJKa9YTCJLnOB64AbXJJ0RQaDuplFdvSwMbvw+5pG4rRDznf1jS5h MNejY+2MDRyDQEfEZBnR0jFKCFDWlV/4tVcZrlLctKUtbqwJIOrf+w0SBKVyoj9lbISr 9aXbBTqKmVrbiGWmQxPftiQztcGHXPU7ouhkcd8Jh0hwzgHnKolKk5TzAkOlcyoBoIGZ vPpA== X-Gm-Message-State: AOJu0YyGcs9/UOqTuLOi7lEllVx1MZukLERcWnQkbit+Wo6p5ThTh3Lx PzHMcSZ1CVNlzHdz+YyXMbrelq4nepXqDr1eSY65GpZqFxFamAy48jCwqtn96r22uFgJNX1bkT9 /fxCpUINpi+rFQksjoVyVka4xKnuPW5BRojOUpWmRPWluM2xPT1xV X-Gm-Gg: ASbGncvD1TwyVP3pbFRogNdQD5F7xnraKY2p7WcmV0MBSCc1x3vB91lTLUxoKhmSPGS m5MVx3pc1O2DM74E4QQ9XC1q8f+XBfAXsJhyoE10E4H5rFuxZcPXRqgu9Lmu7uJf+3or/F5QQpD VMg68IJAtNBe0Nue2+X1342lkN890oALhyIaJPrmkjHFr9N77G/2uRwZxxt5OujWBoPPq7wlTKh ircavf3iJKO3rSTtete8DxzKxVWI6UutRSc2M2WIhYdzu4khJ1LbnyRv3X3Oks7BOFKMR41hsVQ wHn7MN1PjRJf+dd09ByxrsYxq/Dbml3j+TEx X-Google-Smtp-Source: AGHT+IG/tUB6ZkC52E9tlQp4kmw3TIlNiOpwlnyMxT+a7yDL97F1yrOqdYQCTXC31XYQfSgincmTui+gE+7g X-Received: by 2002:a05:6871:a105:b0:2d4:dc79:b92 with SMTP id 586e51a60fabf-2e3c28013camr14182706fac.6.1747900832576; Thu, 22 May 2025 01:00:32 -0700 (PDT) Received: from postal.iol.unh.edu (postal.iol.unh.edu. [2606:4100:3880:1234::84]) by smtp-relay.gmail.com with ESMTPS id 586e51a60fabf-2e3c0605601sm689055fac.3.2025.05.22.01.00.32 (version=TLS1_2 cipher=ECDHE-ECDSA-AES128-GCM-SHA256 bits=128/128); Thu, 22 May 2025 01:00:32 -0700 (PDT) X-Relaying-Domain: iol.unh.edu Date: Thu, 22 May 2025 01:00:32 -0700 (PDT) Message-ID: <682ed9a0.050a0220.39b79a.3359SMTPIN_ADDED_MISSING@mx.google.com> Received: from [172.21.0.5] (unknown [172.18.0.240]) by postal.iol.unh.edu (Postfix) with ESMTP id 143EB6052471; Thu, 22 May 2025 04:00:32 -0400 (EDT) Subject: |FAILURE| [GIT MASTER] 4401486b5e30d43a134f80f9802f60b5f43e74a8 From: dpdklab@iol.unh.edu To: Test Report Cc: dpdk-test-reports@iol.unh.edu, Xueming Li , Christian Ehrhardt , Kevin Traynor , Luca Boccassi Content-Type: text/plain X-BeenThere: test-report@dpdk.org X-Mailman-Version: 2.1.29 Precedence: list List-Id: automatic DPDK test reports List-Unsubscribe: , List-Archive: List-Post: List-Help: List-Subscribe: , Errors-To: test-report-bounces@dpdk.org _Testing issues_ Branch: tags/v22.11 4401486b5e30d43a134f80f9802f60b5f43e74a8 --> testing issues Upstream job id: Generic-Unit-Test-DPDK#339828 Test environment and result as below: +---------------------+----------------+ | Environment | dpdk_unit_test | +=====================+================+ | CentOS Stream 10 | FAIL | +---------------------+----------------+ | Fedora 40 | FAIL | +---------------------+----------------+ | Fedora 41 | FAIL | +---------------------+----------------+ | Debian 12 | FAIL | +---------------------+----------------+ | CentOS Stream 9 | FAIL | +---------------------+----------------+ | Fedora 40 (Clang) | FAIL | +---------------------+----------------+ | RHEL9 | PEND | +---------------------+----------------+ | RHEL8 | FAIL | +---------------------+----------------+ | Ubuntu 22.04 | FAIL | +---------------------+----------------+ | Ubuntu 20.04 | PASS | +---------------------+----------------+ | Ubuntu 24.04 | FAIL | +---------------------+----------------+ | Fedora 41 (Clang) | FAIL | +---------------------+----------------+ | Windows Server 2022 | FAIL | +---------------------+----------------+ ==== Unit test summary for Windows Server 2022 (dpdk_unit_test): ==== Failed to get the unit test results. Displaying the unit test results is not supported for some environments, such as our aarch32 testing, where meson is not used to run the tests. Download the logs available on our CI site. ==== End log output ==== CentOS Stream 10 Kernel: Depends on container host Compiler: gcc 14.2.1 20241104 (Red Hat 14.2.1-6) Fedora 40 Kernel: Depends on container host Compiler: gcc 14.2.1 20240912 (Red Hat 14.2.1-3) Fedora 41 Kernel: Depends on container host Compiler: gcc 14.2.1 20240912 (Red Hat 14.2.1-3) Debian 12 Kernel: Depends on container host Compiler: gcc (Debian 12.2.0-14) 12.2.0 CentOS Stream 9 Kernel: Depends on container host Compiler: gcc 11.5.0 20240719 (Red Hat 11.5.0-2) Fedora 40 (Clang) Kernel: Depends on container host Compiler: clang 18.1.8 (Fedora 18.1.8-1.fc40) RHEL9 Kernel: Depends on container host Compiler: gcc 11.5.0 20240719 (Red Hat 11.5.0-2) RHEL8 Kernel: Depends on container host Compiler: gcc 8.5.0 20210514 (Red Hat 8.5.0-22) Ubuntu 22.04 Kernel: Depends on container host Compiler: gcc (Ubuntu 11.4.0-1ubuntu1~22.04) 11.4.0 Ubuntu 20.04 Kernel: Depends on container host Compiler: gcc (Ubuntu 9.4.0-1ubuntu1~20.04.2) 9.4.0 Ubuntu 24.04 Kernel: Depends on container host Compiler: gcc (Ubuntu 13.3.0-6ubuntu2~24.04) 13.3.0 Fedora 41 (Clang) Kernel: Depends on container host Compiler: clang 19.1.5 (Fedora 19.1.5-1.fc41) Windows Server 2022 Kernel: 10.0.20348.2031 Compiler: clang 15.0.7, gcc 14.1.0 (MinGW), and MSVC VS 19.39.33521 To view detailed results, visit: https://lab.dpdk.org/results/dashboard/tarballs/33612/ UNH-IOL DPDK Community Lab To manage your email subscriptions, visit: https://lab.dpdk.org/results/dashboard/preferences/subscriptions/