From mboxrd@z Thu Jan 1 00:00:00 1970 Return-Path: Received: from mails.dpdk.org (mails.dpdk.org [217.70.189.124]) by inbox.dpdk.org (Postfix) with ESMTP id 4B955467B6 for ; Thu, 22 May 2025 10:03:06 +0200 (CEST) Received: from mails.dpdk.org (localhost [127.0.0.1]) by mails.dpdk.org (Postfix) with ESMTP id 302BC402B9; Thu, 22 May 2025 10:03:06 +0200 (CEST) Received: from mail-il1-f226.google.com (mail-il1-f226.google.com [209.85.166.226]) by mails.dpdk.org (Postfix) with ESMTP id 0977040144 for ; Thu, 22 May 2025 10:03:04 +0200 (CEST) Received: by mail-il1-f226.google.com with SMTP id e9e14a558f8ab-3da73df6b6bso24068175ab.3 for ; Thu, 22 May 2025 01:03:04 -0700 (PDT) DKIM-Signature: v=1; a=rsa-sha256; c=relaxed/relaxed; d=iol.unh.edu; s=unh-iol; t=1747900984; x=1748505784; darn=dpdk.org; h=cc:to:from:subject:message-id:date:from:to:cc:subject:date :message-id:reply-to; bh=FoEncRSeZuUTQb/6jyTbKEeoWDsO6/e5EtiGDrAQWu4=; b=SSn/Eu3r7p8z86EuIAdGE0afetgNBjAGR/xX/aRouepMuNDJQQXkzx3duQ4kewYSIg cRkXCD/z175432rT7zaHtRQz2fc7Gcecurq8b8yW79jsaSH4KEPrkCBiW73LugZfFxjY jAi3edMy0zYV4ZiH/RY3PwgcI1WCpVybyWD/o= X-Google-DKIM-Signature: v=1; a=rsa-sha256; c=relaxed/relaxed; d=1e100.net; s=20230601; t=1747900984; x=1748505784; h=cc:to:from:subject:message-id:date:x-gm-message-state:from:to:cc :subject:date:message-id:reply-to; bh=FoEncRSeZuUTQb/6jyTbKEeoWDsO6/e5EtiGDrAQWu4=; b=PooaBqmFRNW+R/qnJ3S92n/NQKzUYekQqyTHZELJnuT6sRRcxSRxRjkL7eZMbrJUcD 2s/bH0xUTUqhHnPswEI619Z9TVR0lg+uSgoGdNLAHG2ZgzX9S9KDXl1ZJ5BOGjy/Xn3s giLOsC6w8YAd1GBd+zjPLbImNzZK0mR8sma/19+rZjG5lRhZERt2mZr6rOetMmRb7wOp Gs4Gh0m9QwwxvJ6u4La3q8fj413JNotoxMRKe2DGGd6uQtcLK4zllDL0qEBRquESVPQJ EohLBAPvayiIa4BSydaXbJ6/DgP48eIc+/VrtyyFoa4STg4jcIqB6HDr3pesX58jQhfh q9tA== X-Gm-Message-State: AOJu0YyRk2ulYFFtjhYm2jXblDtasJJW+F47K1qq0bn1zEE6OfxhY1y4 qy9M0EHwSjt0QUvikfeo74lTYrMFBqO8LybRKOitLfbsYfpMnjjuu8+XRw3NvmZ4DpYZKihHgX3 HN4CjTtiu1MRMbmzdyWFrIv07OEF/0Qy/P1ks X-Gm-Gg: ASbGncs5HxHl4M0fgKMRKJ/r4159bHM2ckOAFOq1KIb+TCK15psAoab4w3YTThwsRIK TQa4o+vqyzbAKhNcIGBV83xLaM+7mrmmMfQpCQoK9Us8Hw1jzCDrkM3rGUP5t1poNSYK2iso+kA ZNhPXVAtood1c6omL+tsg1LbjienQPqsodafZ4HnA212XBQH2Xp2BipyPkYjH34PGT25fL/spaS aij3uRXAlhOBAhwveiGLdbzlE0vAts+kE/+M813RzVEQk2Pnd19KJiof+IcnMYBDoIZlSBSCnlr ZWob7H3RPYOwFN/2TrhX71GvenKYFLXIrIZSObtwoqvK3cNvJrR5e8eMxPA= X-Google-Smtp-Source: AGHT+IE/mgcIIV8JJ69w1xKqoboWHMRE4itOIRPPnYSQ0BDOiU6zRcxEZxP1OHMxiSzMyc+dk/I4/5F1p3MZ X-Received: by 2002:a05:6e02:188a:b0:3dc:8bb8:28ba with SMTP id e9e14a558f8ab-3dc8bb82b6amr22756445ab.1.1747900984197; Thu, 22 May 2025 01:03:04 -0700 (PDT) Received: from postal.iol.unh.edu (postal.iol.unh.edu. [132.177.123.84]) by smtp-relay.gmail.com with ESMTPS id 8926c6da1cb9f-4fbcc3ae235sm623477173.26.2025.05.22.01.03.04 (version=TLS1_2 cipher=ECDHE-ECDSA-AES128-GCM-SHA256 bits=128/128); Thu, 22 May 2025 01:03:04 -0700 (PDT) X-Relaying-Domain: iol.unh.edu Date: Thu, 22 May 2025 01:03:04 -0700 (PDT) Message-ID: <682eda38.050a0220.112502.14ffSMTPIN_ADDED_MISSING@mx.google.com> Received: from [172.21.0.5] (unknown [172.18.0.240]) by postal.iol.unh.edu (Postfix) with ESMTP id A59E96052471; Thu, 22 May 2025 04:03:03 -0400 (EDT) Subject: |FAILURE| [GIT MASTER] 4401486b5e30d43a134f80f9802f60b5f43e74a8 From: dpdklab@iol.unh.edu To: Test Report Cc: dpdk-test-reports@iol.unh.edu, Xueming Li , Christian Ehrhardt , Kevin Traynor , Luca Boccassi Content-Type: text/plain X-BeenThere: test-report@dpdk.org X-Mailman-Version: 2.1.29 Precedence: list List-Id: automatic DPDK test reports List-Unsubscribe: , List-Archive: List-Post: List-Help: List-Subscribe: , Errors-To: test-report-bounces@dpdk.org _Testing issues_ Branch: tags/v22.11 4401486b5e30d43a134f80f9802f60b5f43e74a8 --> testing issues Upstream job id: Generic-Unit-Test-DPDK#339831 Test environment and result as below: +---------------------+----------------+ | Environment | dpdk_unit_test | +=====================+================+ | CentOS Stream 10 | FAIL | +---------------------+----------------+ | Fedora 40 | FAIL | +---------------------+----------------+ | Fedora 41 | FAIL | +---------------------+----------------+ | Debian 12 | FAIL | +---------------------+----------------+ | CentOS Stream 9 | FAIL | +---------------------+----------------+ | Fedora 40 (Clang) | FAIL | +---------------------+----------------+ | RHEL9 | PEND | +---------------------+----------------+ | RHEL8 | FAIL | +---------------------+----------------+ | Ubuntu 22.04 | FAIL | +---------------------+----------------+ | Ubuntu 20.04 | PASS | +---------------------+----------------+ | Ubuntu 24.04 | FAIL | +---------------------+----------------+ | Fedora 41 (Clang) | FAIL | +---------------------+----------------+ | Windows Server 2022 | FAIL | +---------------------+----------------+ ==== Unit test summary for Windows Server 2022 (dpdk_unit_test): ==== Failed to get the unit test results. Displaying the unit test results is not supported for some environments, such as our aarch32 testing, where meson is not used to run the tests. Download the logs available on our CI site. ==== End log output ==== CentOS Stream 10 Kernel: Depends on container host Compiler: gcc 14.2.1 20241104 (Red Hat 14.2.1-6) Fedora 40 Kernel: Depends on container host Compiler: gcc 14.2.1 20240912 (Red Hat 14.2.1-3) Fedora 41 Kernel: Depends on container host Compiler: gcc 14.2.1 20240912 (Red Hat 14.2.1-3) Debian 12 Kernel: Depends on container host Compiler: gcc (Debian 12.2.0-14) 12.2.0 CentOS Stream 9 Kernel: Depends on container host Compiler: gcc 11.5.0 20240719 (Red Hat 11.5.0-2) Fedora 40 (Clang) Kernel: Depends on container host Compiler: clang 18.1.8 (Fedora 18.1.8-1.fc40) RHEL9 Kernel: Depends on container host Compiler: gcc 11.5.0 20240719 (Red Hat 11.5.0-2) RHEL8 Kernel: Depends on container host Compiler: gcc 8.5.0 20210514 (Red Hat 8.5.0-22) Ubuntu 22.04 Kernel: Depends on container host Compiler: gcc (Ubuntu 11.4.0-1ubuntu1~22.04) 11.4.0 Ubuntu 20.04 Kernel: Depends on container host Compiler: gcc (Ubuntu 9.4.0-1ubuntu1~20.04.2) 9.4.0 Ubuntu 24.04 Kernel: Depends on container host Compiler: gcc (Ubuntu 13.3.0-6ubuntu2~24.04) 13.3.0 Fedora 41 (Clang) Kernel: Depends on container host Compiler: clang 19.1.5 (Fedora 19.1.5-1.fc41) Windows Server 2022 Kernel: 10.0.20348.2031 Compiler: clang 15.0.7, gcc 14.1.0 (MinGW), and MSVC VS 19.39.33521 To view detailed results, visit: https://lab.dpdk.org/results/dashboard/tarballs/33612/ UNH-IOL DPDK Community Lab To manage your email subscriptions, visit: https://lab.dpdk.org/results/dashboard/preferences/subscriptions/