From mboxrd@z Thu Jan 1 00:00:00 1970 Return-Path: Received: from mails.dpdk.org (mails.dpdk.org [217.70.189.124]) by inbox.dpdk.org (Postfix) with ESMTP id C8BDD467B6 for ; Thu, 22 May 2025 10:08:13 +0200 (CEST) Received: from mails.dpdk.org (localhost [127.0.0.1]) by mails.dpdk.org (Postfix) with ESMTP id C4876402B9; Thu, 22 May 2025 10:08:13 +0200 (CEST) Received: from mail-io1-f97.google.com (mail-io1-f97.google.com [209.85.166.97]) by mails.dpdk.org (Postfix) with ESMTP id 98AF640144 for ; Thu, 22 May 2025 10:08:11 +0200 (CEST) Received: by mail-io1-f97.google.com with SMTP id ca18e2360f4ac-8616987c261so303755839f.3 for ; Thu, 22 May 2025 01:08:11 -0700 (PDT) DKIM-Signature: v=1; a=rsa-sha256; c=relaxed/relaxed; d=iol.unh.edu; s=unh-iol; t=1747901291; x=1748506091; darn=dpdk.org; h=cc:to:from:subject:message-id:date:from:to:cc:subject:date :message-id:reply-to; bh=XM2qVH2pIMGf+BfBtcv890BPA6HpfcYOtkudSTeu/UA=; b=hF56nNMt6nJy81X3K8lbxdpUFSWpTJmdsD1JE425XZcZWnzkCHrCqTljcGTsFPR+xJ 6GsADFrtvOx4Qx/jpR2lFG+d8faPVt4ZgHCSksLee+IJvu4yuhDDjgVt4drt0qZ2bj36 /ptjtu1btPrceVXdqxtEMgSB/PsDSZFDZqICY= X-Google-DKIM-Signature: v=1; a=rsa-sha256; c=relaxed/relaxed; d=1e100.net; s=20230601; t=1747901291; x=1748506091; h=cc:to:from:subject:message-id:date:x-gm-message-state:from:to:cc :subject:date:message-id:reply-to; bh=XM2qVH2pIMGf+BfBtcv890BPA6HpfcYOtkudSTeu/UA=; b=ZqF6ggQ8UR+LcIIVDYnMBMUwaWgB+kYpphvpb+ic1cP/EiQ8QIMFgsSHNwzmvHpZWH 8VVYXZGBtV8bUL47mutW2nvaFg54BjyDtrJbULrDNA8bqZpG4Jble0+LpThdIJi1qrYS 8+wNMNXGs0TzTisFXZQBMXNSyz/W12NHCmnAOgy9TiyJA5ga8NvN84mBts6t0ucyJ3LE CaQ88MPA7FmRkOF+TIA9Pni4AmVuGmO3L1Xz9mEsBnTByTAOsicUBmG4FPCaR+yKohcq A9CnbTFKKRmgfo0ZXHp5IqsTaHhupIi7lv08Jo++rA/PpNqnkoXubES9M8deJQIpbdAf z5Kw== X-Gm-Message-State: AOJu0YwCvTOAnb8BuC6oMWS2PFTwfMy01dh7rzYwg6XPwuLrHZJ2iQg+ UZscZfrFWsxIQcV0wksPX66q6+hwXzgSqunn/hRfc1KP/ffEGXPgJUZsgng2qgqWxWpwFiASIv7 1Z0cMAgA4Sks5RZU7JV+zVLDJwfSiwLQCaiu2SFt3G6D5WVAh+rUW X-Gm-Gg: ASbGnct1LxeyMAWwfj5IBHmkwkc4mpgKZeoMRbTJiBDCeKWCIVzYJMhacl921uxbg1O saHZ8w3TZYHQR6HS2u6ri6otfWhuujB7BqIlgQ0pw4UZs8azCXuKnB3RY8g1x40rT+zH80Wxsfo ONOQht7AzOJbJMXZAEN0ziv9dZoqmDiMqoMBnzs21S2QvrXyVmwLOwhgPl6nyv2Gen+WKPeTHi8 iXc9G1/ZSlDyAk9o8vOQbe6lsEaz/HGlZ1MELU0QafL8pCDASxxIEE03JDWr8Zbidg06tG6kId+ 1hMbLNmSeZkO051Rncj2tuPdBbjfTzNs0dJC X-Google-Smtp-Source: AGHT+IFu3uBRgkrGcv4Qdkk8f4UfqDnTPT1ZfgnNdpb7IF+5UcJ2OaGeGKFiLPMvIYuKTWo2WSle/kKp2+5N X-Received: by 2002:a05:6602:3791:b0:861:d71f:33e3 with SMTP id ca18e2360f4ac-86a23199f69mr3280251739f.5.1747901290913; Thu, 22 May 2025 01:08:10 -0700 (PDT) Received: from postal.iol.unh.edu (postal.iol.unh.edu. [2606:4100:3880:1234::84]) by smtp-relay.gmail.com with ESMTPS id 8926c6da1cb9f-4fbcc3ad6efsm592722173.20.2025.05.22.01.08.10 (version=TLS1_2 cipher=ECDHE-ECDSA-AES128-GCM-SHA256 bits=128/128); Thu, 22 May 2025 01:08:10 -0700 (PDT) X-Relaying-Domain: iol.unh.edu Date: Thu, 22 May 2025 01:08:10 -0700 (PDT) Message-ID: <682edb6a.050a0220.2e0a04.ee47SMTPIN_ADDED_MISSING@mx.google.com> Received: from [172.21.0.6] (unknown [172.18.0.240]) by postal.iol.unh.edu (Postfix) with ESMTP id 844636052471; Thu, 22 May 2025 04:08:10 -0400 (EDT) Subject: |FAILURE| [GIT MASTER] 4401486b5e30d43a134f80f9802f60b5f43e74a8 From: dpdklab@iol.unh.edu To: Test Report Cc: dpdk-test-reports@iol.unh.edu, Xueming Li , Christian Ehrhardt , Kevin Traynor , Luca Boccassi Content-Type: text/plain X-BeenThere: test-report@dpdk.org X-Mailman-Version: 2.1.29 Precedence: list List-Id: automatic DPDK test reports List-Unsubscribe: , List-Archive: List-Post: List-Help: List-Subscribe: , Errors-To: test-report-bounces@dpdk.org _Testing issues_ Branch: tags/v22.11 4401486b5e30d43a134f80f9802f60b5f43e74a8 --> testing issues Upstream job id: Generic-Unit-Test-DPDK#339830 Test environment and result as below: +---------------------+----------------+ | Environment | dpdk_unit_test | +=====================+================+ | CentOS Stream 10 | FAIL | +---------------------+----------------+ | Fedora 40 | FAIL | +---------------------+----------------+ | Fedora 41 | FAIL | +---------------------+----------------+ | Debian 12 | FAIL | +---------------------+----------------+ | CentOS Stream 9 | FAIL | +---------------------+----------------+ | Fedora 40 (Clang) | FAIL | +---------------------+----------------+ | RHEL9 | FAIL | +---------------------+----------------+ | RHEL8 | FAIL | +---------------------+----------------+ | Ubuntu 22.04 | FAIL | +---------------------+----------------+ | Ubuntu 20.04 | PASS | +---------------------+----------------+ | Ubuntu 24.04 | FAIL | +---------------------+----------------+ | Fedora 41 (Clang) | FAIL | +---------------------+----------------+ | Windows Server 2022 | FAIL | +---------------------+----------------+ ==== Unit test summary for Windows Server 2022 (dpdk_unit_test): ==== Failed to get the unit test results. Displaying the unit test results is not supported for some environments, such as our aarch32 testing, where meson is not used to run the tests. Download the logs available on our CI site. ==== End log output ==== CentOS Stream 10 Kernel: Depends on container host Compiler: gcc 14.2.1 20241104 (Red Hat 14.2.1-6) Fedora 40 Kernel: Depends on container host Compiler: gcc 14.2.1 20240912 (Red Hat 14.2.1-3) Fedora 41 Kernel: Depends on container host Compiler: gcc 14.2.1 20240912 (Red Hat 14.2.1-3) Debian 12 Kernel: Depends on container host Compiler: gcc (Debian 12.2.0-14) 12.2.0 CentOS Stream 9 Kernel: Depends on container host Compiler: gcc 11.5.0 20240719 (Red Hat 11.5.0-2) Fedora 40 (Clang) Kernel: Depends on container host Compiler: clang 18.1.8 (Fedora 18.1.8-1.fc40) RHEL9 Kernel: Depends on container host Compiler: gcc 11.5.0 20240719 (Red Hat 11.5.0-2) RHEL8 Kernel: Depends on container host Compiler: gcc 8.5.0 20210514 (Red Hat 8.5.0-22) Ubuntu 22.04 Kernel: Depends on container host Compiler: gcc (Ubuntu 11.4.0-1ubuntu1~22.04) 11.4.0 Ubuntu 20.04 Kernel: Depends on container host Compiler: gcc (Ubuntu 9.4.0-1ubuntu1~20.04.2) 9.4.0 Ubuntu 24.04 Kernel: Depends on container host Compiler: gcc (Ubuntu 13.3.0-6ubuntu2~24.04) 13.3.0 Fedora 41 (Clang) Kernel: Depends on container host Compiler: clang 19.1.5 (Fedora 19.1.5-1.fc41) Windows Server 2022 Kernel: 10.0.20348.2031 Compiler: clang 15.0.7, gcc 14.1.0 (MinGW), and MSVC VS 19.39.33521 To view detailed results, visit: https://lab.dpdk.org/results/dashboard/tarballs/33612/ UNH-IOL DPDK Community Lab To manage your email subscriptions, visit: https://lab.dpdk.org/results/dashboard/preferences/subscriptions/