From mboxrd@z Thu Jan 1 00:00:00 1970 Return-Path: Received: from mails.dpdk.org (mails.dpdk.org [217.70.189.124]) by inbox.dpdk.org (Postfix) with ESMTP id 51E91467B6 for ; Thu, 22 May 2025 11:09:05 +0200 (CEST) Received: from mails.dpdk.org (localhost [127.0.0.1]) by mails.dpdk.org (Postfix) with ESMTP id 4C67A402CA; Thu, 22 May 2025 11:09:05 +0200 (CEST) Received: from mail-pg1-f227.google.com (mail-pg1-f227.google.com [209.85.215.227]) by mails.dpdk.org (Postfix) with ESMTP id 00E2A402C2 for ; Thu, 22 May 2025 11:09:03 +0200 (CEST) Received: by mail-pg1-f227.google.com with SMTP id 41be03b00d2f7-b271f3ae786so2632602a12.3 for ; Thu, 22 May 2025 02:09:03 -0700 (PDT) DKIM-Signature: v=1; a=rsa-sha256; c=relaxed/relaxed; d=iol.unh.edu; s=unh-iol; t=1747904943; x=1748509743; darn=dpdk.org; h=cc:to:from:subject:message-id:date:from:to:cc:subject:date :message-id:reply-to; bh=Sn0uZ0N4KDdnCfu/6AlNNA2NpyLsfDcNksCjkX0iSWU=; b=NUEQ3vj532+5wqf2367rsngroD3d/PQwJOUybv3kjMDK6QjlNsxUGeEBQGe09n1SzT JEQzcRToGDvEumQf5EnNH+kTwSSSHIqtIGp2s+XtMxAOkYMxBqlifqm7rkQD1TEoQZIq 9yubkDZLSaXi/yQ7stP4Wna/B8lTce/WPdmFY= X-Google-DKIM-Signature: v=1; a=rsa-sha256; c=relaxed/relaxed; d=1e100.net; s=20230601; t=1747904943; x=1748509743; h=cc:to:from:subject:message-id:date:x-gm-message-state:from:to:cc :subject:date:message-id:reply-to; bh=Sn0uZ0N4KDdnCfu/6AlNNA2NpyLsfDcNksCjkX0iSWU=; b=WAziCOxITqe574wtynXON/X7DABMN2RhnRnJtd+o900iHwoiVm5+vuSpBa5TLeyggJ WjoTtakMlKrqOFUFABXlgaeWMoiLH/fWzXlKRk/OOnpUQzZPeY/m0lt5stn0uX+plKpy emD9fdHS8FSNt6zdx3kLt7/SUyS0MXyBc0PYJZoM+d11Klv7Fzb5n3gkHBg1dqwu+DKy 4i5zyD/6NfKMt9Mb/UoHQfxa9l1+TIC9A86tO2qKByhqKwGPlM9I6wVPtHnivxjz87aG qRFh6xNUCDPAELFFeIrwIblrzDIvOlfzkdkrbsEIJxBXQXmvrBVFhhCVME713ZH4marY fS7w== X-Gm-Message-State: AOJu0YxEYEHsPhoUC7mcHQimJHAXwZMxzwkYnybwUOwasH6NPMF9WIzc f5hYXtyUM/W9pM1J5JA8+bfjf+ajIC2+kHuGPdcdtL+YbIV57P/L9E+R5UmSj4mGtsFCFCcBysk XvIZAaz+byK73migreIPm1QxvqORc+haxeQNW X-Gm-Gg: ASbGncs4cZT+oYBsEx/WP0DUnbrMbwI5LyzCZa5hfc+xtbj6p+i+odtJGN2sszjMRMI crv2pX/Ela/GS1rov08xNvN3HCB1LtbElW7L78ECLU7AOuJnBd1h+wi37XmS30VyGndb1nyn4sE XUBA9cwbEc1wVopBX6e2hKKqT4S5P3fZ9TON8Zl97O5K7hnBum89pvcrgpQTUWoZNHbC0H9YToy zYOhYWI9ln+ZbDV9A5wIIwDDNXQEukIaj0O6JL2GBhBOvMzRO7wNfeFAC3MR09ceHjwwgSB1X8i fCsDlaG0KCnOL42cyhzfHOyZOWTSjKr1PLOuECp5F7CVwYtaicOaeihKrzI= X-Google-Smtp-Source: AGHT+IFfziKqKrh3P06K1sJbjOWljV/3o9GaSYoTYae0U4jS1XtbirilEXJ75IQJHfg6qEWnyiTDbYt/V6gP X-Received: by 2002:a17:902:f791:b0:223:501c:7576 with SMTP id d9443c01a7336-231d439b01dmr373401045ad.12.1747904943239; Thu, 22 May 2025 02:09:03 -0700 (PDT) Received: from postal.iol.unh.edu (postal.iol.unh.edu. [132.177.123.84]) by smtp-relay.gmail.com with ESMTPS id d9443c01a7336-231d4ebb0c7sm7077345ad.114.2025.05.22.02.09.03 (version=TLS1_2 cipher=ECDHE-ECDSA-AES128-GCM-SHA256 bits=128/128); Thu, 22 May 2025 02:09:03 -0700 (PDT) X-Relaying-Domain: iol.unh.edu Date: Thu, 22 May 2025 02:09:03 -0700 (PDT) Message-ID: <682ee9af.170a0220.1b61c7.5ad9SMTPIN_ADDED_MISSING@mx.google.com> Received: from [172.21.0.5] (unknown [172.18.0.240]) by postal.iol.unh.edu (Postfix) with ESMTP id 712CD6052471; Thu, 22 May 2025 05:09:02 -0400 (EDT) Subject: |FAILURE| [GIT MASTER] 83a7a648344674c0269fcaeb71d8d16468421a0e From: dpdklab@iol.unh.edu To: Test Report Cc: dpdk-test-reports@iol.unh.edu, Xueming Li , Christian Ehrhardt , Kevin Traynor , Luca Boccassi Content-Type: text/plain X-BeenThere: test-report@dpdk.org X-Mailman-Version: 2.1.29 Precedence: list List-Id: automatic DPDK test reports List-Unsubscribe: , List-Archive: List-Post: List-Help: List-Subscribe: , Errors-To: test-report-bounces@dpdk.org _Testing issues_ Branch: tags/v23.11 83a7a648344674c0269fcaeb71d8d16468421a0e --> testing issues Upstream job id: Generic-Unit-Test-DPDK#339861 Test environment and result as below: +---------------------+----------------+ | Environment | dpdk_unit_test | +=====================+================+ | CentOS Stream 9 | PASS | +---------------------+----------------+ | CentOS Stream 10 | PASS | +---------------------+----------------+ | Fedora 40 | PASS | +---------------------+----------------+ | Fedora 40 (Clang) | PASS | +---------------------+----------------+ | Fedora 41 | PASS | +---------------------+----------------+ | Debian 12 | PASS | +---------------------+----------------+ | Fedora 41 (Clang) | PASS | +---------------------+----------------+ | RHEL8 | PASS | +---------------------+----------------+ | RHEL9 | PASS | +---------------------+----------------+ | Ubuntu 24.04 | PASS | +---------------------+----------------+ | Ubuntu 20.04 | PASS | +---------------------+----------------+ | Ubuntu 22.04 | PASS | +---------------------+----------------+ | Windows Server 2022 | FAIL | +---------------------+----------------+ ==== Unit test summary for Windows Server 2022 (dpdk_unit_test): ==== Failed to get the unit test results. Displaying the unit test results is not supported for some environments, such as our aarch32 testing, where meson is not used to run the tests. Download the logs available on our CI site. ==== End log output ==== CentOS Stream 9 Kernel: Depends on container host Compiler: gcc 11.5.0 20240719 (Red Hat 11.5.0-2) CentOS Stream 10 Kernel: Depends on container host Compiler: gcc 14.2.1 20241104 (Red Hat 14.2.1-6) Fedora 40 Kernel: Depends on container host Compiler: gcc 14.2.1 20240912 (Red Hat 14.2.1-3) Fedora 40 (Clang) Kernel: Depends on container host Compiler: clang 18.1.8 (Fedora 18.1.8-1.fc40) Fedora 41 Kernel: Depends on container host Compiler: gcc 14.2.1 20240912 (Red Hat 14.2.1-3) Debian 12 Kernel: Depends on container host Compiler: gcc (Debian 12.2.0-14) 12.2.0 Fedora 41 (Clang) Kernel: Depends on container host Compiler: clang 19.1.5 (Fedora 19.1.5-1.fc41) RHEL8 Kernel: Depends on container host Compiler: gcc 8.5.0 20210514 (Red Hat 8.5.0-22) RHEL9 Kernel: Depends on container host Compiler: gcc 11.5.0 20240719 (Red Hat 11.5.0-2) Ubuntu 24.04 Kernel: Depends on container host Compiler: gcc (Ubuntu 13.3.0-6ubuntu2~24.04) 13.3.0 Ubuntu 20.04 Kernel: Depends on container host Compiler: gcc (Ubuntu 9.4.0-1ubuntu1~20.04.2) 9.4.0 Ubuntu 22.04 Kernel: Depends on container host Compiler: gcc (Ubuntu 11.4.0-1ubuntu1~22.04) 11.4.0 Windows Server 2022 Kernel: 10.0.20348.2031 Compiler: clang 15.0.7, gcc 14.1.0 (MinGW), and MSVC VS 19.39.33521 To view detailed results, visit: https://lab.dpdk.org/results/dashboard/tarballs/33613/ UNH-IOL DPDK Community Lab To manage your email subscriptions, visit: https://lab.dpdk.org/results/dashboard/preferences/subscriptions/