From mboxrd@z Thu Jan 1 00:00:00 1970 Return-Path: Received: from mails.dpdk.org (mails.dpdk.org [217.70.189.124]) by inbox.dpdk.org (Postfix) with ESMTP id 82B0E467B7 for ; Thu, 22 May 2025 12:19:00 +0200 (CEST) Received: from mails.dpdk.org (localhost [127.0.0.1]) by mails.dpdk.org (Postfix) with ESMTP id 5BDA4402D1; Thu, 22 May 2025 12:19:00 +0200 (CEST) Received: from mail-il1-f225.google.com (mail-il1-f225.google.com [209.85.166.225]) by mails.dpdk.org (Postfix) with ESMTP id D9784402CA for ; Thu, 22 May 2025 12:18:58 +0200 (CEST) Received: by mail-il1-f225.google.com with SMTP id e9e14a558f8ab-3dc6945e109so38278235ab.2 for ; Thu, 22 May 2025 03:18:58 -0700 (PDT) DKIM-Signature: v=1; a=rsa-sha256; c=relaxed/relaxed; d=iol.unh.edu; s=unh-iol; t=1747909138; x=1748513938; darn=dpdk.org; h=cc:to:from:subject:message-id:date:from:to:cc:subject:date :message-id:reply-to; bh=Y7tgSFg1z8SNIpmEZ1ceowf/EeZSo2OVY4ngzRdkUEY=; b=EEvDfJmg2tgbdCdX9Q5sAKxxv9o80fWi7O29CMca2Uloto4g985khYjgArnTCCuwYu YJlpn4+w52Ks9v4Ff2pnAN5FzvjFcayjJT05Y+mkeITTt9Z2W1j1GOO5wEs198fOtGEe 8Qek3gS1P6rrbqGVtiV9qJ/D2Z6upOOm6z6gY= X-Google-DKIM-Signature: v=1; a=rsa-sha256; c=relaxed/relaxed; d=1e100.net; s=20230601; t=1747909138; x=1748513938; h=cc:to:from:subject:message-id:date:x-gm-message-state:from:to:cc :subject:date:message-id:reply-to; bh=Y7tgSFg1z8SNIpmEZ1ceowf/EeZSo2OVY4ngzRdkUEY=; b=PnvlmrrPodeMTVusN4SEUzG8L6SnHKKE92+mP9iCobFLLDH8jR8eEeLAhsQcrvKYmF mYidPoP4JpTY31u2qY2zj+yzsAogfdQLMMof35GEUqVVg0yV5UkcL1dzON8ZDB9ejdSV 4OKLw0+Q1Z+SkilD56I+2+gKOL6zf4mY7X2L5SrUQE3n+7UtBD+eeg4LZLUhJbvQ0r+O COP2aUdePapPLBUADW36kujQ13utm9FYavAZZQ+qXN+tqI4oJlWZZzpFdL5zNBtP8H50 Q+MDzA2pB33P2Ik0puB0p3jr23GZBMZYJrcNo3NMKpgigchLd1hmoF5d2pNAHMMc6UHc rxWA== X-Gm-Message-State: AOJu0Yz+345TsiUGXDnLtQWZpHxvQOWHvBQGiYDYxUj4jip86lbr6i6Q I41JArLX9Y3mhUEZsLHlDj/VZoI/Hcr7IRN1dFvhyqm8HNZtxk2SzT2U0Fnbg7mhRA8qvpBUnqC 6ZPwgOtpghGkpJCg5xo8rtShZx8847qU3TM7zBzqZVyDybx6NZmNY X-Gm-Gg: ASbGncuPLeekaTOmpRdfWgUvucpt+9TRwz6hoieLcJH70KwkMBHVbJFEaPiflXEPH90 tZsGNWq0djuwG4IYywCI4kd+Ohk5E08GuuHf+dfc4IZQVx2nodoywOHAF18pZ4ZS06/uqD9KQ6g 3C7EgFPwGInOfbtt+I6tLUm28zqdIi1DTJDEueVjyqA+y0CDbcq4hEOdolugCbaMnkIYBrWI5k8 G1NkApg4rzFU7Myv3cpGit8Qjm6YK668DwRpsSo9S/DQRFQKebtVzrqQ7UVXWIu77cc/SYGe66s 29MFgY1uhy/CDzP2072FnqJ6ZK4TaNe0GfkV X-Google-Smtp-Source: AGHT+IGcDPWNGe4ADJVVe2WF/WSDEQJsN2M9N2ES5nKTq+IheJg5NKB3gG/GKxqNRwNns4RazgfY+Yz5qsj6 X-Received: by 2002:a05:6e02:1a4e:b0:3dc:87b5:2ca6 with SMTP id e9e14a558f8ab-3dc87b52e16mr57076475ab.7.1747909138049; Thu, 22 May 2025 03:18:58 -0700 (PDT) Received: from postal.iol.unh.edu (postal.iol.unh.edu. [2606:4100:3880:1234::84]) by smtp-relay.gmail.com with ESMTPS id e9e14a558f8ab-3dc760ec0eesm3590035ab.46.2025.05.22.03.18.57 (version=TLS1_2 cipher=ECDHE-ECDSA-AES128-GCM-SHA256 bits=128/128); Thu, 22 May 2025 03:18:58 -0700 (PDT) X-Relaying-Domain: iol.unh.edu Date: Thu, 22 May 2025 03:18:58 -0700 (PDT) Message-ID: <682efa12.050a0220.18e2d6.6ed1SMTPIN_ADDED_MISSING@mx.google.com> Received: from [172.17.0.4] (unknown [172.18.0.74]) by postal.iol.unh.edu (Postfix) with ESMTP id 8186F6052471; Thu, 22 May 2025 06:18:57 -0400 (EDT) Subject: |FAILURE| [GIT MASTER] 83a7a648344674c0269fcaeb71d8d16468421a0e From: dpdklab@iol.unh.edu To: Test Report Cc: dpdk-test-reports@iol.unh.edu, Xueming Li , Christian Ehrhardt , Kevin Traynor , Luca Boccassi Content-Type: text/plain X-BeenThere: test-report@dpdk.org X-Mailman-Version: 2.1.29 Precedence: list List-Id: automatic DPDK test reports List-Unsubscribe: , List-Archive: List-Post: List-Help: List-Subscribe: , Errors-To: test-report-bounces@dpdk.org _Testing issues_ Branch: tags/v23.11 83a7a648344674c0269fcaeb71d8d16468421a0e --> testing issues Upstream job id: Generic-VM-Unit-Test-DPDK#28684 Test environment and result as below: +---------------------+----------------+ | Environment | dpdk_unit_test | +=====================+================+ | CentOS Stream 9 | PASS | +---------------------+----------------+ | CentOS Stream 10 | PASS | +---------------------+----------------+ | Fedora 40 | PASS | +---------------------+----------------+ | Fedora 40 (Clang) | PASS | +---------------------+----------------+ | Fedora 41 | PASS | +---------------------+----------------+ | Debian 12 | PASS | +---------------------+----------------+ | Fedora 41 (Clang) | PASS | +---------------------+----------------+ | RHEL8 | PASS | +---------------------+----------------+ | RHEL9 | PASS | +---------------------+----------------+ | Ubuntu 24.04 | PASS | +---------------------+----------------+ | Ubuntu 20.04 | PASS | +---------------------+----------------+ | Ubuntu 22.04 | PASS | +---------------------+----------------+ | Windows Server 2022 | FAIL | +---------------------+----------------+ ==== Unit test summary for Windows Server 2022 (dpdk_unit_test): ==== Failed to get the unit test results. Displaying the unit test results is not supported for some environments, such as our aarch32 testing, where meson is not used to run the tests. Download the logs available on our CI site. ==== End log output ==== CentOS Stream 9 Kernel: Depends on container host Compiler: gcc 11.5.0 20240719 (Red Hat 11.5.0-2) CentOS Stream 10 Kernel: Depends on container host Compiler: gcc 14.2.1 20241104 (Red Hat 14.2.1-6) Fedora 40 Kernel: Depends on container host Compiler: gcc 14.2.1 20240912 (Red Hat 14.2.1-3) Fedora 40 (Clang) Kernel: Depends on container host Compiler: clang 18.1.8 (Fedora 18.1.8-1.fc40) Fedora 41 Kernel: Depends on container host Compiler: gcc 14.2.1 20240912 (Red Hat 14.2.1-3) Debian 12 Kernel: Depends on container host Compiler: gcc (Debian 12.2.0-14) 12.2.0 Fedora 41 (Clang) Kernel: Depends on container host Compiler: clang 19.1.5 (Fedora 19.1.5-1.fc41) RHEL8 Kernel: Depends on container host Compiler: gcc 8.5.0 20210514 (Red Hat 8.5.0-22) RHEL9 Kernel: Depends on container host Compiler: gcc 11.5.0 20240719 (Red Hat 11.5.0-2) Ubuntu 24.04 Kernel: Depends on container host Compiler: gcc (Ubuntu 13.3.0-6ubuntu2~24.04) 13.3.0 Ubuntu 20.04 Kernel: Depends on container host Compiler: gcc (Ubuntu 9.4.0-1ubuntu1~20.04.2) 9.4.0 Ubuntu 22.04 Kernel: Depends on container host Compiler: gcc (Ubuntu 11.4.0-1ubuntu1~22.04) 11.4.0 Windows Server 2022 Kernel: 10.0.20348.2031 Compiler: clang 15.0.7, gcc 14.1.0 (MinGW), and MSVC VS 19.39.33521 To view detailed results, visit: https://lab.dpdk.org/results/dashboard/tarballs/33613/ UNH-IOL DPDK Community Lab To manage your email subscriptions, visit: https://lab.dpdk.org/results/dashboard/preferences/subscriptions/