automatic DPDK test reports
 help / color / mirror / Atom feed
From: dpdklab@iol.unh.edu
To: Test Report <test-report@dpdk.org>
Cc: dpdk-test-reports@iol.unh.edu,
	Stephen Hemminger <stephen@networkplumber.org>
Subject: |FAILURE| [GIT MASTER] a0ad790eb9fcef4b00366ae474132bee4bcdab75
Date: Thu, 22 May 2025 03:30:06 -0700 (PDT)	[thread overview]
Message-ID: <682efcae.170a0220.a323a.be75SMTPIN_ADDED_MISSING@mx.google.com> (raw)

_Testing issues_

Branch: dpdk-next-net

a0ad790eb9fcef4b00366ae474132bee4bcdab75 --> testing issues

Upstream job id: Windows-Compile-DPDK-VS#5791

Test environment and result as below:

+-----------------------------------+--------------------+-------------------+------------------+-------------------+
|            Environment            | dpdk_meson_compile | dpdk_compile_spdk | dpdk_compile_ovs | dpdk_msvc_compile |
+===================================+====================+===================+==================+===================+
| CentOS Stream 9                   | PASS               | PASS              | SKIPPED          | SKIPPED           |
+-----------------------------------+--------------------+-------------------+------------------+-------------------+
| CentOS Stream 10                  | PASS               | SKIPPED           | SKIPPED          | SKIPPED           |
+-----------------------------------+--------------------+-------------------+------------------+-------------------+
| Debian 12                         | PASS               | PASS              | SKIPPED          | SKIPPED           |
+-----------------------------------+--------------------+-------------------+------------------+-------------------+
| Fedora 40 (Clang)                 | PASS               | WARN              | SKIPPED          | SKIPPED           |
+-----------------------------------+--------------------+-------------------+------------------+-------------------+
| Fedora 40                         | PASS               | PASS              | SKIPPED          | SKIPPED           |
+-----------------------------------+--------------------+-------------------+------------------+-------------------+
| Fedora 41 (Clang)                 | PASS               | WARN              | PASS             | SKIPPED           |
+-----------------------------------+--------------------+-------------------+------------------+-------------------+
| openSUSE Leap 15                  | PASS               | SKIPPED           | SKIPPED          | SKIPPED           |
+-----------------------------------+--------------------+-------------------+------------------+-------------------+
| RHEL8                             | PASS               | SKIPPED           | SKIPPED          | SKIPPED           |
+-----------------------------------+--------------------+-------------------+------------------+-------------------+
| RHEL9                             | PASS               | SKIPPED           | SKIPPED          | SKIPPED           |
+-----------------------------------+--------------------+-------------------+------------------+-------------------+
| Ubuntu 20.04                      | PASS               | SKIPPED           | SKIPPED          | SKIPPED           |
+-----------------------------------+--------------------+-------------------+------------------+-------------------+
| Ubuntu 22.04                      | PASS               | PASS              | SKIPPED          | SKIPPED           |
+-----------------------------------+--------------------+-------------------+------------------+-------------------+
| Ubuntu 24.04                      | PASS               | PASS              | PASS             | SKIPPED           |
+-----------------------------------+--------------------+-------------------+------------------+-------------------+
| Alpine                            | PASS               | SKIPPED           | SKIPPED          | SKIPPED           |
+-----------------------------------+--------------------+-------------------+------------------+-------------------+
| Ubuntu 24.04 32 Bit Cross Compile | FAIL               | SKIPPED           | SKIPPED          | SKIPPED           |
+-----------------------------------+--------------------+-------------------+------------------+-------------------+
| FreeBSD 14.2                      | PASS               | SKIPPED           | SKIPPED          | SKIPPED           |
+-----------------------------------+--------------------+-------------------+------------------+-------------------+
| Windows Server 2022               | SKIPPED            | SKIPPED           | SKIPPED          | PASS              |
+-----------------------------------+--------------------+-------------------+------------------+-------------------+

==== 20 line log output for Ubuntu 24.04 32 Bit Cross Compile (dpdk_meson_compile): ====
[1163/2674] Linking static target drivers/librte_net_dpaa2.a
[1164/2674] Generating rte_net_dpaa2_map with a custom command
[1165/2674] Generating rte_net_dpaa2.sym_chk with a custom command (wrapped by meson to capture output)
[1166/2674] Compiling C object drivers/librte_net_dpaa2.so.25.2.p/meson-generated_.._rte_net_dpaa2.pmd.c.o
[1167/2674] Linking target drivers/librte_net_dpaa2.so.25.2
[1168/2674] Generating symbol file drivers/librte_net_dpaa2.so.25.2.p/librte_net_dpaa2.so.25.2.symbols
[1169/2674] Compiling C object drivers/libtmp_rte_net_ena.a.p/net_ena_ena_ethdev.c.o
FAILED: drivers/libtmp_rte_net_ena.a.p/net_ena_ena_ethdev.c.o
cc -Idrivers/libtmp_rte_net_ena.a.p -Idrivers -I../drivers -Idrivers/net/ena -I../drivers/net/ena -I../drivers/net/ena/base -I../drivers/net/ena/base/ena_defs -Ilib/ethdev -I../lib/ethdev -Ilib/eal/common -I../lib/eal/common -I. -I.. -Iconfig -I../config -Ilib/eal/include -I../lib/eal/include -Ilib/eal/linux/include -I../lib/eal/linux/include -Ilib/eal/x86/include -I../lib/eal/x86/include -I../kernel/linux -Ilib/eal -I../lib/eal -Ilib/kvargs -I../lib/kvargs -Ilib/log -I../lib/log -Ilib/metrics -I../lib/metrics -Ilib/telemetry -I../lib/telemetry -Ilib/net -I../lib/net -Ilib/mbuf -I../lib/mbuf -Ilib/mempool -I../lib/mempool -Ilib/ring -I../lib/ring -Ilib/meter -I../lib/meter -Idrivers/bus/pci -I../drivers/bus/pci -I../drivers/bus/pci/linux -Ilib/pci -I../lib/pci -Idrivers/bus/vdev -I../drivers/bus/vdev -Ilib/timer -I../lib/timer -fdiagnostics-color=always -pipe -D_FILE_OFFSET_BITS=64 -Wall -Winvalid-pch -Wextra -Werror -std=c11 -O3 -include rte_config.h -Wvla -Wcast-qual -Wdeprecated -
 Wformat -Wformat-nonliteral -Wformat-security -Wmissing-declarations -Wmissing-prototypes -Wnested-externs -Wold-style-definition -Wpointer-arith -Wsign-compare -Wstrict-prototypes -Wundef -Wwrite-strings -Wno-packed-not-aligned -Wno-missing-field-initializers -Wno-pointer-to-int-cast -D_GNU_SOURCE -m32 -fPIC -march=native -mrtm -DALLOW_EXPERIMENTAL_API -DALLOW_INTERNAL_API -Wno-format-truncation -Wno-address-of-packed-member -DRTE_LOG_DEFAULT_LOGTYPE=pmd.net.ena -MD -MQ drivers/libtmp_rte_net_ena.a.p/net_ena_ena_ethdev.c.o -MF drivers/libtmp_rte_net_ena.a.p/net_ena_ena_ethdev.c.o.d -o drivers/libtmp_rte_net_ena.a.p/net_ena_ena_ethdev.c.o -c ../drivers/net/ena/ena_ethdev.c
In file included from ../lib/eal/include/rte_string_fns.h:18,
from ../drivers/net/ena/ena_ethdev.c:7:
../drivers/net/ena/ena_ethdev.c: In function 'pci_bar_addr':
../lib/eal/include/rte_common.h:554:30: error: cast to pointer from integer of different size [-Werror=int-to-pointer-cast]
554 | #define RTE_PTR_ADD(ptr, x) ((void*)((uintptr_t)(ptr) + (x)))
|                              ^
../drivers/net/ena/ena_ethdev.c:2295:16: note: in expansion of macro 'RTE_PTR_ADD'
2295 |         return RTE_PTR_ADD(resource->addr, resource->phys_addr & PAGE_MASK);
|                ^~~~~~~~~~~
cc1: all warnings being treated as errors
ninja: build stopped: subcommand failed.
==== End log output ====

CentOS Stream 9
	Kernel: Depends on container host
	Compiler: gcc 11.5.0 20240719 (Red Hat 11.5.0-2)

CentOS Stream 10
	Kernel: Depends on container host
	Compiler: gcc 14.2.1 20241104 (Red Hat 14.2.1-6)

Debian 12
	Kernel: Depends on container host
	Compiler: gcc (Debian 12.2.0-14) 12.2.0

Fedora 40 (Clang)
	Kernel: Depends on container host
	Compiler: clang 18.1.8 (Fedora 18.1.8-1.fc40)

Fedora 40
	Kernel: Depends on container host
	Compiler: gcc 14.2.1 20240912 (Red Hat 14.2.1-3)

Fedora 41 (Clang)
	Kernel: Depends on container host
	Compiler: clang 19.1.5 (Fedora 19.1.5-1.fc41)

openSUSE Leap 15
	Kernel: Depends on container host
	Compiler: gcc (SUSE Linux) 7.5.0

RHEL8
	Kernel: Depends on container host
	Compiler: gcc 8.5.0 20210514 (Red Hat 8.5.0-22)

RHEL9
	Kernel: Depends on container host
	Compiler: gcc 11.5.0 20240719 (Red Hat 11.5.0-2)

Ubuntu 20.04
	Kernel: Depends on container host
	Compiler: gcc (Ubuntu 9.4.0-1ubuntu1~20.04.2) 9.4.0

Ubuntu 22.04
	Kernel: Depends on container host
	Compiler: gcc (Ubuntu 11.4.0-1ubuntu1~22.04) 11.4.0

Ubuntu 24.04
	Kernel: Depends on container host
	Compiler: gcc (Ubuntu 13.3.0-6ubuntu2~24.04) 13.3.0

Alpine
	Kernel: Depends on container host
	Compiler: gcc (Alpine 14.2.0) 14.2.0

Ubuntu 24.04 32 Bit Cross Compile
	Kernel: Depends on container host
	Compiler: gcc (Ubuntu 13.3.0-6ubuntu2~24.04) 13.3.0

FreeBSD 14.2
	Kernel: 14.2-RELEASE
	Compiler: clang 18.1.6

Windows Server 2022
	Kernel: 10.0.20348.2031
	Compiler: clang 15.0.7, gcc 14.1.0 (MinGW), and MSVC VS 19.39.33521

To view detailed results, visit:
https://lab.dpdk.org/results/dashboard/tarballs/33614/

UNH-IOL DPDK Community Lab

To manage your email subscriptions, visit: 
https://lab.dpdk.org/results/dashboard/preferences/subscriptions/

             reply	other threads:[~2025-05-22 10:30 UTC|newest]

Thread overview: 5+ messages / expand[flat|nested]  mbox.gz  Atom feed  top
2025-05-22 10:30 dpdklab [this message]
  -- strict thread matches above, loose matches on Subject: below --
2025-05-22 13:39 dpdklab
2025-05-22 12:11 dpdklab
2025-05-22 11:43 dpdklab
2025-05-22  9:52 dpdklab

Reply instructions:

You may reply publicly to this message via plain-text email
using any one of the following methods:

* Save the following mbox file, import it into your mail client,
  and reply-to-all from there: mbox

  Avoid top-posting and favor interleaved quoting:
  https://en.wikipedia.org/wiki/Posting_style#Interleaved_style

* Reply using the --to, --cc, and --in-reply-to
  switches of git-send-email(1):

  git send-email \
    --in-reply-to=682efcae.170a0220.a323a.be75SMTPIN_ADDED_MISSING@mx.google.com \
    --to=dpdklab@iol.unh.edu \
    --cc=dpdk-test-reports@iol.unh.edu \
    --cc=stephen@networkplumber.org \
    --cc=test-report@dpdk.org \
    /path/to/YOUR_REPLY

  https://kernel.org/pub/software/scm/git/docs/git-send-email.html

* If your mail client supports setting the In-Reply-To header
  via mailto: links, try the mailto: link
Be sure your reply has a Subject: header at the top and a blank line before the message body.
This is a public inbox, see mirroring instructions
for how to clone and mirror all data and code used for this inbox;
as well as URLs for NNTP newsgroup(s).