From mboxrd@z Thu Jan 1 00:00:00 1970 Return-Path: Received: from mails.dpdk.org (mails.dpdk.org [217.70.189.124]) by inbox.dpdk.org (Postfix) with ESMTP id 71AF3467B7 for ; Thu, 22 May 2025 13:43:24 +0200 (CEST) Received: from mails.dpdk.org (localhost [127.0.0.1]) by mails.dpdk.org (Postfix) with ESMTP id 6AD25402E0; Thu, 22 May 2025 13:43:24 +0200 (CEST) Received: from mail-pl1-f227.google.com (mail-pl1-f227.google.com [209.85.214.227]) by mails.dpdk.org (Postfix) with ESMTP id 76C85402D1 for ; Thu, 22 May 2025 13:43:23 +0200 (CEST) Received: by mail-pl1-f227.google.com with SMTP id d9443c01a7336-231fc83a33aso49325085ad.0 for ; Thu, 22 May 2025 04:43:23 -0700 (PDT) DKIM-Signature: v=1; a=rsa-sha256; c=relaxed/relaxed; d=iol.unh.edu; s=unh-iol; t=1747914202; x=1748519002; darn=dpdk.org; h=cc:to:from:subject:message-id:date:from:to:cc:subject:date :message-id:reply-to; bh=SsmIdPpOIuFPhMq/mSG4crUU0hn+veLB7LLoSgwXIoM=; b=O/CI5N4YuPCYz+YfamJ4IruV1HhLgcDSgBsdoYK5LLOgWy7Ff2L6C0KBvn8hdYUTN+ tkL2a+Soxn8jtrlb7MfhDxVJI2Zz+0uSI0VZZOkjyZ4PMWuJS+aDg+XDhotCBRZyyYy4 W8NiKEuZva8t2pj9o++S+++1ARtlBkfO0fZEc= X-Google-DKIM-Signature: v=1; a=rsa-sha256; c=relaxed/relaxed; d=1e100.net; s=20230601; t=1747914202; x=1748519002; h=cc:to:from:subject:message-id:date:x-gm-message-state:from:to:cc :subject:date:message-id:reply-to; bh=SsmIdPpOIuFPhMq/mSG4crUU0hn+veLB7LLoSgwXIoM=; b=DMd+vuLfvGFYE10HeKVi4ch4mJd7hnt0aLDO5n7420FCjXqsXVFpQ6m/eNr2dm15zx 2m0wY5LgUq+yiMmewBeicJy6S0FSxBvTMy7THsqL50q0So/mMSmvJQtlvk1hOHu8FagB gFnwazEqZFzhn/pEKAbvh5qQlJvvu9niHqD7vGU3tjEU35OfsJNtZ2jTeITEQ3ycxnlv 3dXSjggTFSIIAsrc9txuG4+GqkASiqkmny6aTBM3Bw8yu0on5/enTXP8rnyy7W/aQyfC T1GmIyzZwa3ZYokSXXM7Kd+NOmPr+6j5uUYFS1Qn12GZ1Bv/wbzjgffz28J//JnWIY3o Q52w== X-Gm-Message-State: AOJu0YymCLQXdrCcb9Z26xAUAf+RoE2bEsitf+jrLzvF2ewC/LKyg7IC U2cyT83JFbM3UL/rhn60GCnM8NSMNY0zac/y4CC7koomzBm1WKEIJ6JLb1oKAIJMTEBUYDuGYIs ap8s3ivFHT/Z3gHsFVjxrxoqUm94IH2X40F9Zu4O8APKCplUdQaQQAOErfKiG X-Gm-Gg: ASbGncvfPRV8ba4+EoiQbDEKqp4csnteZ+BMUbJ9AbeZkB5zraFBxEsUvdtSGQBGodB JuCAZqGy6/fIhC4yVP6dNiPqvl1yXhw280yPR3AY7ZD4s0OFxBebD7plUJXKsYjaiSXBMVFpKuZ X51cK+S6F84AYZ4h0JHB2pxaLsW/blnfttIFYQ/JJ+vF+0OPHysCwnyqSJ0ctTpeprj1TzhncqL pqsuXoc5dP22QLWSy21UcSBJ3QHGOfTd2xbkeZVoIQPUXgAjH/yZoiUxy1/NlkEOn5Q82qQeA8c 09WVaA1I2x015++DrRz+QNKf1ANSrvJ3hkLM X-Google-Smtp-Source: AGHT+IG1CrjmdZ8j3i4CWzkIi5laNfu6sIxM4KxMVknQysWInXpFaad55dGH29IuGHJ+NBAm6isBklfOFuDv X-Received: by 2002:a17:903:26c7:b0:231:cb38:8d0b with SMTP id d9443c01a7336-231de35f319mr271886415ad.15.1747914202091; Thu, 22 May 2025 04:43:22 -0700 (PDT) Received: from postal.iol.unh.edu (postal.iol.unh.edu. [2606:4100:3880:1234::84]) by smtp-relay.gmail.com with ESMTPS id d9443c01a7336-231d4e9814dsm7283505ad.72.2025.05.22.04.43.21 (version=TLS1_2 cipher=ECDHE-ECDSA-AES128-GCM-SHA256 bits=128/128); Thu, 22 May 2025 04:43:22 -0700 (PDT) X-Relaying-Domain: iol.unh.edu Date: Thu, 22 May 2025 04:43:22 -0700 (PDT) Message-ID: <682f0dda.170a0220.a63fc.7b3dSMTPIN_ADDED_MISSING@mx.google.com> Received: from [172.21.0.5] (unknown [172.18.0.240]) by postal.iol.unh.edu (Postfix) with ESMTP id 34EBF6052471; Thu, 22 May 2025 07:43:21 -0400 (EDT) Subject: |FAILURE| [GIT MASTER] a0ad790eb9fcef4b00366ae474132bee4bcdab75 From: dpdklab@iol.unh.edu To: Test Report Cc: dpdk-test-reports@iol.unh.edu, Stephen Hemminger Content-Type: text/plain X-BeenThere: test-report@dpdk.org X-Mailman-Version: 2.1.29 Precedence: list List-Id: automatic DPDK test reports List-Unsubscribe: , List-Archive: List-Post: List-Help: List-Subscribe: , Errors-To: test-report-bounces@dpdk.org _Testing issues_ Branch: dpdk-next-net a0ad790eb9fcef4b00366ae474132bee4bcdab75 --> testing issues Upstream job id: Windows-Compile-DPDK-Native#28559 Test environment and result as below: +-----------------------------------+--------------------+-------------------+------------------+-------------------+----------------------+ | Environment | dpdk_meson_compile | dpdk_compile_spdk | dpdk_compile_ovs | dpdk_msvc_compile | dpdk_mingw64_compile | +===================================+====================+===================+==================+===================+======================+ | CentOS Stream 9 | PASS | PASS | SKIPPED | SKIPPED | SKIPPED | +-----------------------------------+--------------------+-------------------+------------------+-------------------+----------------------+ | CentOS Stream 10 | PASS | SKIPPED | SKIPPED | SKIPPED | SKIPPED | +-----------------------------------+--------------------+-------------------+------------------+-------------------+----------------------+ | Debian 12 | PASS | PASS | SKIPPED | SKIPPED | SKIPPED | +-----------------------------------+--------------------+-------------------+------------------+-------------------+----------------------+ | Fedora 40 (Clang) | PASS | WARN | SKIPPED | SKIPPED | SKIPPED | +-----------------------------------+--------------------+-------------------+------------------+-------------------+----------------------+ | Fedora 40 | PASS | PASS | SKIPPED | SKIPPED | SKIPPED | +-----------------------------------+--------------------+-------------------+------------------+-------------------+----------------------+ | Fedora 41 (Clang) | PASS | WARN | PASS | SKIPPED | SKIPPED | +-----------------------------------+--------------------+-------------------+------------------+-------------------+----------------------+ | openSUSE Leap 15 | PASS | SKIPPED | SKIPPED | SKIPPED | SKIPPED | +-----------------------------------+--------------------+-------------------+------------------+-------------------+----------------------+ | RHEL8 | PASS | SKIPPED | SKIPPED | SKIPPED | SKIPPED | +-----------------------------------+--------------------+-------------------+------------------+-------------------+----------------------+ | RHEL9 | PASS | SKIPPED | SKIPPED | SKIPPED | SKIPPED | +-----------------------------------+--------------------+-------------------+------------------+-------------------+----------------------+ | Ubuntu 20.04 | PASS | SKIPPED | SKIPPED | SKIPPED | SKIPPED | +-----------------------------------+--------------------+-------------------+------------------+-------------------+----------------------+ | Ubuntu 22.04 | PASS | PASS | SKIPPED | SKIPPED | SKIPPED | +-----------------------------------+--------------------+-------------------+------------------+-------------------+----------------------+ | Ubuntu 24.04 | PASS | PASS | PASS | SKIPPED | SKIPPED | +-----------------------------------+--------------------+-------------------+------------------+-------------------+----------------------+ | Alpine | PASS | SKIPPED | SKIPPED | SKIPPED | SKIPPED | +-----------------------------------+--------------------+-------------------+------------------+-------------------+----------------------+ | Ubuntu 24.04 32 Bit Cross Compile | FAIL | SKIPPED | SKIPPED | SKIPPED | SKIPPED | +-----------------------------------+--------------------+-------------------+------------------+-------------------+----------------------+ | FreeBSD 14.2 | PASS | SKIPPED | SKIPPED | SKIPPED | SKIPPED | +-----------------------------------+--------------------+-------------------+------------------+-------------------+----------------------+ | Windows Server 2022 | SKIPPED | SKIPPED | SKIPPED | PASS | PASS | +-----------------------------------+--------------------+-------------------+------------------+-------------------+----------------------+ ==== 20 line log output for Ubuntu 24.04 32 Bit Cross Compile (dpdk_meson_compile): ==== [1163/2674] Linking static target drivers/librte_net_dpaa2.a [1164/2674] Generating rte_net_dpaa2_map with a custom command [1165/2674] Generating rte_net_dpaa2.sym_chk with a custom command (wrapped by meson to capture output) [1166/2674] Compiling C object drivers/librte_net_dpaa2.so.25.2.p/meson-generated_.._rte_net_dpaa2.pmd.c.o [1167/2674] Linking target drivers/librte_net_dpaa2.so.25.2 [1168/2674] Generating symbol file drivers/librte_net_dpaa2.so.25.2.p/librte_net_dpaa2.so.25.2.symbols [1169/2674] Compiling C object drivers/libtmp_rte_net_ena.a.p/net_ena_ena_ethdev.c.o FAILED: drivers/libtmp_rte_net_ena.a.p/net_ena_ena_ethdev.c.o cc -Idrivers/libtmp_rte_net_ena.a.p -Idrivers -I../drivers -Idrivers/net/ena -I../drivers/net/ena -I../drivers/net/ena/base -I../drivers/net/ena/base/ena_defs -Ilib/ethdev -I../lib/ethdev -Ilib/eal/common -I../lib/eal/common -I. -I.. -Iconfig -I../config -Ilib/eal/include -I../lib/eal/include -Ilib/eal/linux/include -I../lib/eal/linux/include -Ilib/eal/x86/include -I../lib/eal/x86/include -I../kernel/linux -Ilib/eal -I../lib/eal -Ilib/kvargs -I../lib/kvargs -Ilib/log -I../lib/log -Ilib/metrics -I../lib/metrics -Ilib/telemetry -I../lib/telemetry -Ilib/net -I../lib/net -Ilib/mbuf -I../lib/mbuf -Ilib/mempool -I../lib/mempool -Ilib/ring -I../lib/ring -Ilib/meter -I../lib/meter -Idrivers/bus/pci -I../drivers/bus/pci -I../drivers/bus/pci/linux -Ilib/pci -I../lib/pci -Idrivers/bus/vdev -I../drivers/bus/vdev -Ilib/timer -I../lib/timer -fdiagnostics-color=always -pipe -D_FILE_OFFSET_BITS=64 -Wall -Winvalid-pch -Wextra -Werror -std=c11 -O3 -include rte_config.h -Wvla -Wcast-qual -Wdeprecated - Wformat -Wformat-nonliteral -Wformat-security -Wmissing-declarations -Wmissing-prototypes -Wnested-externs -Wold-style-definition -Wpointer-arith -Wsign-compare -Wstrict-prototypes -Wundef -Wwrite-strings -Wno-packed-not-aligned -Wno-missing-field-initializers -Wno-pointer-to-int-cast -D_GNU_SOURCE -m32 -fPIC -march=native -mrtm -DALLOW_EXPERIMENTAL_API -DALLOW_INTERNAL_API -Wno-format-truncation -Wno-address-of-packed-member -DRTE_LOG_DEFAULT_LOGTYPE=pmd.net.ena -MD -MQ drivers/libtmp_rte_net_ena.a.p/net_ena_ena_ethdev.c.o -MF drivers/libtmp_rte_net_ena.a.p/net_ena_ena_ethdev.c.o.d -o drivers/libtmp_rte_net_ena.a.p/net_ena_ena_ethdev.c.o -c ../drivers/net/ena/ena_ethdev.c In file included from ../lib/eal/include/rte_string_fns.h:18, from ../drivers/net/ena/ena_ethdev.c:7: ../drivers/net/ena/ena_ethdev.c: In function 'pci_bar_addr': ../lib/eal/include/rte_common.h:554:30: error: cast to pointer from integer of different size [-Werror=int-to-pointer-cast] 554 | #define RTE_PTR_ADD(ptr, x) ((void*)((uintptr_t)(ptr) + (x))) | ^ ../drivers/net/ena/ena_ethdev.c:2295:16: note: in expansion of macro 'RTE_PTR_ADD' 2295 | return RTE_PTR_ADD(resource->addr, resource->phys_addr & PAGE_MASK); | ^~~~~~~~~~~ cc1: all warnings being treated as errors ninja: build stopped: subcommand failed. ==== End log output ==== CentOS Stream 9 Kernel: Depends on container host Compiler: gcc 11.5.0 20240719 (Red Hat 11.5.0-2) CentOS Stream 10 Kernel: Depends on container host Compiler: gcc 14.2.1 20241104 (Red Hat 14.2.1-6) Debian 12 Kernel: Depends on container host Compiler: gcc (Debian 12.2.0-14) 12.2.0 Fedora 40 (Clang) Kernel: Depends on container host Compiler: clang 18.1.8 (Fedora 18.1.8-1.fc40) Fedora 40 Kernel: Depends on container host Compiler: gcc 14.2.1 20240912 (Red Hat 14.2.1-3) Fedora 41 (Clang) Kernel: Depends on container host Compiler: clang 19.1.5 (Fedora 19.1.5-1.fc41) openSUSE Leap 15 Kernel: Depends on container host Compiler: gcc (SUSE Linux) 7.5.0 RHEL8 Kernel: Depends on container host Compiler: gcc 8.5.0 20210514 (Red Hat 8.5.0-22) RHEL9 Kernel: Depends on container host Compiler: gcc 11.5.0 20240719 (Red Hat 11.5.0-2) Ubuntu 20.04 Kernel: Depends on container host Compiler: gcc (Ubuntu 9.4.0-1ubuntu1~20.04.2) 9.4.0 Ubuntu 22.04 Kernel: Depends on container host Compiler: gcc (Ubuntu 11.4.0-1ubuntu1~22.04) 11.4.0 Ubuntu 24.04 Kernel: Depends on container host Compiler: gcc (Ubuntu 13.3.0-6ubuntu2~24.04) 13.3.0 Alpine Kernel: Depends on container host Compiler: gcc (Alpine 14.2.0) 14.2.0 Ubuntu 24.04 32 Bit Cross Compile Kernel: Depends on container host Compiler: gcc (Ubuntu 13.3.0-6ubuntu2~24.04) 13.3.0 FreeBSD 14.2 Kernel: 14.2-RELEASE Compiler: clang 18.1.6 Windows Server 2022 Kernel: 10.0.20348.2031 Compiler: clang 15.0.7, gcc 14.1.0 (MinGW), and MSVC VS 19.39.33521 To view detailed results, visit: https://lab.dpdk.org/results/dashboard/tarballs/33614/ UNH-IOL DPDK Community Lab To manage your email subscriptions, visit: https://lab.dpdk.org/results/dashboard/preferences/subscriptions/