From mboxrd@z Thu Jan 1 00:00:00 1970 Return-Path: Received: from mails.dpdk.org (mails.dpdk.org [217.70.189.124]) by inbox.dpdk.org (Postfix) with ESMTP id ED77D467B8 for ; Thu, 22 May 2025 14:11:14 +0200 (CEST) Received: from mails.dpdk.org (localhost [127.0.0.1]) by mails.dpdk.org (Postfix) with ESMTP id C716A40613; Thu, 22 May 2025 14:11:14 +0200 (CEST) Received: from mail-pl1-f225.google.com (mail-pl1-f225.google.com [209.85.214.225]) by mails.dpdk.org (Postfix) with ESMTP id 342DC402E0 for ; Thu, 22 May 2025 14:11:14 +0200 (CEST) Received: by mail-pl1-f225.google.com with SMTP id d9443c01a7336-231e8553248so53628445ad.1 for ; Thu, 22 May 2025 05:11:14 -0700 (PDT) DKIM-Signature: v=1; a=rsa-sha256; c=relaxed/relaxed; d=iol.unh.edu; s=unh-iol; t=1747915873; x=1748520673; darn=dpdk.org; h=cc:to:from:subject:message-id:date:from:to:cc:subject:date :message-id:reply-to; bh=4y5grCwrJHuhROuzUnmM0sV9Cg0RtZL9EVbiTK90KrY=; b=eEPEz1iDp268HNyd+EfuA68x6gYjkzpbq5fopkn2T+lmuPmJQCPB/d/9WLC17pO9B+ QjXXQ/1ceeMCSlW1+Pv/0t0DOst1HJp+BVfmYTXWWOAC64YTr5ujsZ08m1j+o+pbjHjq VjqoEfFya9BlAE2ucOdepkL+akT8IfnsMdrHg= X-Google-DKIM-Signature: v=1; a=rsa-sha256; c=relaxed/relaxed; d=1e100.net; s=20230601; t=1747915873; x=1748520673; h=cc:to:from:subject:message-id:date:x-gm-message-state:from:to:cc :subject:date:message-id:reply-to; bh=4y5grCwrJHuhROuzUnmM0sV9Cg0RtZL9EVbiTK90KrY=; b=ui79X3PznoJmUYGW2tZZ+IlMpcOleWI9NF3bfXw31LJoNRUw5GmQcdtNOchjTY8w7m ViKPqXMoGroICZOqFSns4jPsV7I4qG5jOAJtJjfvdk+G2S40jRDWOfjNDL4FVK69WcaG s/NBCNK1P7+68rUNpWyxtKuwPapjoJcNz57rxY5p3JZq1Mj302J1zGVz2X7QHYPt4kRm sz/v0YccZVXaSo3arX3lPJNNVSR55uhllk76RjmnWJ7Ngne/TGvyCuE7B7a2Rf3RLG3k sTMP5yGbU6pLwsWDK/41aa2v/lXUlT4igSdyFJMfJ2A57qeTRzYqHDbIiJFlZEi31DGG NC8A== X-Gm-Message-State: AOJu0YyjMIfQBVLySRJPVwrRnG/FM8d/N8xF+q1UK63j5Lp+kON8NSZD OoUO/Kaqat9k8yTMLpeUW0KTtopISocZncA3PFe56hBU1cwR7oBSzAVbg+BWyT+LxHGNiRtHQ5u OUN5wJShdmTQd/IM3c1yz9fX52amLIC1s9jOvnZ/UcdMIYCmeAovcNMg1WfIo X-Gm-Gg: ASbGnctAFV9Sak4N1Z3XZ1KUA2vsgH+zC+Sl1dbnWIFbnbz6rf1qB7nl3qrCbaot5sq T4Z9uH30AFpL98YOh89NMrhrfpjM7hmuwRKFeTJMSDVqge2Nw7ZrI+DRhIovNLWwaSsZaHxCq2E OFAD+9qUnDJFDB1lCQEJ4BNJOgOnGvAcQW4EmpdYbYZi3oY9Xonnc8Ts/7k6x4uIu+3atcFEuE2 WA8/pq2nVBsITFuAJtokt3THJtNuddJion8YGfGgQRR0UyaFd06XOdA0JBkv+NUMb8poK/mLJoh B1Z+ujfat+Y51Nh1YSbj2M+VxLaS3yX7HaVL X-Google-Smtp-Source: AGHT+IGDqXGMWjxKeKkvo+Y6HlpmydBddPbhdVk7buW3ehqi67lrYm20OjjzdPjtOj1ZwS8cgy13eVGiRxKu X-Received: by 2002:a17:902:d490:b0:231:cb69:7659 with SMTP id d9443c01a7336-231de312980mr274660375ad.20.1747915873196; Thu, 22 May 2025 05:11:13 -0700 (PDT) Received: from postal.iol.unh.edu (postal.iol.unh.edu. [2606:4100:3880:1234::84]) by smtp-relay.gmail.com with ESMTPS id d9443c01a7336-231d4abe931sm7059025ad.38.2025.05.22.05.11.13 (version=TLS1_2 cipher=ECDHE-ECDSA-AES128-GCM-SHA256 bits=128/128); Thu, 22 May 2025 05:11:13 -0700 (PDT) X-Relaying-Domain: iol.unh.edu Date: Thu, 22 May 2025 05:11:13 -0700 (PDT) Message-ID: <682f1461.170a0220.78ceb.73d5SMTPIN_ADDED_MISSING@mx.google.com> Received: from [172.21.0.6] (unknown [172.18.0.240]) by postal.iol.unh.edu (Postfix) with ESMTP id 8E3A96052471; Thu, 22 May 2025 08:11:12 -0400 (EDT) Subject: |FAILURE| [GIT MASTER] a0ad790eb9fcef4b00366ae474132bee4bcdab75 From: dpdklab@iol.unh.edu To: Test Report Cc: dpdk-test-reports@iol.unh.edu, Stephen Hemminger Content-Type: text/plain X-BeenThere: test-report@dpdk.org X-Mailman-Version: 2.1.29 Precedence: list List-Id: automatic DPDK test reports List-Unsubscribe: , List-Archive: List-Post: List-Help: List-Subscribe: , Errors-To: test-report-bounces@dpdk.org _Testing issues_ Branch: dpdk-next-net a0ad790eb9fcef4b00366ae474132bee4bcdab75 --> testing issues Upstream job id: Generic-DPDK-Compile-Meson#390408 Test environment and result as below: +----------------------------------------+--------------------+ | Environment | dpdk_meson_compile | +========================================+====================+ | RHEL9 (ARM) | PASS | +----------------------------------------+--------------------+ | Fedora 40 (ARM Clang) | PASS | +----------------------------------------+--------------------+ | Ubuntu 20.04 ARM GCC Cross Compile | PASS | +----------------------------------------+--------------------+ | Ubuntu 20.04 ARM SVE | PASS | +----------------------------------------+--------------------+ | Debian 12 with MUSDK | PASS | +----------------------------------------+--------------------+ | Fedora 41 (ARM) | PASS | +----------------------------------------+--------------------+ | Fedora 41 (ARM Clang) | PASS | +----------------------------------------+--------------------+ | Ubuntu 20.04 (ARM) | PASS | +----------------------------------------+--------------------+ | Ubuntu 22.04 (ARM) | PASS | +----------------------------------------+--------------------+ | Ubuntu 24.04 (ARM) | PASS | +----------------------------------------+--------------------+ | CentOS Stream 9 (ARM) | PASS | +----------------------------------------+--------------------+ | CentOS Stream 10 (ARM) | PASS | +----------------------------------------+--------------------+ | Debian 12 (arm) | PASS | +----------------------------------------+--------------------+ | Ubuntu 20.04 ARM Clang Cross Compile | PASS | +----------------------------------------+--------------------+ | Ubuntu 20.04 aarch32 GCC Cross Compile | FAIL | +----------------------------------------+--------------------+ | Fedora 40 (ARM) | PASS | +----------------------------------------+--------------------+ ==== 20 line log output for Ubuntu 20.04 aarch32 GCC Cross Compile (dpdk_meson_compile): ==== [1154/2647] Linking static target drivers/librte_net_dpaa2.a [1155/2647] Generating rte_net_dpaa2_map with a custom command [1156/2647] Generating rte_net_dpaa2.sym_chk with a custom command (wrapped by meson to capture output) [1157/2647] Compiling C object drivers/librte_net_dpaa2.so.25.2.p/meson-generated_.._rte_net_dpaa2.pmd.c.o [1158/2647] Linking target drivers/librte_net_dpaa2.so.25.2 [1159/2647] Generating symbol file drivers/librte_net_dpaa2.so.25.2.p/librte_net_dpaa2.so.25.2.symbols [1160/2647] Compiling C object drivers/libtmp_rte_net_ena.a.p/net_ena_ena_ethdev.c.o FAILED: drivers/libtmp_rte_net_ena.a.p/net_ena_ena_ethdev.c.o ccache arm-linux-gnueabihf-gcc -Idrivers/libtmp_rte_net_ena.a.p -Idrivers -I../drivers -Idrivers/net/ena -I../drivers/net/ena -I../drivers/net/ena/base -I../drivers/net/ena/base/ena_defs -Ilib/ethdev -I../lib/ethdev -Ilib/eal/common -I../lib/eal/common -I. -I.. -Iconfig -I../config -Ilib/eal/include -I../lib/eal/include -Ilib/eal/linux/include -I../lib/eal/linux/include -Ilib/eal/arm/include -I../lib/eal/arm/include -I../kernel/linux -Ilib/eal -I../lib/eal -Ilib/kvargs -I../lib/kvargs -Ilib/log -I../lib/log -Ilib/metrics -I../lib/metrics -Ilib/telemetry -I../lib/telemetry -Ilib/net -I../lib/net -Ilib/mbuf -I../lib/mbuf -Ilib/mempool -I../lib/mempool -Ilib/ring -I../lib/ring -Ilib/meter -I../lib/meter -Idrivers/bus/pci -I../drivers/bus/pci -I../drivers/bus/pci/linux -Ilib/pci -I../lib/pci -Idrivers/bus/vdev -I../drivers/bus/vdev -Ilib/timer -I../lib/timer -fdiagnostics-color=always -pipe -D_FILE_OFFSET_BITS=64 -Wall -Winvalid-pch -Wextra -Werror -std=c11 -O3 -include rte_config.h -Wvl a -Wcast-qual -Wdeprecated -Wformat -Wformat-nonliteral -Wformat-security -Wmissing-declarations -Wmissing-prototypes -Wnested-externs -Wold-style-definition -Wpointer-arith -Wsign-compare -Wstrict-prototypes -Wundef -Wwrite-strings -Wno-packed-not-aligned -Wno-missing-field-initializers -Wno-pointer-to-int-cast -D_GNU_SOURCE -fPIC -march=armv8-a+simd -mfpu=auto -DALLOW_EXPERIMENTAL_API -DALLOW_INTERNAL_API -Wno-format-truncation -Wno-address-of-packed-member -DRTE_LOG_DEFAULT_LOGTYPE=pmd.net.ena -MD -MQ drivers/libtmp_rte_net_ena.a.p/net_ena_ena_ethdev.c.o -MF drivers/libtmp_rte_net_ena.a.p/net_ena_ena_ethdev.c.o.d -o drivers/libtmp_rte_net_ena.a.p/net_ena_ena_ethdev.c.o -c ../drivers/net/ena/ena_ethdev.c In file included from ../lib/eal/include/rte_string_fns.h:18, from ../drivers/net/ena/ena_ethdev.c:7: ../drivers/net/ena/ena_ethdev.c: In function 'pci_bar_addr': ../lib/eal/include/rte_common.h:554:30: error: cast to pointer from integer of different size [-Werror=int-to-pointer-cast] 554 | #define RTE_PTR_ADD(ptr, x) ((void*)((uintptr_t)(ptr) + (x))) | ^ ../drivers/net/ena/ena_ethdev.c:2295:9: note: in expansion of macro 'RTE_PTR_ADD' 2295 | return RTE_PTR_ADD(resource->addr, resource->phys_addr & PAGE_MASK); | ^~~~~~~~~~~ cc1: all warnings being treated as errors ninja: build stopped: subcommand failed. ==== End log output ==== RHEL9 (ARM) Kernel: Depends on container host Compiler: gcc 11.5.0 20240719 (Red Hat 11.5.0-2) Fedora 40 (ARM Clang) Kernel: Depends on container host Compiler: clang 18.1.8 (Fedora 18.1.8-1.fc40) Ubuntu 20.04 ARM GCC Cross Compile Kernel: Depends on container host Compiler: aarch64-linux-gnu-gcc (Ubuntu 9.4.0-1ubuntu1~20.04.2) 9.4.0 Ubuntu 20.04 ARM SVE Kernel: Depends on container host Compiler: gcc (Ubuntu 10.5.0-1ubuntu1~20.04) 10.5.0 Debian 12 with MUSDK Kernel: Depends on container host Compiler: gcc (Debian 12.2.0-14) 12.2.0 Fedora 41 (ARM) Kernel: Depends on container host Compiler: gcc 14.2.1 20240912 (Red Hat 14.2.1-3) Fedora 41 (ARM Clang) Kernel: Depends on container host Compiler: clang 19.1.5 (Fedora 19.1.5-1.fc41) Ubuntu 20.04 (ARM) Kernel: Depends on container host Compiler: gcc (Ubuntu 9.4.0-1ubuntu1~20.04.2) 9.4.0 Ubuntu 22.04 (ARM) Kernel: Depends on container host Compiler: gcc (Ubuntu 11.4.0-1ubuntu1~22.04) 11.4.0 Ubuntu 24.04 (ARM) Kernel: Depends on container host Compiler: gcc (Ubuntu 13.3.0-6ubuntu2~24.04) 13.3.0 CentOS Stream 9 (ARM) Kernel: Depends on container host Compiler: gcc 11.5.0 20240719 (Red Hat 11.5.0-2) CentOS Stream 10 (ARM) Kernel: Depends on container host Compiler: gcc 14.2.1 20241104 (Red Hat 14.2.1-6) Debian 12 (arm) Kernel: Depends on container host Compiler: gcc (Debian 12.2.0-14) 12.2.0 Ubuntu 20.04 ARM Clang Cross Compile Kernel: Depends on container host Compiler: clang 10.0.0-4ubuntu1 Ubuntu 20.04 aarch32 GCC Cross Compile Kernel: Depends on container host Compiler: gcc 9.4.0 Fedora 40 (ARM) Kernel: Depends on container host Compiler: gcc 14.2.1 20240912 (Red Hat 14.2.1-3) To view detailed results, visit: https://lab.dpdk.org/results/dashboard/tarballs/33614/ UNH-IOL DPDK Community Lab To manage your email subscriptions, visit: https://lab.dpdk.org/results/dashboard/preferences/subscriptions/