From mboxrd@z Thu Jan 1 00:00:00 1970 Return-Path: Received: from mails.dpdk.org (mails.dpdk.org [217.70.189.124]) by inbox.dpdk.org (Postfix) with ESMTP id 1C8B6467B8 for ; Thu, 22 May 2025 14:32:45 +0200 (CEST) Received: from mails.dpdk.org (localhost [127.0.0.1]) by mails.dpdk.org (Postfix) with ESMTP id EEF95402E5; Thu, 22 May 2025 14:32:44 +0200 (CEST) Received: from mail-il1-f225.google.com (mail-il1-f225.google.com [209.85.166.225]) by mails.dpdk.org (Postfix) with ESMTP id 9FFC0402E0 for ; Thu, 22 May 2025 14:32:43 +0200 (CEST) Received: by mail-il1-f225.google.com with SMTP id e9e14a558f8ab-3da73e9cf17so67988365ab.2 for ; Thu, 22 May 2025 05:32:43 -0700 (PDT) DKIM-Signature: v=1; a=rsa-sha256; c=relaxed/relaxed; d=iol.unh.edu; s=unh-iol; t=1747917163; x=1748521963; darn=dpdk.org; h=cc:to:from:subject:message-id:date:from:to:cc:subject:date :message-id:reply-to; bh=8ruqXrzsBPdZnoBHu11DfXne1aQ/FPCKtPnWb8i08E4=; b=AqZumRQ3xTVzw6Q3OsJkPXhDeJ5gg+VDS1185aKKRbSFmqLxCkeFVSHZeOz1KGLsxv nkqMMhGjFVJfhZTprTmijRmHNOJQa/wEXegRd9p7qEXe8uWgmWlJU6x01dUjN3oHiFYw 419jkyP+n1dYzn9NP3A1vGpPTv0qy9pQ5CASk= X-Google-DKIM-Signature: v=1; a=rsa-sha256; c=relaxed/relaxed; d=1e100.net; s=20230601; t=1747917163; x=1748521963; h=cc:to:from:subject:message-id:date:x-gm-message-state:from:to:cc :subject:date:message-id:reply-to; bh=8ruqXrzsBPdZnoBHu11DfXne1aQ/FPCKtPnWb8i08E4=; b=WvvuEajzV5vlQ2iqFL/XN3NVsBSmzdxo7Q9R0xg73wu+MPmbqkHh3GJiL1aoTUQGIm nny0uRmJb5Ux/GVbL2xWYH+Sndj1WFPyMVupJBJcjSp7R7JKVqhMxc3tNclu/WOq5A/Z IwFFRynNhAjZ+2LK0Bs6+GvQfqdZ6Tx7dt+xnj982V/92SNAlVgOX+uFcSRkyqkn2RCX c6dAJoqD8su1IaDPGnAoq3zyvDUxTSoeyBkrisiA309T2VF6p17K5/w5MOVDrD8U63lK kUTizPl4SAX1ip95uJj6ikXuDDAZa0DQ8cS6ZthA6a3aYVooaaHaNUO0tOAyTuGpPkGT uPFA== X-Gm-Message-State: AOJu0YwznbNasr4PjG4ZyfP0NJuF/5ZyoZARkuor1WKUT+Mn0+allD/x 32keV2ZH+Uex/awCFLR5zVxY+3M52C6F6lFQRId1hjEU4/+QmaRAOQE+87tpNCDA0bF9H8jn7RN LpfNOyW4zAvEVAktB9JYHk8q2lkWWt0IsfvZ5gU3BeSXDT7+FtIIU X-Gm-Gg: ASbGncspBanrXW1tbCWtxl1RQ9fUOPNeJS1deG6We+sgCugwudlNznsBNNkiJKM6gvd oPawBs263eOeZTgspFeV3imK2vNqAYbapHcAKt8ONBxDk0fqggI+sVvU9kbvD/9LB26z+RgOhoz eB3PZIaxc8JdrRtZox2fI87U897JERKZZI2UdRuh/Ai5ukwnWHTE2hSpl9aLlEti+SV725QZBP/ +gUxnsH2ir/n1FXArU4NIO6QpWMLa2ncy8u8YrW+6RRR32X7ieS5obCDLm0WgWl5uRz32mGuvcI jT5ashByQ86NmCb0XIF1Iu+qrmzF0rAeppD3 X-Google-Smtp-Source: AGHT+IEKjDgp+Ce0coLoKmA2gp7o/79LoYz0gNpr6OdSdm/0cZM0mKNuIC5bosfSYTLQ8bn61vzgUy1/MxSP X-Received: by 2002:a05:6e02:3c02:b0:3d8:2085:a188 with SMTP id e9e14a558f8ab-3db842976abmr270860615ab.1.1747917162764; Thu, 22 May 2025 05:32:42 -0700 (PDT) Received: from postal.iol.unh.edu (postal.iol.unh.edu. [2606:4100:3880:1234::84]) by smtp-relay.gmail.com with ESMTPS id e9e14a558f8ab-3dc7ff00dd0sm2526115ab.29.2025.05.22.05.32.42 (version=TLS1_2 cipher=ECDHE-ECDSA-AES128-GCM-SHA256 bits=128/128); Thu, 22 May 2025 05:32:42 -0700 (PDT) X-Relaying-Domain: iol.unh.edu Date: Thu, 22 May 2025 05:32:42 -0700 (PDT) Message-ID: <682f196a.050a0220.2d9ec4.d630SMTPIN_ADDED_MISSING@mx.google.com> Received: from [172.17.0.5] (unknown [172.18.0.74]) by postal.iol.unh.edu (Postfix) with ESMTP id 367FF6052471; Thu, 22 May 2025 08:32:42 -0400 (EDT) Subject: |FAILURE| [GIT MASTER] 4401486b5e30d43a134f80f9802f60b5f43e74a8 From: dpdklab@iol.unh.edu To: Test Report Cc: dpdk-test-reports@iol.unh.edu, Xueming Li , Christian Ehrhardt , Kevin Traynor , Luca Boccassi Content-Type: text/plain X-BeenThere: test-report@dpdk.org X-Mailman-Version: 2.1.29 Precedence: list List-Id: automatic DPDK test reports List-Unsubscribe: , List-Archive: List-Post: List-Help: List-Subscribe: , Errors-To: test-report-bounces@dpdk.org _Testing issues_ Branch: tags/v22.11 4401486b5e30d43a134f80f9802f60b5f43e74a8 --> testing issues Upstream job id: Generic-Unit-Test-DPDK#339941 Test environment and result as below: +---------------------+----------------+ | Environment | dpdk_unit_test | +=====================+================+ | CentOS Stream 10 | FAIL | +---------------------+----------------+ | Fedora 40 | FAIL | +---------------------+----------------+ | Fedora 41 | FAIL | +---------------------+----------------+ | Debian 12 | FAIL | +---------------------+----------------+ | CentOS Stream 9 | FAIL | +---------------------+----------------+ | Fedora 40 (Clang) | FAIL | +---------------------+----------------+ | RHEL9 | FAIL | +---------------------+----------------+ | RHEL8 | FAIL | +---------------------+----------------+ | Ubuntu 22.04 | FAIL | +---------------------+----------------+ | Ubuntu 20.04 | PASS | +---------------------+----------------+ | Ubuntu 24.04 | FAIL | +---------------------+----------------+ | Fedora 41 (Clang) | FAIL | +---------------------+----------------+ | Windows Server 2022 | FAIL | +---------------------+----------------+ ==== Unit test summary for Windows Server 2022 (dpdk_unit_test): ==== Failed to get the unit test results. Displaying the unit test results is not supported for some environments, such as our aarch32 testing, where meson is not used to run the tests. Download the logs available on our CI site. ==== End log output ==== CentOS Stream 10 Kernel: Depends on container host Compiler: gcc 14.2.1 20241104 (Red Hat 14.2.1-6) Fedora 40 Kernel: Depends on container host Compiler: gcc 14.2.1 20240912 (Red Hat 14.2.1-3) Fedora 41 Kernel: Depends on container host Compiler: gcc 14.2.1 20240912 (Red Hat 14.2.1-3) Debian 12 Kernel: Depends on container host Compiler: gcc (Debian 12.2.0-14) 12.2.0 CentOS Stream 9 Kernel: Depends on container host Compiler: gcc 11.5.0 20240719 (Red Hat 11.5.0-2) Fedora 40 (Clang) Kernel: Depends on container host Compiler: clang 18.1.8 (Fedora 18.1.8-1.fc40) RHEL9 Kernel: Depends on container host Compiler: gcc 11.5.0 20240719 (Red Hat 11.5.0-2) RHEL8 Kernel: Depends on container host Compiler: gcc 8.5.0 20210514 (Red Hat 8.5.0-22) Ubuntu 22.04 Kernel: Depends on container host Compiler: gcc (Ubuntu 11.4.0-1ubuntu1~22.04) 11.4.0 Ubuntu 20.04 Kernel: Depends on container host Compiler: gcc (Ubuntu 9.4.0-1ubuntu1~20.04.2) 9.4.0 Ubuntu 24.04 Kernel: Depends on container host Compiler: gcc (Ubuntu 13.3.0-6ubuntu2~24.04) 13.3.0 Fedora 41 (Clang) Kernel: Depends on container host Compiler: clang 19.1.5 (Fedora 19.1.5-1.fc41) Windows Server 2022 Kernel: 10.0.20348.2031 Compiler: clang 15.0.7, gcc 14.1.0 (MinGW), and MSVC VS 19.39.33521 To view detailed results, visit: https://lab.dpdk.org/results/dashboard/tarballs/33612/ UNH-IOL DPDK Community Lab To manage your email subscriptions, visit: https://lab.dpdk.org/results/dashboard/preferences/subscriptions/