From mboxrd@z Thu Jan 1 00:00:00 1970 Return-Path: Received: from mails.dpdk.org (mails.dpdk.org [217.70.189.124]) by inbox.dpdk.org (Postfix) with ESMTP id C5846467B8 for ; Thu, 22 May 2025 15:39:27 +0200 (CEST) Received: from mails.dpdk.org (localhost [127.0.0.1]) by mails.dpdk.org (Postfix) with ESMTP id 9B8584060F; Thu, 22 May 2025 15:39:27 +0200 (CEST) Received: from mail-yw1-f228.google.com (mail-yw1-f228.google.com [209.85.128.228]) by mails.dpdk.org (Postfix) with ESMTP id 343A9402E5 for ; Thu, 22 May 2025 15:39:26 +0200 (CEST) Received: by mail-yw1-f228.google.com with SMTP id 00721157ae682-70dec158cb7so27746777b3.2 for ; Thu, 22 May 2025 06:39:26 -0700 (PDT) DKIM-Signature: v=1; a=rsa-sha256; c=relaxed/relaxed; d=iol.unh.edu; s=unh-iol; t=1747921165; x=1748525965; darn=dpdk.org; h=cc:to:from:subject:message-id:date:from:to:cc:subject:date :message-id:reply-to; bh=XqTATA6d7OXAWE+w5jKAdWDATYZJbOq0rXvPkYyVTuI=; b=Yf9uGRS6wTJ3inSrUg2ZyP+34ie62o+ewJ2Obr7/aIXA4FiUSfi67v+Z7OJEMLWcjH WmAxjME1k2ZAbzxaS9sWMRdcSR2PRhQCDJy6+BILHMGA/XlQ9QRwpQL/cXQQMxNqHpif hFh2MtaCVJj92TYLN3vIzc51HuXSm2udJxpsw= X-Google-DKIM-Signature: v=1; a=rsa-sha256; c=relaxed/relaxed; d=1e100.net; s=20230601; t=1747921165; x=1748525965; h=cc:to:from:subject:message-id:date:x-gm-message-state:from:to:cc :subject:date:message-id:reply-to; bh=XqTATA6d7OXAWE+w5jKAdWDATYZJbOq0rXvPkYyVTuI=; b=JQRkoCjSj+XB2+xRlRUvcbeviv3ptqb1D2ziSeBJOLPOuiZAvYoAdicR6dahDV+hgP aNRivd1CtS8CaeqQuNA1GAeccliUvlB3JhDRHL0p4q3ysxk78WbRCGLWMktRS8rUMVTI IP5Ze966L/WeB1AA4cOQuBZ43KKx3HSreb8tIt6tj6XeB3/bHxh4bl2xpzOzVn/rWBQM XtZUbd/Retno3RhY1IkwKllfs5r4ImDO1pA9lD3TGAxxtoSvh1WjOzCDVOjtHfpsMFkp l4+zoQ6SOcS04CoEf1bnx7Dg87TGbNtRCmd6RThjJlWGZC2+i2HwHBtVW+f0Zlf7HaAj 756g== X-Gm-Message-State: AOJu0Yxq3YmJYUJrgYiqzIsPWG84x1rVIEwkDZzUSL8vzXVuS9N1FFnF 1+Jm64mfw4/B7aakRskhCIZNZiIej2lRk75XkSf+LJAPoo6aSprDMhNC8D/wpFTNBco/LsdrnzV 2BXJE6yFBsjAE0RPgi9QUHv6bKhagmManWE+SFaj8JhC1K2m31A3iZmiGadSs X-Gm-Gg: ASbGncs34acW7CX0pMUYo77N59hiRREy/9iGNm1ama2TDH7zzUK/jH92UuWWwPkIk6J ytDCnNYWKL4ZncZqhbGZd6E5fcjFaT8UAY5JyoVPfJ5O1EMb5vlVOPUkzKF1sK2CQYxXhmUwDaN Me1R7+Gu8HJhMP6Pf6Xg9JACBTmujKpOM8PncC3cpIFi2TXbb4kG8I5MmptW9eVSDXC5ioA4oHo fIuYYGUAyq4WjsE3ZAeqXLXVY6i+Hhz3ruWqx2zsAp19QRVB3IRdnKY4EyD98bV564Ciod6QIJT jymiqELYxqD4NyDYITfFdc55UG7byHXfmrPF X-Google-Smtp-Source: AGHT+IEDUdjnhNaKgzP6GV27d97d7RiQcPnotOkYUKsVULN1HXN8YkiwJd76iweCre1xdHaDmuYEMSkGAESI X-Received: by 2002:a05:690c:6c0c:b0:708:3532:ec94 with SMTP id 00721157ae682-70ca75dd471mr357010727b3.0.1747921165390; Thu, 22 May 2025 06:39:25 -0700 (PDT) Received: from postal.iol.unh.edu (postal.iol.unh.edu. [2606:4100:3880:1234::84]) by smtp-relay.gmail.com with ESMTPS id 00721157ae682-70ca84bee63sm2716387b3.54.2025.05.22.06.39.25 (version=TLS1_2 cipher=ECDHE-ECDSA-AES128-GCM-SHA256 bits=128/128); Thu, 22 May 2025 06:39:25 -0700 (PDT) X-Relaying-Domain: iol.unh.edu Date: Thu, 22 May 2025 06:39:25 -0700 (PDT) Message-ID: <682f290d.050a0220.3037ee.e93eSMTPIN_ADDED_MISSING@mx.google.com> Received: from [172.21.0.5] (unknown [172.18.0.240]) by postal.iol.unh.edu (Postfix) with ESMTP id 17EDB6052471; Thu, 22 May 2025 09:39:25 -0400 (EDT) Subject: |FAILURE| [GIT MASTER] a0ad790eb9fcef4b00366ae474132bee4bcdab75 From: dpdklab@iol.unh.edu To: Test Report Cc: dpdk-test-reports@iol.unh.edu, Stephen Hemminger Content-Type: text/plain X-BeenThere: test-report@dpdk.org X-Mailman-Version: 2.1.29 Precedence: list List-Id: automatic DPDK test reports List-Unsubscribe: , List-Archive: List-Post: List-Help: List-Subscribe: , Errors-To: test-report-bounces@dpdk.org _Testing issues_ Branch: dpdk-next-net a0ad790eb9fcef4b00366ae474132bee4bcdab75 --> testing issues Upstream job id: Generic-DPDK-Compile-Meson#390484 Test environment and result as below: +-----------------------------------+--------------------+-------------------+------------------+-------------------+----------------------+ | Environment | dpdk_meson_compile | dpdk_compile_spdk | dpdk_compile_ovs | dpdk_msvc_compile | dpdk_mingw64_compile | +===================================+====================+===================+==================+===================+======================+ | CentOS Stream 9 | PASS | PASS | SKIPPED | SKIPPED | SKIPPED | +-----------------------------------+--------------------+-------------------+------------------+-------------------+----------------------+ | CentOS Stream 10 | PASS | SKIPPED | SKIPPED | SKIPPED | SKIPPED | +-----------------------------------+--------------------+-------------------+------------------+-------------------+----------------------+ | Debian 12 | PASS | PASS | SKIPPED | SKIPPED | SKIPPED | +-----------------------------------+--------------------+-------------------+------------------+-------------------+----------------------+ | Fedora 40 (Clang) | PASS | WARN | SKIPPED | SKIPPED | SKIPPED | +-----------------------------------+--------------------+-------------------+------------------+-------------------+----------------------+ | Fedora 40 | PASS | PASS | SKIPPED | SKIPPED | SKIPPED | +-----------------------------------+--------------------+-------------------+------------------+-------------------+----------------------+ | Fedora 41 (Clang) | PASS | WARN | PASS | SKIPPED | SKIPPED | +-----------------------------------+--------------------+-------------------+------------------+-------------------+----------------------+ | openSUSE Leap 15 | PASS | SKIPPED | SKIPPED | SKIPPED | SKIPPED | +-----------------------------------+--------------------+-------------------+------------------+-------------------+----------------------+ | RHEL8 | PASS | SKIPPED | SKIPPED | SKIPPED | SKIPPED | +-----------------------------------+--------------------+-------------------+------------------+-------------------+----------------------+ | RHEL9 | PASS | SKIPPED | SKIPPED | SKIPPED | SKIPPED | +-----------------------------------+--------------------+-------------------+------------------+-------------------+----------------------+ | Ubuntu 20.04 | PASS | SKIPPED | SKIPPED | SKIPPED | SKIPPED | +-----------------------------------+--------------------+-------------------+------------------+-------------------+----------------------+ | Ubuntu 22.04 | PASS | PASS | SKIPPED | SKIPPED | SKIPPED | +-----------------------------------+--------------------+-------------------+------------------+-------------------+----------------------+ | Ubuntu 24.04 | PASS | PASS | PASS | SKIPPED | SKIPPED | +-----------------------------------+--------------------+-------------------+------------------+-------------------+----------------------+ | Alpine | PASS | SKIPPED | SKIPPED | SKIPPED | SKIPPED | +-----------------------------------+--------------------+-------------------+------------------+-------------------+----------------------+ | Ubuntu 24.04 32 Bit Cross Compile | FAIL | SKIPPED | SKIPPED | SKIPPED | SKIPPED | +-----------------------------------+--------------------+-------------------+------------------+-------------------+----------------------+ | FreeBSD 14.2 | PASS | SKIPPED | SKIPPED | SKIPPED | SKIPPED | +-----------------------------------+--------------------+-------------------+------------------+-------------------+----------------------+ | Windows Server 2022 | SKIPPED | SKIPPED | SKIPPED | PASS | PASS | +-----------------------------------+--------------------+-------------------+------------------+-------------------+----------------------+ ==== 20 line log output for Ubuntu 24.04 32 Bit Cross Compile (dpdk_meson_compile): ==== [1163/2674] Linking static target drivers/librte_net_dpaa2.a [1164/2674] Generating rte_net_dpaa2_map with a custom command [1165/2674] Generating rte_net_dpaa2.sym_chk with a custom command (wrapped by meson to capture output) [1166/2674] Compiling C object drivers/librte_net_dpaa2.so.25.2.p/meson-generated_.._rte_net_dpaa2.pmd.c.o [1167/2674] Linking target drivers/librte_net_dpaa2.so.25.2 [1168/2674] Generating symbol file drivers/librte_net_dpaa2.so.25.2.p/librte_net_dpaa2.so.25.2.symbols [1169/2674] Compiling C object drivers/libtmp_rte_net_ena.a.p/net_ena_ena_ethdev.c.o FAILED: drivers/libtmp_rte_net_ena.a.p/net_ena_ena_ethdev.c.o cc -Idrivers/libtmp_rte_net_ena.a.p -Idrivers -I../drivers -Idrivers/net/ena -I../drivers/net/ena -I../drivers/net/ena/base -I../drivers/net/ena/base/ena_defs -Ilib/ethdev -I../lib/ethdev -Ilib/eal/common -I../lib/eal/common -I. -I.. -Iconfig -I../config -Ilib/eal/include -I../lib/eal/include -Ilib/eal/linux/include -I../lib/eal/linux/include -Ilib/eal/x86/include -I../lib/eal/x86/include -I../kernel/linux -Ilib/eal -I../lib/eal -Ilib/kvargs -I../lib/kvargs -Ilib/log -I../lib/log -Ilib/metrics -I../lib/metrics -Ilib/telemetry -I../lib/telemetry -Ilib/net -I../lib/net -Ilib/mbuf -I../lib/mbuf -Ilib/mempool -I../lib/mempool -Ilib/ring -I../lib/ring -Ilib/meter -I../lib/meter -Idrivers/bus/pci -I../drivers/bus/pci -I../drivers/bus/pci/linux -Ilib/pci -I../lib/pci -Idrivers/bus/vdev -I../drivers/bus/vdev -Ilib/timer -I../lib/timer -fdiagnostics-color=always -pipe -D_FILE_OFFSET_BITS=64 -Wall -Winvalid-pch -Wextra -Werror -std=c11 -O3 -include rte_config.h -Wvla -Wcast-qual -Wdeprecated - Wformat -Wformat-nonliteral -Wformat-security -Wmissing-declarations -Wmissing-prototypes -Wnested-externs -Wold-style-definition -Wpointer-arith -Wsign-compare -Wstrict-prototypes -Wundef -Wwrite-strings -Wno-packed-not-aligned -Wno-missing-field-initializers -Wno-pointer-to-int-cast -D_GNU_SOURCE -m32 -fPIC -march=native -mrtm -DALLOW_EXPERIMENTAL_API -DALLOW_INTERNAL_API -Wno-format-truncation -Wno-address-of-packed-member -DRTE_LOG_DEFAULT_LOGTYPE=pmd.net.ena -MD -MQ drivers/libtmp_rte_net_ena.a.p/net_ena_ena_ethdev.c.o -MF drivers/libtmp_rte_net_ena.a.p/net_ena_ena_ethdev.c.o.d -o drivers/libtmp_rte_net_ena.a.p/net_ena_ena_ethdev.c.o -c ../drivers/net/ena/ena_ethdev.c In file included from ../lib/eal/include/rte_string_fns.h:18, from ../drivers/net/ena/ena_ethdev.c:7: ../drivers/net/ena/ena_ethdev.c: In function 'pci_bar_addr': ../lib/eal/include/rte_common.h:554:30: error: cast to pointer from integer of different size [-Werror=int-to-pointer-cast] 554 | #define RTE_PTR_ADD(ptr, x) ((void*)((uintptr_t)(ptr) + (x))) | ^ ../drivers/net/ena/ena_ethdev.c:2295:16: note: in expansion of macro 'RTE_PTR_ADD' 2295 | return RTE_PTR_ADD(resource->addr, resource->phys_addr & PAGE_MASK); | ^~~~~~~~~~~ cc1: all warnings being treated as errors ninja: build stopped: subcommand failed. ==== End log output ==== CentOS Stream 9 Kernel: Depends on container host Compiler: gcc 11.5.0 20240719 (Red Hat 11.5.0-2) CentOS Stream 10 Kernel: Depends on container host Compiler: gcc 14.2.1 20241104 (Red Hat 14.2.1-6) Debian 12 Kernel: Depends on container host Compiler: gcc (Debian 12.2.0-14) 12.2.0 Fedora 40 (Clang) Kernel: Depends on container host Compiler: clang 18.1.8 (Fedora 18.1.8-1.fc40) Fedora 40 Kernel: Depends on container host Compiler: gcc 14.2.1 20240912 (Red Hat 14.2.1-3) Fedora 41 (Clang) Kernel: Depends on container host Compiler: clang 19.1.5 (Fedora 19.1.5-1.fc41) openSUSE Leap 15 Kernel: Depends on container host Compiler: gcc (SUSE Linux) 7.5.0 RHEL8 Kernel: Depends on container host Compiler: gcc 8.5.0 20210514 (Red Hat 8.5.0-22) RHEL9 Kernel: Depends on container host Compiler: gcc 11.5.0 20240719 (Red Hat 11.5.0-2) Ubuntu 20.04 Kernel: Depends on container host Compiler: gcc (Ubuntu 9.4.0-1ubuntu1~20.04.2) 9.4.0 Ubuntu 22.04 Kernel: Depends on container host Compiler: gcc (Ubuntu 11.4.0-1ubuntu1~22.04) 11.4.0 Ubuntu 24.04 Kernel: Depends on container host Compiler: gcc (Ubuntu 13.3.0-6ubuntu2~24.04) 13.3.0 Alpine Kernel: Depends on container host Compiler: gcc (Alpine 14.2.0) 14.2.0 Ubuntu 24.04 32 Bit Cross Compile Kernel: Depends on container host Compiler: gcc (Ubuntu 13.3.0-6ubuntu2~24.04) 13.3.0 FreeBSD 14.2 Kernel: 14.2-RELEASE Compiler: clang 18.1.6 Windows Server 2022 Kernel: 10.0.20348.2031 Compiler: clang 15.0.7, gcc 14.1.0 (MinGW), and MSVC VS 19.39.33521 To view detailed results, visit: https://lab.dpdk.org/results/dashboard/tarballs/33614/ UNH-IOL DPDK Community Lab To manage your email subscriptions, visit: https://lab.dpdk.org/results/dashboard/preferences/subscriptions/